000
CXUS51 KGYX 020416
CF6CON
PRELIMINARY LOCAL CLIMATOLOGICAL DATA (WS FORM: F-6)

                                          STATION:   CONCORD NH
                                          MONTH:     APRIL
                                          YEAR:      2016
                                          LATITUDE:   43 12 N
                                          LONGITUDE:  71 30 W

  TEMPERATURE IN F:       :PCPN:    SNOW:  WIND      :SUNSHINE: SKY     :PK WND
================================================================================
1   2   3   4   5  6A  6B    7    8   9   10  11  12  13   14  15   16   17  18
                                     12Z  AVG MX 2MIN
DY MAX MIN AVG DEP HDD CDD  WTR  SNW DPTH SPD SPD DIR MIN PSBL S-S WX    SPD DR
================================================================================

 1  77  51  64  25   1   0 0.15  0.0    0 11.6 25 190   M    M   7 3      35 300
 2  52  33  43   3  22   0 0.05  0.0    0  4.9 18 300   M    M   9 12     24 310
 3  37  22  30 -10  35   0 0.01    T    0 15.5 30 310   M    M   6 128    46 310
 4  26  15  21 -19  44   0 0.25  2.7    0  4.4 10  30   M    M   8 8      14  40
 5  37   4  21 -20  44   0 0.00  0.0    2  6.9 21 320   M    M   0 18     29 320
 6  43  11  27 -14  38   0 0.00  0.0    M  5.9 18 170   M    M   4        25 190
 7  55  38  47   5  18   0 0.51  0.0    0  9.7 24 150   M    M  10 1      37 150
 8  50  33  42   0  23   0 0.00  0.0    0  9.5 20 260   M    M   7 1      29 260
 9  48  25  37  -5  28   0 0.00  0.0    0  9.6 23 340   M    M   0        30 340
10  47  27  37  -6  28   0 0.00  0.0    0  9.8 22 320   M    M   1        30 330
11  53  34  44   1  21   0 0.10  0.0    0  4.5 14 190   M    M  10 1      20 200
12  56  29  43  -1  22   0 0.20  0.0    0  6.7 20 330   M    M   7 1      28 320
13  55  25  40  -4  25   0 0.00  0.0    0  5.3 18 310   M    M   0        24 310
14  59  26  43  -1  22   0 0.00  0.0    0  3.9 15  10   M    M   0        25 360
15  63  24  44  -1  21   0 0.00  0.0    0  4.2 16  40   M    M   0        20 350
16  65  25  45   0  20   0 0.00  0.0    0  5.4 18  30   M    M   0        25  10
17  74  28  51   5  14   0 0.00  0.0    0  1.9  9 130   M    M   0        13 110
18  76  34  55   9  10   0 0.00  0.0    0  3.8 16 170   M    M   6        20 140
19  62  43  53   7  12   0 0.03  0.0    0  9.4 25 360   M    M   6 8      32 320
20  63  33  48   1  17   0 0.00  0.0    0  7.2 18 290   M    M   0 8      27 290
21  80  28  54   7  11   0 0.00  0.0    0  4.1 16 270   M    M   0        30 250
22  79  49  64  16   1   0    T  0.0    0  3.2 18 200   M    M   7        24 200
23  64  42  53   5  12   0 0.00  0.0    0 11.7 23 330   M    M   5        29 330
24  58  31  45  -3  20   0 0.00  0.0    0  8.1 20 330   M    M   0        25 330
25  63  26  45  -4  20   0 0.00  0.0    0  5.7 16 300   M    M   3        21 300
26  50  31  41  -8  24   0 0.35    M    M  5.5 13  60   M    M   9 12     16  50
27  60  25  43  -7  22   0 0.00  0.0    0  6.3 18 300   M    M   1 12     23 300
28  61  26  44  -6  21   0 0.00  0.0    0  5.6 16 330   M    M   0        22 320
29  60  38  49  -1  16   0 0.00  0.0    0  5.6 13 140   M    M   4        18 110
30  69  32  51   0  14   0 0.00  0.0    0  3.6 16 160   M    M   1        22 160
================================================================================
SM 1742  888       626   0  1.65     2.7 199.5          M      111
================================================================================
AV 58.1 29.6                               6.7 FASTST   M    M   4    MAX(MPH)
                                 MISC ---->  # 30 310               # 46  310
================================================================================
NOTES:
# LAST OF SEVERAL OCCURRENCES

COLUMN 17 PEAK WIND IN M.P.H.

PRELIMINARY LOCAL CLIMATOLOGICAL DATA (WS FORM: F-6) , PAGE 2

                                          STATION:  CONCORD NH
                                          MONTH:    APRIL
                                          YEAR:     2016
                                          LATITUDE:   43 12 N
                                          LONGITUDE:  71 30 W

[TEMPERATURE DATA]      [PRECIPITATION DATA]       SYMBOLS USED IN COLUMN 16

AVERAGE MONTHLY: 43.8   TOTAL FOR MONTH:   1.65    1 = FOG OR MIST
DPTR FM NORMAL:  -1.3   DPTR FM NORMAL:   -1.76    2 = FOG REDUCING VISIBILITY
HIGHEST:    80 ON 21    GRTST 24HR  0.51 ON  7- 7      TO 1/4 MILE OR LESS
LOWEST:      4 ON  5                               3 = THUNDER
                        SNOW, ICE PELLETS, HAIL    4 = ICE PELLETS
                        TOTAL MONTH:   2.7 INCHES  5 = HAIL
                        GRTST 24HR   2.7 ON   M    6 = FREEZING RAIN OR DRIZZLE
                        GRTST DEPTH:   2 ON  5     7 = DUSTSTORM OR SANDSTORM:
                                                       VSBY 1/2 MILE OR LESS
                                                   8 = SMOKE OR HAZE
[NO. OF DAYS WITH]      [WEATHER - DAYS WITH]      9 = BLOWING SNOW
                                                   X = TORNADO
MAX 32 OR BELOW:   1    0.01 INCH OR MORE:   9
MAX 90 OR ABOVE:   0    0.10 INCH OR MORE:   6
MIN 32 OR BELOW:  19    0.50 INCH OR MORE:   1
MIN  0 OR BELOW:   0    1.00 INCH OR MORE:   0

[HDD (BASE 65) ]
TOTAL THIS MO.   626    CLEAR  (SCALE 0-3)  14
DPTR FM NORMAL    26    PTCLDY (SCALE 4-7)  12
TOTAL FM JUL 1  5757    CLOUDY (SCALE 8-10)  4
DPTR FM NORMAL -1090

[CDD (BASE 65) ]
TOTAL THIS MO.     0
DPTR FM NORMAL    -2    [PRESSURE DATA]
TOTAL FM JAN 1     0    HIGHEST SLP 30.54 ON 16
DPTR FM NORMAL    -2    LOWEST  SLP 29.25 ON  3

[REMARKS]
#FINAL-04-16#
