000
CXUS55 KRIW 240945
CF6CPR
PRELIMINARY LOCAL CLIMATOLOGICAL DATA (WS FORM: F-6)

                                          STATION:   CASPER WY
                                          MONTH:     FEBRUARY
                                          YEAR:      2018
                                          LATITUDE:   42 55 N
                                          LONGITUDE: 106 28 W

  TEMPERATURE IN F:       :PCPN:    SNOW:  WIND      :SUNSHINE: SKY     :PK WND
================================================================================
1   2   3   4   5  6A  6B    7    8   9   10  11  12  13   14  15   16   17  18
                                     12Z  AVG MX 2MIN
DY MAX MIN AVG DEP HDD CDD  WTR  SNW DPTH SPD SPD DIR MIN PSBL S-S WX    SPD DR
================================================================================

 1  36  17  27   2  38   0 0.03  0.3    T  7.8 18 240   M    M   4 1      22 240
 2  50  16  33   8  32   0 0.00  0.0    T 15.5 30 200   M    M   3        35 200
 3  51  10  31   6  34   0    T    T    0 15.1 29 300   M    M   5 1      36 290
 4  44   2  23  -2  42   0    T    T    T 13.5 38 200   M    M   5 18     47 210
 5  44  15  30   5  35   0 0.06  0.5    T 10.3 44 270   M    M   9 18     53 270
 6  43  14  29   4  36   0 0.00  0.0    T  7.7 26  30   M    M   8 1      29  30
 7  50  18  34   9  31   0 0.00  0.0    0 15.8 28 220   M    M   3        33 220
 8  49  15  32   7  33   0 0.00  0.0    0 20.9 38 210   M    M   3 18     47 210
 9  16   2   9 -16  56   0 0.06  1.1    T 10.4 23  10   M    M  10 18     27  10
10  24  -2  11 -15  54   0    T  0.2    1  6.5 20 260   M    M   5 18     36 260
11  34   7  21  -5  44   0    T    T    1 17.3 30 210   M    M   1 1      37 220
12  14   5  10 -16  55   0    T    T    T 11.2 23  60   M    M   7 18     26  70
13  46   8  27   1  38   0 0.00  0.0    T 17.8 30 230   M    M   0        36 220
14  47  27  37  11  28   0 0.00  0.0    0 24.9 49 230   M    M   2        62 240
15  32   4  18  -8  47   0 0.03  0.7    1 11.9 21 230   M    M   6 18     27 220
16  40   8  24  -3  41   0 0.00  0.0    1 21.6 40 240   M    M   3        50 240
17  47  15  31   4  34   0 0.00  0.0    0 22.7 41 230   M    M   1        52 230
18  43   0  22  -5  43   0 0.16  5.8    0 20.9 39 210   M    M   7 12     50 220
19   0 -21 -10 -37  75   0 0.22  8.9   11 14.0 24  40   M    M   9 18     27  40
20  12 -21  -4 -32  69   0 0.00  0.0    8 12.7 22 220   M    M   2        25 230
21  19  -8   6 -22  59   0 0.00  0.0    7 11.7 20 230   M    M   1        24 250
22  20  -8   6 -22  59   0 0.00  0.0    6  6.8 18 250   M    M   2        21 250
23  19 -16   2 -27  63   0 0.06  1.1    6  2.5 16 230   M    M   5 1      19 240
================================================================================
SM  780  107      1046   0  0.62    18.6 319.5          M      101
================================================================================
AV 33.9  4.7                              13.9 FASTST   M    M   4    MAX(MPH)
                                 MISC ---->  # 49 230               # 62  240
================================================================================
NOTES:
# LAST OF SEVERAL OCCURRENCES

COLUMN 17 PEAK WIND IN M.P.H.

PRELIMINARY LOCAL CLIMATOLOGICAL DATA (WS FORM: F-6) , PAGE 2

                                          STATION:  CASPER WY
                                          MONTH:    FEBRUARY
                                          YEAR:     2018
                                          LATITUDE:   42 55 N
                                          LONGITUDE: 106 28 W

[TEMPERATURE DATA]      [PRECIPITATION DATA]       SYMBOLS USED IN COLUMN 16

AVERAGE MONTHLY: 19.3   TOTAL FOR MONTH:   0.62    1 = FOG OR MIST
DPTR FM NORMAL:  -6.9   DPTR FM NORMAL:    0.16    2 = FOG REDUCING VISIBILITY
HIGHEST:    51 ON  3    GRTST 24HR  0.22 ON 19-19      TO 1/4 MILE OR LESS
LOWEST:    -21 ON 20,19                            3 = THUNDER
                        SNOW, ICE PELLETS, HAIL    4 = ICE PELLETS
                        TOTAL MONTH:  18.6 INCHES  5 = HAIL
                        GRTST 24HR   8.9 ON 19-19  6 = FREEZING RAIN OR DRIZZLE
                        GRTST DEPTH:  11 ON 19     7 = DUSTSTORM OR SANDSTORM:
                                                       VSBY 1/2 MILE OR LESS
                                                   8 = SMOKE OR HAZE
[NO. OF DAYS WITH]      [WEATHER - DAYS WITH]      9 = BLOWING SNOW
                                                   X = TORNADO
MAX 32 OR BELOW:   9    0.01 INCH OR MORE:   7
MAX 90 OR ABOVE:   0    0.10 INCH OR MORE:   2
MIN 32 OR BELOW:  23    0.50 INCH OR MORE:   0
MIN  0 OR BELOW:   7    1.00 INCH OR MORE:   0

[HDD (BASE 65) ]
TOTAL THIS MO.  1046    CLEAR  (SCALE 0-3)  10
DPTR FM NORMAL   153    PTCLDY (SCALE 4-7)  10
TOTAL FM JUL 1  5250    CLOUDY (SCALE 8-10)  3
DPTR FM NORMAL   -20

[CDD (BASE 65) ]
TOTAL THIS MO.     0
DPTR FM NORMAL     0    [PRESSURE DATA]
TOTAL FM JAN 1     0    HIGHEST SLP M ON M
DPTR FM NORMAL     0    LOWEST  SLP 29.39 ON 18

[REMARKS]
