000
CXUS54 KFWD 270730
CF6CPT
PRELIMINARY LOCAL CLIMATOLOGICAL DATA (WS FORM: F-6)

                                          STATION:   CLEBURNE
                                          MONTH:     MAY
                                          YEAR:      2017
                                          LATITUDE:   32 20 N
                                          LONGITUDE:  97 24 W

  TEMPERATURE IN F:       :PCPN:    SNOW:  WIND      :SUNSHINE: SKY     :PK WND
================================================================================
1   2   3   4   5  6A  6B    7    8   9   10  11  12  13   14  15   16   17  18
                                     12Z  AVG MX 2MIN
DY MAX MIN AVG DEP HDD CDD  WTR  SNW DPTH SPD SPD DIR MIN PSBL S-S WX    SPD DR
================================================================================

 1  81  39  60  -9   5   0 0.00  0.0    0  6.2 15  80   M    M   0        15  90
 2  86  57  72   3   0   7 0.00  0.0    0 12.0 16 160   M    M   0        23 170
 3  81  55  68  -1   0   3 0.00  0.0    0 16.6 31  10   M    M   4        40  10
 4  73  52  63  -7   2   0 0.00  0.0    0 14.1 22 360   M    M   0        32 360
 5  79  46  63  -7   2   0 0.00  0.0    0  8.3 16 350   M    M   0        23 360
 6  86  52  69  -1   0   4 0.00  0.0    0  4.1  9 140   M    M   0        14 220
 7  86  57  72   2   0   7 0.00  0.0    0  8.3 13 160   M    M   0        20 200
 8  82  59  71   0   0   6 0.00  0.0    0 11.1 16 180   M    M   4        21 170
 9  79  64  72   1   0   7 0.00  0.0    0 10.0 13 150   M    M   7        21 160
10  81  70  76   5   0  11 0.00  0.0    0 13.3 21 150   M    M   8        27 150
11  84  64  74   3   0   9 0.01  0.0    0  9.4 18 190   M    M   3        18 190
12  81  57  69  -3   0   4 0.00  0.0    0 13.1 21 360   M    M   2        24 340
13  82  54  68  -4   0   3 0.00  0.0    0  5.8 12 130   M    M   0        16  80
14  90  59  75   3   0  10 0.00  0.0    0  9.1 14 150   M    M   0        21 180
15  88  64  76   4   0  11 0.00  0.0    0 11.8 17 180   M    M   0        25 170
16  81  68  75   2   0  10 0.00  0.0    0 16.6 23 170   M    M   8        36 170
17  90  66  78   5   0  13 0.40  0.0    0 12.6 28 180   M    M   5 13     39 180
18  90  73  82   9   0  17 0.00  0.0    0 17.6 25 190   M    M   5 18     35 180
19  86  66  76   2   0  11 0.12  0.0    0 12.5 17 270   M    M   7 3      29 270
20  79  64  72  -2   0   7 0.07  0.0    0  7.7 17 350   M    M   6 3      17 300
21  75  59  67  -7   0   2 0.34  0.0    0  8.8 16  90   M    M   8 3      24 100
22  79  59  69  -5   0   4 0.12  0.0    0  8.2 13  90   M    M   6        15 120
23  73  54  64 -11   1   0 0.41  0.0    0 10.0 18 320   M    M   4 13     27 320
24  81  52  67  -8   0   2 0.00  0.0    0  8.8 14 310   M    M   0        22 310
25  91  59  75   0   0  10 0.00  0.0    0 14.9 23 190   M    M   0        35 190
26  91  73  82   7   0  17 0.00  0.0    0 14.5 20 210   M    M   1        29 210
================================================================================
SM 2155 1542        10 175  1.47     0.0 285.4          M       78
================================================================================
AV 82.9 59.3                              11.0 FASTST   M    M   3    MAX(MPH)
                                 MISC ---->  # 31  10               # 40   10
================================================================================
NOTES:
# LAST OF SEVERAL OCCURRENCES

COLUMN 17 PEAK WIND IN M.P.H.

PRELIMINARY LOCAL CLIMATOLOGICAL DATA (WS FORM: F-6) , PAGE 2

                                          STATION:  CLEBURNE
                                          MONTH:    MAY
                                          YEAR:     2017
                                          LATITUDE:   32 20 N
                                          LONGITUDE:  97 24 W

[TEMPERATURE DATA]      [PRECIPITATION DATA]       SYMBOLS USED IN COLUMN 16

AVERAGE MONTHLY: 71.1   TOTAL FOR MONTH:   1.47    1 = FOG OR MIST
DPTR FM NORMAL:  -1.0   DPTR FM NORMAL:   -2.52    2 = FOG REDUCING VISIBILITY
HIGHEST:    91 ON 26,25 GRTST 24HR  0.41 ON 23-23      TO 1/4 MILE OR LESS
LOWEST:     39 ON  1                               3 = THUNDER
                        SNOW, ICE PELLETS, HAIL    4 = ICE PELLETS
                        TOTAL MONTH:   0.0 INCH    5 = HAIL
                        GRTST 24HR     0.0         6 = FREEZING RAIN OR DRIZZLE
                        GRTST DEPTH:   0           7 = DUSTSTORM OR SANDSTORM:
                                                       VSBY 1/2 MILE OR LESS
                                                   8 = SMOKE OR HAZE
[NO. OF DAYS WITH]      [WEATHER - DAYS WITH]      9 = BLOWING SNOW
                                                   X = TORNADO
MAX 32 OR BELOW:   0    0.01 INCH OR MORE:   7
MAX 90 OR ABOVE:   5    0.10 INCH OR MORE:   5
MIN 32 OR BELOW:   0    0.50 INCH OR MORE:   0
MIN  0 OR BELOW:   0    1.00 INCH OR MORE:   0

[HDD (BASE 65) ]
TOTAL THIS MO.    10    CLEAR  (SCALE 0-3)  14
DPTR FM NORMAL     2    PTCLDY (SCALE 4-7)  12
TOTAL FM JUL 1  1459    CLOUDY (SCALE 8-10)  0
DPTR FM NORMAL  -988

[CDD (BASE 65) ]
TOTAL THIS MO.   175
DPTR FM NORMAL   -19    [PRESSURE DATA]
TOTAL FM JAN 1   405    HIGHEST SLP M ON M
DPTR FM NORMAL   100    LOWEST  SLP M ON M

[REMARKS]
