000
CXUS55 KLOX 271155
CF6CQT
PRELIMINARY LOCAL CLIMATOLOGICAL DATA (WS FORM: F-6)

                                          STATION:   DOWNTOWN LOS ANGELES (USC) CA
                                          MONTH:     MARCH
                                          YEAR:      2015
                                          LATITUDE:   34  1 N
                                          LONGITUDE: 118 17 W

  TEMPERATURE IN F:       :PCPN:    SNOW:  WIND      :SUNSHINE: SKY     :PK WND
================================================================================
1   2   3   4   5  6A  6B    7    8   9   10  11  12  13   14  15   16   17  18
                                     12Z  AVG MX 2MIN
DY MAX MIN AVG DEP HDD CDD  WTR  SNW DPTH SPD SPD DIR MIN PSBL S-S WX    SPD DR
================================================================================

 1  65  50  58  -2   7   0 0.66  0.0    0  3.2 12 100   M    M   9 1      17 100
 2  63  49  56  -4   9   0 0.21    M    0  2.0  9  70   M    M   5 1      14  80
 3  67  48  58  -2   7   0 0.00  0.0    0  1.8 10 280   M    M   1        17 270
 4  72  48  60   0   5   0 0.00  0.0    0  2.2  9 280   M    M   0        14 290
 5  77  51  64   4   1   0 0.00  0.0    0  1.5  9 280   M    M   0        14 280
 6  83  49  66   6   0   1 0.00  0.0    0  0.8  6 270   M    M   0        12 280
 7  86  54  70  10   0   5 0.00  0.0    0  1.4 12 280   M    M   0        17 280
 8  78  53  66   6   0   1 0.00  0.0    0  0.7 10 280   M    M   0 1      17 280
 9  73  57  65   5   0   0 0.00  0.0    0  0.5  8 280   M    M   3 18     12 280
10  80  55  68   8   0   3 0.00  0.0    0  1.7  8 280   M    M   3 18     12 290
11  73  60  67   7   0   2    T  0.0    0  0.8  6 280   M    M   2 18     12 360
12  86  56  71  11   0   6 0.00  0.0    0  0.8  7 270   M    M   0        11 280
13  90  61  76  16   0  11 0.00  0.0    0  1.3  8 270   M    M   0        15 270
14  93  62  78  18   0  13 0.00  0.0    0  1.2  9 280   M    M   0        17 290
15  92  66  79  19   0  14 0.00  0.0    0  1.4  9 280   M    M   0        15 280
16  90  66  78  17   0  13 0.00  0.0    0  1.2  8 280   M    M   0 8      13 270
17  82  63  73  12   0   8 0.00  0.0    0  1.3  9 280   M    M   0        14 280
18  75  62  69   8   0   4    T  0.0    0  3.2  9 100   M    M   3        12 140
19  76  60  68   7   0   3 0.00  0.0    0  1.7  9 280   M    M   5 18     18 280
20  78  59  69   8   0   4 0.00  0.0    0  2.1 10 280   M    M   4 18     15 280
21  75  62  69   8   0   4 0.00  0.0    0  2.1  9 280   M    M   6 18     14 280
22  72  59  66   5   0   1 0.00  0.0    0  1.2 10 270   M    M   5        15 270
23  73  57  65   4   0   0 0.00  0.0    0  1.6 12 280   M    M   2        19 280
24  75  58  67   6   0   2 0.00  0.0    0  3.4 14 340   M    M   0        29 340
25  84  60  72  11   0   7 0.00  0.0    0  1.4  9 270   M    M   0        14 280
26  92  61  77  16   0  12 0.00  0.0    0  1.3 10 280   M    M   0 8      17 280
================================================================================
SM 2050 1486        29 114  0.87     0.0  41.8          M       48
================================================================================
AV 78.8 57.2                               1.6 FASTST   M    M   2    MAX(MPH)
                                 MISC ---->  # 14 340               # 29  340
================================================================================
NOTES:
# LAST OF SEVERAL OCCURRENCES

COLUMN 17 PEAK WIND IN M.P.H.

PRELIMINARY LOCAL CLIMATOLOGICAL DATA (WS FORM: F-6) , PAGE 2

                                          STATION:  DOWNTOWN LOS ANGELES (USC) CA
                                          MONTH:    MARCH
                                          YEAR:     2015
                                          LATITUDE:   34  1 N
                                          LONGITUDE: 118 17 W

[TEMPERATURE DATA]      [PRECIPITATION DATA]       SYMBOLS USED IN COLUMN 16

AVERAGE MONTHLY: 68.0   TOTAL FOR MONTH:   0.87    1 = FOG OR MIST
DPTR FM NORMAL:   7.6   DPTR FM NORMAL:   -1.30    2 = FOG REDUCING VISIBILITY
HIGHEST:    93 ON 14    GRTST 24HR  0.66 ON  1- 1      TO 1/4 MILE OR LESS
LOWEST:     48 ON  4, 3                            3 = THUNDER
                        SNOW, ICE PELLETS, HAIL    4 = ICE PELLETS
                        TOTAL MONTH:   0.0 INCH    5 = HAIL
                        GRTST 24HR     0.0         6 = FREEZING RAIN OR DRIZZLE
                        GRTST DEPTH:   0           7 = DUSTSTORM OR SANDSTORM:
                                                       VSBY 1/2 MILE OR LESS
                                                   8 = SMOKE OR HAZE
[NO. OF DAYS WITH]      [WEATHER - DAYS WITH]      9 = BLOWING SNOW
                                                   X = TORNADO
MAX 32 OR BELOW:   0    0.01 INCH OR MORE:   2
MAX 90 OR ABOVE:   5    0.10 INCH OR MORE:   2
MIN 32 OR BELOW:   0    0.50 INCH OR MORE:   1
MIN  0 OR BELOW:   0    1.00 INCH OR MORE:   0

[HDD (BASE 65) ]
TOTAL THIS MO.    29    CLEAR  (SCALE 0-3)  20
DPTR FM NORMAL  -105    PTCLDY (SCALE 4-7)   5
TOTAL FM JUL 1   392    CLOUDY (SCALE 8-10)  1
DPTR FM NORMAL  -517

[CDD (BASE 65) ]
TOTAL THIS MO.   114
DPTR FM NORMAL    91    [PRESSURE DATA]
TOTAL FM JAN 1   171    HIGHEST SLP M ON M
DPTR FM NORMAL   125    LOWEST  SLP 29.82 ON  9

[REMARKS]
