000
CXUS52 KILM 291000
CF6CRE
PRELIMINARY LOCAL CLIMATOLOGICAL DATA (WS FORM: F-6)

                                          STATION:   NORTH MYRTLE BEACH SC
                                          MONTH:     MAY
                                          YEAR:      2015
                                          LATITUDE:   33 49 N
                                          LONGITUDE:  78 43 W

  TEMPERATURE IN F:       :PCPN:    SNOW:  WIND      :SUNSHINE: SKY     :PK WND
================================================================================
1   2   3   4   5  6A  6B    7    8   9   10  11  12  13   14  15   16   17  18
                                     12Z  AVG MX 2MIN
DY MAX MIN AVG DEP HDD CDD  WTR  SNW DPTH SPD SPD DIR MIN PSBL S-S WX    SPD DR
================================================================================

 1  69  50  60  -6   5   0    T    M    M  7.2 21 340   M    M   5        31 340
 2  76  50  63  -3   2   0 0.00    M    M  6.5 14 220   M    M   3 1      16 330
 3  74  53  64  -2   1   0 0.00    M    M  5.7 15 160   M    M   2 12     18 160
 4  76  54  65  -2   0   0 0.00    M    M  5.1 13 170   M    M   0 1      17 160
 5  76  53  65  -2   0   0 0.00    M    M  5.7 13 100   M    M   0 1      18 110
 6  78  57  68   1   0   3 0.00    M    M  8.7 20 100   M    M   1 18     25  90
 7  74  63  69   2   0   4 0.11    M    M 12.5 25  40   M    M   7 1      34  40
 8  80  65  73   5   0   8 0.19    M    M 12.2 25  70   M    M   7 1      35  60
 9  81  67  74   6   0   9 0.74    M    M 18.0 38  30   M    M   9 1      50  30
10  73  69  71   3   0   6 5.14    M    M 17.3 35  50   M    M   9 1      45  60
11  78  70  74   6   0   9 0.09    M    M  9.6 20 200   M    M   5 138    26 200
12  80  72  76   7   0  11 0.00    M    M 12.3 23 220   M    M   3 1      30 210
13  85  65  75   6   0  10 0.00    M    M  6.3 15  40   M    M   0        20  40
14  74  63  69   0   0   4 0.00    M    M  9.3 17 110   M    M   2 1      22 100
15  74  60  67  -3   0   2 0.00    M    M  6.5 13  80   M    M   1        17 110
16  77  58  68  -2   0   3 0.00    M    M  5.2 13 170   M    M   1 1      17 160
17  80  61  71   1   0   6 0.00    M    M  6.7 15 190   M    M   0 1      20 190
18  82  68  75   5   0  10 0.00    M    M 10.1 20 210   M    M   0        24 210
19  85  68  77   7   0  12 0.00    M    M  8.1 23 220   M    M   2 13     28 220
20  86  72  79   8   0  14 0.53    M    M  4.6 21 200   M    M   3 13     25 190
21  88  68  78   7   0  13 0.00    M    M  7.5 24 210   M    M   4 12     30 220
22  74  59  67  -4   0   2 0.00    M    M  6.4 16  20   M    M   7 1      21  20
23  78  54  66  -6   0   1 0.00    M    M  7.1 16 100   M    M   0 1      20 110
24  80  62  71  -1   0   6 0.00    M    M  8.6 15 100   M    M   1        19 110
25  79  71  75   3   0  10 0.00    M    M  7.4 13 140   M    M   1        17 110
26  82  74  78   6   0  13 0.00    M    M  9.6 16 180   M    M   7        23 170
27  82  75  79   7   0  14 0.00    M    M  9.0 15 160   M    M   2        21 150
28  80  66  73   0   0   8 0.00    M    M  5.9 14 150   M    M   1        17 160
================================================================================
SM 2201 1767         8 178  6.80    M    239.1          M       83
================================================================================
AV 78.6 63.1                               8.5 FASTST   M    M   3    MAX(MPH)
                                 MISC ---->  # 38  30               # 50   30
================================================================================
NOTES:
# LAST OF SEVERAL OCCURRENCES

COLUMN 17 PEAK WIND IN M.P.H.

PRELIMINARY LOCAL CLIMATOLOGICAL DATA (WS FORM: F-6) , PAGE 2

                                          STATION:  NORTH MYRTLE BEACH SC
                                          MONTH:    MAY
                                          YEAR:     2015
                                          LATITUDE:   33 49 N
                                          LONGITUDE:  78 43 W

[TEMPERATURE DATA]      [PRECIPITATION DATA]       SYMBOLS USED IN COLUMN 16

AVERAGE MONTHLY: 70.9   TOTAL FOR MONTH:   6.80    1 = FOG OR MIST
DPTR FM NORMAL:   1.5   DPTR FM NORMAL:    3.83    2 = FOG REDUCING VISIBILITY
HIGHEST:    88 ON 21    GRTST 24HR  5.45 ON  9-10      TO 1/4 MILE OR LESS
LOWEST:     50 ON  2, 1                            3 = THUNDER
                        SNOW, ICE PELLETS, HAIL    4 = ICE PELLETS
                        TOTAL MONTH:    M          5 = HAIL
                        GRTST 24HR    M  ON   M    6 = FREEZING RAIN OR DRIZZLE
                        GRTST DEPTH:  M  ON   M    7 = DUSTSTORM OR SANDSTORM:
                                                       VSBY 1/2 MILE OR LESS
                                                   8 = SMOKE OR HAZE
[NO. OF DAYS WITH]      [WEATHER - DAYS WITH]      9 = BLOWING SNOW
                                                   X = TORNADO
MAX 32 OR BELOW:   0    0.01 INCH OR MORE:   6
MAX 90 OR ABOVE:   0    0.10 INCH OR MORE:   5
MIN 32 OR BELOW:   0    0.50 INCH OR MORE:   3
MIN  0 OR BELOW:   0    1.00 INCH OR MORE:   1

[HDD (BASE 65) ]
TOTAL THIS MO.     8    CLEAR  (SCALE 0-3)  17
DPTR FM NORMAL   -15    PTCLDY (SCALE 4-7)   9
TOTAL FM JUL 1  2418    CLOUDY (SCALE 8-10)  2
DPTR FM NORMAL   -28

[CDD (BASE 65) ]
TOTAL THIS MO.   178
DPTR FM NORMAL    33    [PRESSURE DATA]
TOTAL FM JAN 1   231    HIGHEST SLP M ON M
DPTR FM NORMAL    44    LOWEST  SLP 29.72 ON M

[REMARKS]
