000
CXUS54 KCRP 301300
CF6CRP
PRELIMINARY LOCAL CLIMATOLOGICAL DATA (WS FORM: F-6)

                                          STATION:   CORPUS CHRISTI
                                          MONTH:     MAY
                                          YEAR:      2015
                                          LATITUDE:   27 46 N
                                          LONGITUDE:  97 30 W

  TEMPERATURE IN F:       :PCPN:    SNOW:  WIND      :SUNSHINE: SKY     :PK WND
================================================================================
1   2   3   4   5  6A  6B    7    8   9   10  11  12  13   14  15   16   17  18
                                     12Z  AVG MX 2MIN
DY MAX MIN AVG DEP HDD CDD  WTR  SNW DPTH SPD SPD DIR MIN PSBL S-S WX    SPD DR
================================================================================

 1  81  58  70  -6   0   5 0.00  0.0    0  6.9 16 120   M    M   2        22 110
 2  81  59  70  -6   0   5 0.00  0.0    0  7.7 21 120   M    M   3 8      33 110
 3  82  65  74  -2   0   9 0.22  0.0    0 13.0 23 130   M    M   4        29 110
 4  83  72  78   2   0  13    T  0.0    0 17.0 24 110   M    M   7        32 140
 5  83  72  78   2   0  13    T  0.0    0 19.0 31 150   M    M   9        38 150
 6  85  75  80   4   0  15    T  0.0    0 17.3 25 150   M    M   8        31 150
 7  83  77  80   3   0  15 0.00  0.0    0 16.9 24 160   M    M  10        30 170
 8  87  78  83   6   0  18 0.00  0.0    0 18.1 26 130   M    M   9 18     34 150
 9  87  77  82   5   0  17    T  0.0    0 24.1 37 150   M    M   7 18     46 140
10  87  77  82   5   0  17    T  0.0    0 24.0 37 150   M    M   9        45 140
11  85  73  79   1   0  14 0.25  0.0    0 15.8 26  70   M    M  10 138    34  70
12  83  68  76  -2   0  11 4.56  0.0    0 14.9 45  20   M    M  10 138    59  10
13  82  71  77  -1   0  12 1.41  0.0    0 14.4 26 110   M    M  10 13     32 130
14  86  75  81   3   0  16 0.03  0.0    0 14.0 25 150   M    M   8 1      30 150
15  81  70  76  -2   0  11 1.65  0.0    0 13.0 29 290   M    M   8 13X    51 280
16  85  72  79   1   0  14 0.00  0.0    0 19.6 31 150   M    M   8 1      39 150
17  85  78  82   3   0  17 0.00  0.0    0 16.1 26 160   M    M   9        33 160
18  88  77  83   4   0  18 0.00  0.0    0 13.3 21 110   M    M   8 1      25 110
19  86  78  82   3   0  17 0.00  0.0    0 15.5 25 150   M    M   7        31 160
20  86  78  82   3   0  17 0.00  0.0    0 14.7 24 140   M    M   7 1      30 140
21  84  72  78  -1   0  13 4.56  0.0    0  8.1 25  70   M    M   9 13     45  50
22  87  74  81   2   0  16    T  0.0    0 10.4 22 140   M    M   8 3      27 140
23  86  78  82   2   0  17    T  0.0    0 16.7 30 140   M    M   9 13     37 140
24  85  70  78  -2   0  13 0.73  0.0    0 15.1 38 230   M    M   6 13     50 190
25  86  75  81   1   0  16    T  0.0    0 18.5 32 160   M    M   6 1      41 150
26  87  79  83   3   0  18 0.00  0.0    0 14.4 22 140   M    M   9        27 150
27  88  77  83   3   0  18 0.00  0.0    0 13.8 22 130   M    M   7        26 140
28  88  79  84   4   0  19 0.00  0.0    0 14.9 24 140   M    M   8        29 130
29  88  67  78  -2   0  13 0.76  0.0    0 12.2 41 360   M    M   7 13     51 360
================================================================================
SM 2465 2121         0 417 14.17     0.0 439.4          M      222
================================================================================
AV 85.0 73.1                              15.2 FASTST   M    M   8    MAX(MPH)
                                 MISC ---->  # 45  20               # 59   10
================================================================================
NOTES:
# LAST OF SEVERAL OCCURRENCES

COLUMN 17 PEAK WIND IN M.P.H.

PRELIMINARY LOCAL CLIMATOLOGICAL DATA (WS FORM: F-6) , PAGE 2

                                          STATION:  CORPUS CHRISTI
                                          MONTH:    MAY
                                          YEAR:     2015
                                          LATITUDE:   27 46 N
                                          LONGITUDE:  97 30 W

[TEMPERATURE DATA]      [PRECIPITATION DATA]       SYMBOLS USED IN COLUMN 16

AVERAGE MONTHLY: 79.1   TOTAL FOR MONTH:  14.17    1 = FOG OR MIST
DPTR FM NORMAL:   0.9   DPTR FM NORMAL:   11.32    2 = FOG REDUCING VISIBILITY
HIGHEST:    88 ON 29,28 GRTST 24HR  4.81 ON 11-12      TO 1/4 MILE OR LESS
LOWEST:     58 ON  1                               3 = THUNDER
                        SNOW, ICE PELLETS, HAIL    4 = ICE PELLETS
                        TOTAL MONTH:   0.0 INCH    5 = HAIL
                        GRTST 24HR     0.0         6 = FREEZING RAIN OR DRIZZLE
                        GRTST DEPTH:   0           7 = DUSTSTORM OR SANDSTORM:
                                                       VSBY 1/2 MILE OR LESS
                                                   8 = SMOKE OR HAZE
[NO. OF DAYS WITH]      [WEATHER - DAYS WITH]      9 = BLOWING SNOW
                                                   X = TORNADO
MAX 32 OR BELOW:   0    0.01 INCH OR MORE:   9
MAX 90 OR ABOVE:   0    0.10 INCH OR MORE:   8
MIN 32 OR BELOW:   0    0.50 INCH OR MORE:   6
MIN  0 OR BELOW:   0    1.00 INCH OR MORE:   4

[HDD (BASE 65) ]
TOTAL THIS MO.     0    CLEAR  (SCALE 0-3)   2
DPTR FM NORMAL     0    PTCLDY (SCALE 4-7)  14
TOTAL FM JUL 1  1053    CLOUDY (SCALE 8-10) 13
DPTR FM NORMAL   155

[CDD (BASE 65) ]
TOTAL THIS MO.   417
DPTR FM NORMAL    35    [PRESSURE DATA]
TOTAL FM JAN 1   801    HIGHEST SLP M ON M
DPTR FM NORMAL    -9    LOWEST  SLP 29.72 ON 10

[REMARKS]
