000
CXUS56 KSGX 211445
CF6CRQ
PRELIMINARY LOCAL CLIMATOLOGICAL DATA (WS FORM: F-6)

                                          STATION:   CARLSBAD PALOMAR AIRPORT CA
                                          MONTH:     MAY
                                          YEAR:      2015
                                          LATITUDE:   33  7 N
                                          LONGITUDE: 117 17 W

  TEMPERATURE IN F:       :PCPN:    SNOW:  WIND      :SUNSHINE: SKY     :PK WND
================================================================================
1   2   3   4   5  6A  6B    7    8   9   10  11  12  13   14  15   16   17  18
                                     12Z  AVG MX 2MIN
DY MAX MIN AVG DEP HDD CDD  WTR  SNW DPTH SPD SPD DIR MIN PSBL S-S WX    SPD DR
================================================================================

 1  75  59  67   6   0   2 0.00  0.0    0  4.1 12 270   M    M   0 18     16 270
 2  70  59  65   4   0   0 0.00  0.0    0  6.0 16 220   M    M   2        19 220
 3  66  60  63   2   2   0 0.00  0.0    0  6.0 14 260   M    M   8        19 260
 4  65  58  62   1   3   0    T  0.0    0  4.9 16 260   M    M  10 18     24 250
 5  65  59  62   1   3   0 0.00  0.0    0  5.8 15 250   M    M   7        21 250
 6  64  58  61   0   4   0    T  0.0    0  5.9 15 240   M    M  10        19 240
 7  62  57  60  -1   5   0 0.02    M    0  9.6 16 240   M    M  10        24 210
 8  62  51  57  -4   8   0 0.23  0.0    0  5.9 14 220   M    M   9 1      18 220
 9  65  54  60  -2   5   0 0.00  0.0    0  4.3 13 270   M    M   5        20 250
10  67  55  61  -1   4   0 0.00  0.0    0  3.6 13 250   M    M   2        18 240
11  68  58  63   1   2   0 0.00  0.0    0  3.9 13 240   M    M   5 18     18 270
12  66  56  61  -1   4   0 0.00  0.0    0  7.5 17 220   M    M   8        22 220
13  64  56  60  -2   5   0 0.00  0.0    0  7.1 15 250   M    M   6        18 230
14  65  56  61  -1   4   0 0.31  0.0    0  8.1 21 220   M    M   7 1      26 220
15  65  55  60  -2   5   0 0.43  0.0    0  4.5 14 290   M    M   6 1      21 290
16  65  56  61  -1   4   0 0.00  0.0    0  7.1 16 200   M    M   5 8      23 210
17  66  56  61  -1   4   0 0.00  0.0    0  6.5 15 240   M    M   5        21 230
18  66  59  63   1   2   0 0.00  0.0    0  7.0 16 240   M    M   7        21 250
19  66  56  61  -1   4   0 0.00  0.0    0  6.5 15 250   M    M   3        19 250
20  66  58  62   0   3   0 0.00  0.0    0  6.3 15 240   M    M   5        19 260
================================================================================
SM 1318 1136        71   2  0.99     0.0 120.6          M      120
================================================================================
AV 65.9 56.8                               6.0 FASTST   M    M   6    MAX(MPH)
                                 MISC ---->  # 21 220               # 26  220
================================================================================
NOTES:
# LAST OF SEVERAL OCCURRENCES

COLUMN 17 PEAK WIND IN M.P.H.

PRELIMINARY LOCAL CLIMATOLOGICAL DATA (WS FORM: F-6) , PAGE 2

                                          STATION:  CARLSBAD PALOMAR AIRPORT CA
                                          MONTH:    MAY
                                          YEAR:     2015
                                          LATITUDE:   33  7 N
                                          LONGITUDE: 117 17 W

[TEMPERATURE DATA]      [PRECIPITATION DATA]       SYMBOLS USED IN COLUMN 16

AVERAGE MONTHLY: 61.3   TOTAL FOR MONTH:   0.99    1 = FOG OR MIST
DPTR FM NORMAL:  -0.2   DPTR FM NORMAL:    0.85    2 = FOG REDUCING VISIBILITY
HIGHEST:    75 ON  1    GRTST 24HR  0.74 ON 14-15      TO 1/4 MILE OR LESS
LOWEST:     51 ON  8                               3 = THUNDER
                        SNOW, ICE PELLETS, HAIL    4 = ICE PELLETS
                        TOTAL MONTH:   0.0 INCH    5 = HAIL
                        GRTST 24HR     0.0         6 = FREEZING RAIN OR DRIZZLE
                        GRTST DEPTH:   0           7 = DUSTSTORM OR SANDSTORM:
                                                       VSBY 1/2 MILE OR LESS
                                                   8 = SMOKE OR HAZE
[NO. OF DAYS WITH]      [WEATHER - DAYS WITH]      9 = BLOWING SNOW
                                                   X = TORNADO
MAX 32 OR BELOW:   0    0.01 INCH OR MORE:   4
MAX 90 OR ABOVE:   0    0.10 INCH OR MORE:   3
MIN 32 OR BELOW:   0    0.50 INCH OR MORE:   0
MIN  0 OR BELOW:   0    1.00 INCH OR MORE:   0

[HDD (BASE 65) ]
TOTAL THIS MO.    71    CLEAR  (SCALE 0-3)   4
DPTR FM NORMAL    -2    PTCLDY (SCALE 4-7)  12
TOTAL FM JUL 1   801    CLOUDY (SCALE 8-10)  4
DPTR FM NORMAL  -801

[CDD (BASE 65) ]
TOTAL THIS MO.     2
DPTR FM NORMAL     2    [PRESSURE DATA]
TOTAL FM JAN 1   115    HIGHEST SLP M ON M
DPTR FM NORMAL   102    LOWEST  SLP 29.73 ON M

[REMARKS]
