000
CXUS56 KSGX 251804
CF6CRQ
PRELIMINARY LOCAL CLIMATOLOGICAL DATA (WS FORM: F-6)

                                          STATION:   CARLSBAD PALOMAR AIRPORT CA
                                          MONTH:     SEPTEMBER
                                          YEAR:      2016
                                          LATITUDE:   33  7 N
                                          LONGITUDE: 117 17 W

  TEMPERATURE IN F:       :PCPN:    SNOW:  WIND      :SUNSHINE: SKY     :PK WND
================================================================================
1   2   3   4   5  6A  6B    7    8   9   10  11  12  13   14  15   16   17  18
                                     12Z  AVG MX 2MIN
DY MAX MIN AVG DEP HDD CDD  WTR  SNW DPTH SPD SPD DIR MIN PSBL S-S WX    SPD DR
================================================================================

 1  73  66  70   0   0   5 0.00  0.0    0  4.4 12 240   M    M   8 18     17 260
 2  72  64  68  -2   0   3 0.00  0.0    0  4.8 13 260   M    M   7        17 250
 3  71  64  68  -2   0   3 0.00  0.0    0  6.5 15 240   M    M   6        20 240
 4  71  64  68  -2   0   3 0.00  0.0    0  5.8 15 250   M    M   7        20 220
 5  71  63  67  -3   0   2 0.00  0.0    0  3.7 14 240   M    M   4        18 230
 6  73  61  67  -3   0   2 0.00  0.0    0  4.4 13 250   M    M   4        19 250
 7  73  65  69  -1   0   4 0.00  0.0    0  4.5 13 220   M    M   9 18     18 250
 8  73  67  70   0   0   5 0.00  0.0    0  4.6 13 250   M    M   7        19 300
 9  73  65  69   0   0   4 0.00  0.0    0  4.2 13 260   M    M   M 1      17 260
10  73  64  69   0   0   4 0.00  0.0    0  4.0 12 260   M    M   5 18     15 270
11  72  64  68  -1   0   3 0.00  0.0    0  3.2 12 240   M    M   8 18     17 270
12  70  64  67  -2   0   2 0.00  0.0    0  6.9 15 240   M    M  10        19 230
13  70  61  66  -3   0   1 0.00  0.0    0  6.0 15 240   M    M   7        19 260
14  70  58  64  -5   1   0 0.00  0.0    0  4.3 14 260   M    M   1        19 250
15  72  57  65  -4   0   0 0.00  0.0    0  3.4 14 250   M    M   0 1      17 260
16  71  56  64  -5   1   0 0.00  0.0    0  2.8 10 240   M    M   1 1      19 260
17  73  58  66  -3   0   1 0.00  0.0    0  2.9 10 240   M    M   3        15 260
18  71  59  65  -3   0   0 0.00  0.0    0  2.5 10 240   M    M   3 128    15 260
19  80  61  71   3   0   6 0.00  0.0    0  4.3 16 260   M    M   4 128    19 200
20  82  69  76   8   0  11 0.25  0.0    0  2.6 13 110   M    M   6 1      18  80
21  77  67  72   4   0   7 0.08  0.0    0  4.0 10 270   M    M   8 18     16 290
22  73  62  68   0   0   3 0.00  0.0    0  7.5 16 250   M    M   8 1      21 210
23  72  58  65  -3   0   0 0.00  0.0    0  4.6 13 240   M    M   1        17 260
24  81  60  71   3   0   6 0.00  0.0    0  3.3 10 260   M    M   0        15 280
================================================================================
SM 1757 1497         2  75  0.33     0.0 105.2          M      117
================================================================================
AV 73.2 62.4                               4.4 FASTST   M    M   5    MAX(MPH)
                                 MISC ---->  # 16 260               # 21  210
================================================================================
NOTES:
# LAST OF SEVERAL OCCURRENCES

COLUMN 17 PEAK WIND IN M.P.H.

PRELIMINARY LOCAL CLIMATOLOGICAL DATA (WS FORM: F-6) , PAGE 2

                                          STATION:  CARLSBAD PALOMAR AIRPORT CA
                                          MONTH:    SEPTEMBER
                                          YEAR:     2016
                                          LATITUDE:   33  7 N
                                          LONGITUDE: 117 17 W

[TEMPERATURE DATA]      [PRECIPITATION DATA]       SYMBOLS USED IN COLUMN 16

AVERAGE MONTHLY: 67.8   TOTAL FOR MONTH:   0.33    1 = FOG OR MIST
DPTR FM NORMAL:  -1.2   DPTR FM NORMAL:    0.13    2 = FOG REDUCING VISIBILITY
HIGHEST:    82 ON 20    GRTST 24HR  0.33 ON 20-21      TO 1/4 MILE OR LESS
LOWEST:     56 ON 16                               3 = THUNDER
                        SNOW, ICE PELLETS, HAIL    4 = ICE PELLETS
                        TOTAL MONTH:   0.0 INCH    5 = HAIL
                        GRTST 24HR     0.0         6 = FREEZING RAIN OR DRIZZLE
                        GRTST DEPTH:   0           7 = DUSTSTORM OR SANDSTORM:
                                                       VSBY 1/2 MILE OR LESS
                                                   8 = SMOKE OR HAZE
[NO. OF DAYS WITH]      [WEATHER - DAYS WITH]      9 = BLOWING SNOW
                                                   X = TORNADO
MAX 32 OR BELOW:   0    0.01 INCH OR MORE:   2
MAX 90 OR ABOVE:   0    0.10 INCH OR MORE:   1
MIN 32 OR BELOW:   0    0.50 INCH OR MORE:   0
MIN  0 OR BELOW:   0    1.00 INCH OR MORE:   0

[HDD (BASE 65) ]
TOTAL THIS MO.     2    CLEAR  (SCALE 0-3)   6
DPTR FM NORMAL     2    PTCLDY (SCALE 4-7)  15
TOTAL FM JUL 1     2    CLOUDY (SCALE 8-10)  2
DPTR FM NORMAL    -1

[CDD (BASE 65) ]
TOTAL THIS MO.    75
DPTR FM NORMAL   -23    [PRESSURE DATA]
TOTAL FM JAN 1   588    HIGHEST SLP M ON M
DPTR FM NORMAL   184    LOWEST  SLP 29.70 ON  5

[REMARKS]
