000
CXUS55 KOHX 161010
CF6CSV
PRELIMINARY LOCAL CLIMATOLOGICAL DATA (WS FORM: F-6)

                                          STATION:   CROSSVILLE
                                          MONTH:     APRIL
                                          YEAR:      2014
                                          LATITUDE:   35 57 N
                                          LONGITUDE:  85  5 W

  TEMPERATURE IN F:       :PCPN:    SNOW:  WIND      :SUNSHINE: SKY     :PK WND
================================================================================
1   2   3   4   5  6A  6B    7    8   9   10  11  12  13   14  15   16   17  18
                                     12Z  AVG MX 2MIN
DY MAX MIN AVG DEP HDD CDD  WTR  SNW DPTH SPD SPD DIR MIN PSBL S-S WX    SPD DR
================================================================================

 1  77  54  66  14   0   1    T  0.0    0  5.8 16 280   M    M   2        25 250
 2  79  51  65  13   0   0 0.02    M    M  4.9 13 170   M    M   3 1      19 190
 3  76  58  67  15   0   2 1.11  0.0    0  8.2 17 180   M    M   4 13     29 190
 4  64  44  54   1  11   0 0.42    M    0  9.6 25 290   M    M   3 138    34 290
 5  55  40  48  -5  17   0 0.00  0.0    0  6.9 14 350   M    M   4        19 360
 6  61  38  50  -3  15   0 0.20    M    0  5.0 15 180   M    M   3 1      24 150
 7  60  46  53  -1  12   0 0.13    M    0 12.5 23 140   M    M   9 18     34 170
 8  57  45  51  -3  14   0 0.35    M    0  6.1 15 340   M    M   7 18     21 340
 9  60  41  51  -3  14   0 0.00  0.0    0  5.8 16 280   M    M   3 8      22 280
10  72  39  56   2   9   0 0.00  0.0    0  6.2 16 200   M    M   0        25 160
11  73  54  64   9   1   0 0.14  0.0    0  7.3 20 320   M    M   2 13     26 300
12  75  49  62   7   3   0 0.00  0.0    0  5.0 15 170   M    M   0 12     23 170
13  78  59  69  14   0   4 0.00  0.0    0 10.1 22 210   0    0   1        39 200
14  68  57  63   7   2   0 0.33    M    M  9.7 15 170   M    M   7 1      30 180
15  56  32  44 -12  21   0 0.08    M    M 10.0 21 340   M    M   7 18     29  10
================================================================================
SM 1011  707       119   7  2.78     0.0 113.1            0     55
================================================================================
AV 67.4 47.1                               7.5 FASTST    0   0   4    MAX(MPH)
                                 MISC ---->  # 25 290               # 39  200
================================================================================
NOTES:
# LAST OF SEVERAL OCCURRENCES

COLUMN 17 PEAK WIND IN M.P.H.

PRELIMINARY LOCAL CLIMATOLOGICAL DATA (WS FORM: F-6) , PAGE 2

                                          STATION:  CROSSVILLE
                                          MONTH:    APRIL
                                          YEAR:     2014
                                          LATITUDE:   35 57 N
                                          LONGITUDE:  85  5 W

[TEMPERATURE DATA]      [PRECIPITATION DATA]       SYMBOLS USED IN COLUMN 16

AVERAGE MONTHLY: 57.3   TOTAL FOR MONTH:   2.78    1 = FOG OR MIST
DPTR FM NORMAL:   3.4   DPTR FM NORMAL:    0.37    2 = FOG REDUCING VISIBILITY
HIGHEST:    79 ON  2    GRTST 24HR  1.13 ON  2- 3      TO 1/4 MILE OR LESS
LOWEST:     32 ON 15                               3 = THUNDER
                        SNOW, ICE PELLETS, HAIL    4 = ICE PELLETS
                        TOTAL MONTH:   0.0 INCH    5 = HAIL
                        GRTST 24HR     0.0         6 = FREEZING RAIN OR DRIZZLE
                        GRTST DEPTH:   0           7 = DUSTSTORM OR SANDSTORM:
                                                       VSBY 1/2 MILE OR LESS
                                                   8 = SMOKE OR HAZE
[NO. OF DAYS WITH]      [WEATHER - DAYS WITH]      9 = BLOWING SNOW
                                                   X = TORNADO
MAX 32 OR BELOW:   0    0.01 INCH OR MORE:   9
MAX 90 OR ABOVE:   0    0.10 INCH OR MORE:   7
MIN 32 OR BELOW:   1    0.50 INCH OR MORE:   1
MIN  0 OR BELOW:   0    1.00 INCH OR MORE:   1

[HDD (BASE 65) ]
TOTAL THIS MO.   119    CLEAR  (SCALE 0-3)   8
DPTR FM NORMAL   -55    PTCLDY (SCALE 4-7)   6
TOTAL FM JUL 1  4296    CLOUDY (SCALE 8-10)  1
DPTR FM NORMAL   270

[CDD (BASE 65) ]
TOTAL THIS MO.     7
DPTR FM NORMAL     7    [PRESSURE DATA]
TOTAL FM JAN 1     7    HIGHEST SLP  0.00 ON 13
DPTR FM NORMAL     5    LOWEST  SLP 29.53 ON  7

[REMARKS]
