000
CXUS55 KOHX 251010
CF6CSV
PRELIMINARY LOCAL CLIMATOLOGICAL DATA (WS FORM: F-6)

                                          STATION:   CROSSVILLE
                                          MONTH:     JUNE
                                          YEAR:      2017
                                          LATITUDE:   35 57 N
                                          LONGITUDE:  85  5 W

  TEMPERATURE IN F:       :PCPN:    SNOW:  WIND      :SUNSHINE: SKY     :PK WND
================================================================================
1   2   3   4   5  6A  6B    7    8   9   10  11  12  13   14  15   16   17  18
                                     12Z  AVG MX 2MIN
DY MAX MIN AVG DEP HDD CDD  WTR  SNW DPTH SPD SPD DIR MIN PSBL S-S WX    SPD DR
================================================================================

 1  78  54  66  -2   0   1 0.00    M    M  3.3 13 270   M    M   2 13     18 270
 2  81  56  69   1   0   4 0.00    M    M  2.3 10  20   M    M   1 1      14  50
 3  83  56  70   2   0   5 0.00    M    M  2.4  9  20   M    M   0        12  50
 4  75  60  68   0   0   3 0.11    M    M  2.9  9 170   M    M   5 13     13 160
 5  72  63  68  -1   0   3 1.54    M    M  3.9 17 290   M    M   8 123    23 290
 6  77  57  67  -2   0   2 0.00    M    M  6.2 15  30   M    M   5 12     20  30
 7  72  52  62  -7   3   0 0.00    M    M  8.5 17  40   M    M   1        25  30
 8  72  50  61  -8   4   0 0.00    M    M  4.8 15 280   M    M   3 1      21 290
 9  77  49  63  -7   2   0 0.00    M    M  2.1  9 280   M    M   2 1      14  60
10  80  54  67  -3   0   2 0.00    M    M  3.5 13 270   M    M   2 1      18 240
11  81  60  71   1   0   6 0.00    M    M  3.7 13 170   M    M   1        19 180
12  84  68  76   6   0  11 0.00    M    M  3.4 10 270   M    M   2        13 150
13  85  66  76   5   0  11    T    M    M  1.9 13  50   M    M   3 13     16  40
14  86  64  75   4   0  10 0.00    M    M  3.3 13 270   M    M   2 13     16 260
15  80  63  72   1   0   7 0.98    M    M  2.8 21 290   M    M   3 123    29 280
16  82  61  72   1   0   7 0.00    M    M  2.3  8  20   M    M   6 12     11  60
17  83  63  73   1   0   8 0.00    M    M  2.7  9 220   M    M   1 1      13 220
18  82  66  74   2   0   9    T    M    M  4.0 18 270   M    M   3 13     23 260
19  77  60  69  -3   0   4 0.01    M    M  4.2 13 290   M    M   6 1      19 300
20  82  57  70  -2   0   5 0.00    M    M  2.2 10  10   M    M   0 1      14 360
21  80  61  71  -1   0   6 0.00    M    M  2.4  9 160   M    M   1        13 160
22  72  67  70  -3   0   5 0.68    M    M  5.9 12 160   M    M   8 1      19 140
23  79  69  74   1   0   9 0.87    M    M  8.8 21 270   M    M   9 18     31 270
24  80  62  71  -2   0   6 0.20    M    M  6.1 14 330   M    M   4 1      20 350
================================================================================
SM 1900 1438         9 124  4.39    M     93.6          M       78
================================================================================
AV 79.2 59.9                               3.9 FASTST   M    M   3    MAX(MPH)
                                 MISC ---->  # 21 290               # 31  270
================================================================================
NOTES:
# LAST OF SEVERAL OCCURRENCES

COLUMN 17 PEAK WIND IN M.P.H.

PRELIMINARY LOCAL CLIMATOLOGICAL DATA (WS FORM: F-6) , PAGE 2

                                          STATION:  CROSSVILLE
                                          MONTH:    JUNE
                                          YEAR:     2017
                                          LATITUDE:   35 57 N
                                          LONGITUDE:  85  5 W

[TEMPERATURE DATA]      [PRECIPITATION DATA]       SYMBOLS USED IN COLUMN 16

AVERAGE MONTHLY: 69.5   TOTAL FOR MONTH:   4.39    1 = FOG OR MIST
DPTR FM NORMAL:  -0.9   DPTR FM NORMAL:    0.68    2 = FOG REDUCING VISIBILITY
HIGHEST:    86 ON 14    GRTST 24HR  1.54 ON  5- 5      TO 1/4 MILE OR LESS
LOWEST:     49 ON  9                               3 = THUNDER
                        SNOW, ICE PELLETS, HAIL    4 = ICE PELLETS
                        TOTAL MONTH:    M          5 = HAIL
                        GRTST 24HR    M  ON   M    6 = FREEZING RAIN OR DRIZZLE
                        GRTST DEPTH:  M  ON   M    7 = DUSTSTORM OR SANDSTORM:
                                                       VSBY 1/2 MILE OR LESS
                                                   8 = SMOKE OR HAZE
[NO. OF DAYS WITH]      [WEATHER - DAYS WITH]      9 = BLOWING SNOW
                                                   X = TORNADO
MAX 32 OR BELOW:   0    0.01 INCH OR MORE:   7
MAX 90 OR ABOVE:   0    0.10 INCH OR MORE:   6
MIN 32 OR BELOW:   0    0.50 INCH OR MORE:   4
MIN  0 OR BELOW:   0    1.00 INCH OR MORE:   1

[HDD (BASE 65) ]
TOTAL THIS MO.     9    CLEAR  (SCALE 0-3)  16
DPTR FM NORMAL    -2    PTCLDY (SCALE 4-7)   6
TOTAL FM JUL 1  3310    CLOUDY (SCALE 8-10)  2
DPTR FM NORMAL  -952

[CDD (BASE 65) ]
TOTAL THIS MO.   124
DPTR FM NORMAL   -19    [PRESSURE DATA]
TOTAL FM JAN 1   232    HIGHEST SLP  0.00 ON 11
DPTR FM NORMAL     6    LOWEST  SLP 29.73 ON 23

[REMARKS]
