000
CXUS55 KOHX 271010
CF6CSV
PRELIMINARY LOCAL CLIMATOLOGICAL DATA (WS FORM: F-6)

                                          STATION:   CROSSVILLE
                                          MONTH:     AUGUST
                                          YEAR:      2015
                                          LATITUDE:   35 57 N
                                          LONGITUDE:  85  5 W

  TEMPERATURE IN F:       :PCPN:    SNOW:  WIND      :SUNSHINE: SKY     :PK WND
================================================================================
1   2   3   4   5  6A  6B    7    8   9   10  11  12  13   14  15   16   17  18
                                     12Z  AVG MX 2MIN
DY MAX MIN AVG DEP HDD CDD  WTR  SNW DPTH SPD SPD DIR MIN PSBL S-S WX    SPD DR
================================================================================

 1  86  60  73  -2   0   8 0.00  0.0    0  3.7 15 350   M    M   0        19 350
 2  86  59  73  -2   0   8 0.00  0.0    0  2.0  9 320   M    M   0 1      11  70
 3  88  59  74  -1   0   9 0.00  0.0    0  2.0 10 330   M    M   1 1      14  10
 4  89  66  78   4   0  13 0.00  0.0    0  3.3 10 290   M    M   0 1      15 290
 5  87  68  78   4   0  13 0.87  0.0    0  2.4 23  20   M    M   2 138    31  40
 6  74  66  70  -4   0   5 0.65  0.0    0  3.8 13 290   M    M   8 138    23 210
 7  78  66  72  -2   0   7 0.12  0.0    0  4.9 13 290   M    M   6 12     18 290
 8  85  65  75   1   0  10 0.00  0.0    0  3.6  9  20   M    M   5 12     17  30
 9  86  65  76   2   0  11 0.00  0.0    0  1.2  7 270   M    M   1 18     10 190
10  83  69  76   2   0  11 0.15  0.0    0  2.2 14 260   M    M   3 138    18 260
11  85  68  77   3   0  12 0.06  0.0    0  6.0 15 320   M    M   4 18     22 360
12  82  62  72  -2   0   7 0.00  0.0    0  5.8 17 340   M    M   1        22 330
13  82  59  71  -3   0   6 0.00  0.0    0  4.4 12 350   M    M   1        16 340
14  80  60  70  -4   0   5 0.00  0.0    0  3.7 12 180   M    M   2        18 150
15  78  67  73  -1   0   8 0.00  0.0    0  1.6 12  20   M    M   4 13     14  20
16  81  68  75   1   0  10 0.04  0.0    0  2.1 10 270   0    0   3 138    14  60
17  76  70  73  -1   0   8 0.67    M    M  2.0 10 150   M    M   8 18     17 150
18  79  70  75   1   0  10 0.14    M    M  2.6 10 170   M    M   7 18     13 160
19  81  70  76   2   0  11 1.23    M    M  4.5 13 310   M    M   6 1238   20 180
20  74  62  68  -6   0   3 0.39    M    M  4.9 14 270   M    M   7 18     17 280
21  81  58  70  -4   0   5 0.00    M    M  2.2 12  60   M    M   0 1      15  80
22  82  62  72  -2   0   7 0.00    M    M  2.1  9 260   M    M   2 1      17 270
23  82  70  76   2   0  11 1.38    M    M  3.1 10 270   M    M   7 128    18 320
24  81  60  71  -2   0   6 0.00    M    M  5.7 12 290   M    M   3 18     18 250
25  76  53  65  -8   0   0 0.00    M    M  6.3 14 340   M    M   1        19 350
26  77  54  66  -7   0   1 0.00    M    M  5.8 14  20   M    M   1        20  40
================================================================================
SM 2119 1656         0 205  5.70     0.0  91.9            0     83
================================================================================
AV 81.5 63.7                               3.5 FASTST    0   0   3    MAX(MPH)
                                 MISC ---->  # 23  20               # 31   40
================================================================================
NOTES:
# LAST OF SEVERAL OCCURRENCES

COLUMN 17 PEAK WIND IN M.P.H.

PRELIMINARY LOCAL CLIMATOLOGICAL DATA (WS FORM: F-6) , PAGE 2

                                          STATION:  CROSSVILLE
                                          MONTH:    AUGUST
                                          YEAR:     2015
                                          LATITUDE:   35 57 N
                                          LONGITUDE:  85  5 W

[TEMPERATURE DATA]      [PRECIPITATION DATA]       SYMBOLS USED IN COLUMN 16

AVERAGE MONTHLY: 72.6   TOTAL FOR MONTH:   5.70    1 = FOG OR MIST
DPTR FM NORMAL:  -1.4   DPTR FM NORMAL:    2.27    2 = FOG REDUCING VISIBILITY
HIGHEST:    89 ON  4    GRTST 24HR  1.38 ON 23-23      TO 1/4 MILE OR LESS
LOWEST:     53 ON 25                               3 = THUNDER
                        SNOW, ICE PELLETS, HAIL    4 = ICE PELLETS
                        TOTAL MONTH:   0.0 INCH    5 = HAIL
                        GRTST 24HR     0.0         6 = FREEZING RAIN OR DRIZZLE
                        GRTST DEPTH:   0           7 = DUSTSTORM OR SANDSTORM:
                                                       VSBY 1/2 MILE OR LESS
                                                   8 = SMOKE OR HAZE
[NO. OF DAYS WITH]      [WEATHER - DAYS WITH]      9 = BLOWING SNOW
                                                   X = TORNADO
MAX 32 OR BELOW:   0    0.01 INCH OR MORE:  11
MAX 90 OR ABOVE:   0    0.10 INCH OR MORE:   9
MIN 32 OR BELOW:   0    0.50 INCH OR MORE:   5
MIN  0 OR BELOW:   0    1.00 INCH OR MORE:   2

[HDD (BASE 65) ]
TOTAL THIS MO.     0    CLEAR  (SCALE 0-3)  14
DPTR FM NORMAL     0    PTCLDY (SCALE 4-7)  11
TOTAL FM JUL 1     0    CLOUDY (SCALE 8-10)  1
DPTR FM NORMAL     0

[CDD (BASE 65) ]
TOTAL THIS MO.   205
DPTR FM NORMAL   -34    [PRESSURE DATA]
TOTAL FM JAN 1   965    HIGHEST SLP  0.00 ON 16
DPTR FM NORMAL   150    LOWEST  SLP 29.81 ON M

[REMARKS]
