000
CXUS56 KTFX 281205
CF6CTB
PRELIMINARY LOCAL CLIMATOLOGICAL DATA (WS FORM: F-6)

                                          STATION:   CUT BANK MT
                                          MONTH:     JULY
                                          YEAR:      2017
                                          LATITUDE:   48 37 N
                                          LONGITUDE: 112 23 W

  TEMPERATURE IN F:       :PCPN:    SNOW:  WIND      :SUNSHINE: SKY     :PK WND
================================================================================
1   2   3   4   5  6A  6B    7    8   9   10  11  12  13   14  15   16   17  18
                                     12Z  AVG MX 2MIN
DY MAX MIN AVG DEP HDD CDD  WTR  SNW DPTH SPD SPD DIR MIN PSBL S-S WX    SPD DR
================================================================================

 1  88  50  69   8   0   4 0.00    M    0  6.7 20 320   M    M   1        28 250
 2  88  50  69   7   0   4 0.00    M    0  7.6 24 330   M    M   0        28 340
 3  87  54  71   9   0   6 0.00    M    0 15.1 28 240   M    M   0        34 250
 4  88  53  71   9   0   6 0.00    M    0 10.4 20 260   M    M   0        29 160
 5  88  46  67   5   0   2 0.00    M    0  7.9 17  10   M    M   0        24 360
 6  94  49  72   9   0   7 0.00    M    0  7.0 20  30   M    M   0        26  60
 7  94  54  74  11   0   9 0.00    M    0  7.8 21 280   M    M   0        26 280
 8  97  59  78  15   0  13 0.00    M    0 10.9 28 270   M    M   0        33 260
 9  96  53  75  12   0  10 0.00    M    0 10.0 23 270   M    M   0        29 270
10  83  53  68   4   0   3    T    M    0 11.4 36 330   M    M   1        45 330
11  76  48  62  -2   3   0 0.01    M    0 11.1 28 350   M    M   2        32 350
12  82  45  64   0   1   0 0.00    M    0  8.1 20 140   M    M   1 12     27 120
13  97  50  74  10   0   9 0.00    M    0 11.5 31 250   M    M   0        39 250
14  88  53  71   7   0   6 0.00    M    0  9.5 21 340   M    M   0        25 340
15  92  55  74   9   0   9 0.00    M    0  9.3 29 270   M    M   1        34 260
16  84  45  65   0   0   0 0.00    M    0 21.4 38 250   M    M   0 18     47 250
17  79  40  60  -5   5   0 0.00    M    0  7.0 18 290   M    M   0 18     25 260
18  84  41  63  -2   2   0 0.00    M    0  6.5 22 260   M    M   0 8      28 270
19  87  48  68   3   0   3 0.00    M    0  9.8 20 260   M    M   0        24 280
20  92  50  71   5   0   6    T    M    0 12.2 37 270   M    M   0        50 270
21  82  50  66   0   0   1 0.00    M    0 14.3 26 250   M    M   0        31 250
22  87  47  67   1   0   2 0.00    M    0  6.7 18 300   M    M   0        23 300
23  94  54  74   8   0   9 0.00    M    0 11.1 29 260   M    M   0        35 260
24  81  46  64  -2   1   0 0.00    M    0 10.8 40 350   M    M   1        47 360
25  81  43  62  -4   3   0 0.00    M    0  6.9 16 140   M    M   0        20 130
26  89  46  68   2   0   3 0.00    M    0  7.2 21 150   M    M   0        25 140
27  91  55  73   7   0   8 0.00    M    0  9.3 20 260   M    M   0 8      29 230
================================================================================
SM 2369 1337        15 120  0.01    M    267.5          M        7
================================================================================
AV 87.7 49.5                               9.9 FASTST   M    M   0    MAX(MPH)
                                 MISC ---->  # 40 350               # 50  270
================================================================================
NOTES:
# LAST OF SEVERAL OCCURRENCES

COLUMN 17 PEAK WIND IN M.P.H.

PRELIMINARY LOCAL CLIMATOLOGICAL DATA (WS FORM: F-6) , PAGE 2

                                          STATION:  CUT BANK MT
                                          MONTH:    JULY
                                          YEAR:     2017
                                          LATITUDE:   48 37 N
                                          LONGITUDE: 112 23 W

[TEMPERATURE DATA]      [PRECIPITATION DATA]       SYMBOLS USED IN COLUMN 16

AVERAGE MONTHLY: 68.6   TOTAL FOR MONTH:   0.01    1 = FOG OR MIST
DPTR FM NORMAL:   4.4   DPTR FM NORMAL:   -1.13    2 = FOG REDUCING VISIBILITY
HIGHEST:    97 ON 13, 8 GRTST 24HR  0.01 ON 11-11      TO 1/4 MILE OR LESS
LOWEST:     40 ON 17                               3 = THUNDER
                        SNOW, ICE PELLETS, HAIL    4 = ICE PELLETS
                        TOTAL MONTH:    M          5 = HAIL
                        GRTST 24HR    M  ON   M    6 = FREEZING RAIN OR DRIZZLE
                        GRTST DEPTH:   0           7 = DUSTSTORM OR SANDSTORM:
                                                       VSBY 1/2 MILE OR LESS
                                                   8 = SMOKE OR HAZE
[NO. OF DAYS WITH]      [WEATHER - DAYS WITH]      9 = BLOWING SNOW
                                                   X = TORNADO
MAX 32 OR BELOW:   0    0.01 INCH OR MORE:   1
MAX 90 OR ABOVE:   9    0.10 INCH OR MORE:   0
MIN 32 OR BELOW:   0    0.50 INCH OR MORE:   0
MIN  0 OR BELOW:   0    1.00 INCH OR MORE:   0

[HDD (BASE 65) ]
TOTAL THIS MO.    15    CLEAR  (SCALE 0-3)  27
DPTR FM NORMAL   -65    PTCLDY (SCALE 4-7)   0
TOTAL FM JUL 1    15    CLOUDY (SCALE 8-10)  0
DPTR FM NORMAL   -65

[CDD (BASE 65) ]
TOTAL THIS MO.   120
DPTR FM NORMAL    60    [PRESSURE DATA]
TOTAL FM JAN 1   134    HIGHEST SLP M ON M
DPTR FM NORMAL    57    LOWEST  SLP 29.75 ON 23

[REMARKS]
