000
CXUS56 KTFX 261205
CF6CTB
PRELIMINARY LOCAL CLIMATOLOGICAL DATA (WS FORM: F-6)

                                          STATION:   CUT BANK MT
                                          MONTH:     MAY
                                          YEAR:      2017
                                          LATITUDE:   48 37 N
                                          LONGITUDE: 112 23 W

  TEMPERATURE IN F:       :PCPN:    SNOW:  WIND      :SUNSHINE: SKY     :PK WND
================================================================================
1   2   3   4   5  6A  6B    7    8   9   10  11  12  13   14  15   16   17  18
                                     12Z  AVG MX 2MIN
DY MAX MIN AVG DEP HDD CDD  WTR  SNW DPTH SPD SPD DIR MIN PSBL S-S WX    SPD DR
================================================================================

 1  54  35  45  -1  20   0 0.02    M    0  9.9 22 340   M    M   7        26 350
 2  56  34  45  -1  20   0    T    M    0 10.1 25 340   M    M   7        34 320
 3  67  32  50   4  15   0 0.00    M    0 16.8 36 250   M    M   0        43 250
 4  77  48  63  17   2   0 0.00    M    0 13.4 23 260   M    M   0        29 260
 5  82  39  61  14   4   0 0.01    M    0 10.3 36 200   M    M   1 3      45 200
 6  74  49  62  15   3   0 0.06    M    0  8.5 22 300   M    M   2 3      26 300
 7  52  33  43  -4  22   0 0.09    M    0 14.5 26 340   M    M   8 1      33 340
 8  63  31  47  -1  18   0 0.00    M    0 10.9 18 280   M    M   0        25 250
 9  65  34  50   2  15   0 0.00    M    0  7.1 17 340   M    M   5 8      22 330
10  72  34  53   5  12   0 0.00    M    0  5.2 15 170   M    M   0        20 130
11  81  38  60  12   5   0    T    M    0  8.7 35 170   M    M   1        54 160
12  73  42  58   9   7   0 0.09    M    0 10.6 35 280   M    M   4 13     42 270
13  55  34  45  -4  20   0 0.00    M    0 17.3 28 250   M    M   4        33 250
14  54  31  43  -6  22   0 0.00    M    0 20.5 36 250   M    M   2        42 250
15  59  30  45  -5  20   0 0.00    M    0 11.8 23 270   M    M   0        30 260
16  56  38  47  -3  18   0 0.09    M    0  9.6 23 130   M    M   7 1      29 140
17  46  40  43  -7  22   0 0.33    M    0 21.1 36  30   M    M  10 1      43  30
18  58  35  47  -4  18   0 0.00    M    0  8.1 18 140   M    M   4        23 190
19  65  34  50  -1  15   0    T    M    0  5.5 24 350   M    M   3 3      32 360
20  65  37  51   0  14   0 0.01    M    0  8.8 23 350   M    M   4        28 330
21  73  36  55   3  10   0 0.00    M    0  9.8 23 320   M    M   2        28 320
22  74  42  58   6   7   0 0.00    M    0  6.9 15 280   M    M   3        19  20
23  80  40  60   8   5   0 0.00    M    0 10.2 32 230   M    M   0        40 240
24  63  41  52   0  13   0 0.11    M    0 31.9 48 250   M    M   3 1      60 250
25  59  40  50  -3  15   0 0.15    M    0 23.3 43 330   M    M   6        52 330
================================================================================
SM 1623  927       342   0  0.96    M    310.8          M       83
================================================================================
AV 64.9 37.1                              12.4 FASTST   M    M   3    MAX(MPH)
                                 MISC ---->  # 48 250               # 60  250
================================================================================
NOTES:
# LAST OF SEVERAL OCCURRENCES

COLUMN 17 PEAK WIND IN M.P.H.

PRELIMINARY LOCAL CLIMATOLOGICAL DATA (WS FORM: F-6) , PAGE 2

                                          STATION:  CUT BANK MT
                                          MONTH:    MAY
                                          YEAR:     2017
                                          LATITUDE:   48 37 N
                                          LONGITUDE: 112 23 W

[TEMPERATURE DATA]      [PRECIPITATION DATA]       SYMBOLS USED IN COLUMN 16

AVERAGE MONTHLY: 51.0   TOTAL FOR MONTH:   0.96    1 = FOG OR MIST
DPTR FM NORMAL:   1.9   DPTR FM NORMAL:   -0.46    2 = FOG REDUCING VISIBILITY
HIGHEST:    82 ON  5    GRTST 24HR  0.33 ON 17-17      TO 1/4 MILE OR LESS
LOWEST:     30 ON 15                               3 = THUNDER
                        SNOW, ICE PELLETS, HAIL    4 = ICE PELLETS
                        TOTAL MONTH:    M          5 = HAIL
                        GRTST 24HR    M  ON   M    6 = FREEZING RAIN OR DRIZZLE
                        GRTST DEPTH:   0           7 = DUSTSTORM OR SANDSTORM:
                                                       VSBY 1/2 MILE OR LESS
                                                   8 = SMOKE OR HAZE
[NO. OF DAYS WITH]      [WEATHER - DAYS WITH]      9 = BLOWING SNOW
                                                   X = TORNADO
MAX 32 OR BELOW:   0    0.01 INCH OR MORE:  10
MAX 90 OR ABOVE:   0    0.10 INCH OR MORE:   3
MIN 32 OR BELOW:   4    0.50 INCH OR MORE:   0
MIN  0 OR BELOW:   0    1.00 INCH OR MORE:   0

[HDD (BASE 65) ]
TOTAL THIS MO.   342    CLEAR  (SCALE 0-3)  14
DPTR FM NORMAL   -58    PTCLDY (SCALE 4-7)   9
TOTAL FM JUL 1  8401    CLOUDY (SCALE 8-10)  2
DPTR FM NORMAL   181

[CDD (BASE 65) ]
TOTAL THIS MO.     0
DPTR FM NORMAL     0    [PRESSURE DATA]
TOTAL FM JAN 1     0    HIGHEST SLP M ON M
DPTR FM NORMAL     0    LOWEST  SLP 29.31 ON 24

[REMARKS]
