000
CXUS52 KTAE 290800
CF6CTY
PRELIMINARY LOCAL CLIMATOLOGICAL DATA (WS FORM: F-6)

                                          STATION:   CROSS CITY
                                          MONTH:     JUNE
                                          YEAR:      2017
                                          LATITUDE:   29 37 N
                                          LONGITUDE:  83  6 W

  TEMPERATURE IN F:       :PCPN:    SNOW:  WIND      :SUNSHINE: SKY     :PK WND
================================================================================
1   2   3   4   5  6A  6B    7    8   9   10  11  12  13   14  15   16   17  18
                                     12Z  AVG MX 2MIN
DY MAX MIN AVG DEP HDD CDD  WTR  SNW DPTH SPD SPD DIR MIN PSBL S-S WX    SPD DR
================================================================================

 1  93  68  81   3   0  16 0.03  0.0    0  3.8  9 290   M    M   1 1       M  M
 2  84  72  78  -1   0  13 0.05  0.0    0  2.7 12 340   M    M   5 8      16 340
 3  86  68  77  -2   0  12 0.68  0.0    0  3.0  8 280   M    M   5 1       M  M
 4  88  70  79   0   0  14 0.76  0.0    0  3.4 14 170   M    M   5 13      M  M
 5  84  73  79   0   0  14 0.02  0.0    0  5.7 15 210   M    M   5 1      16 210
 6  79  72  76  -3   0  11 4.38  0.0    0  4.6 10  20   M    M   8 13      M  M
 7  84  72  78  -1   0  13 1.22  0.0    0  5.8 13 190   M    M   6 13     22 190
 8  75  64  70  -9   0   5 0.01  0.0    0  6.9 14  10   M    M   9 1       M  M
 9  88  59  74  -6   0   9 0.00  0.0    0  3.4  8  80   M    M   5 1       M  M
10  91  68  80   0   0  15 0.00  0.0    0  5.1 13 250   M    M   5 3      20 110
11  90  72  81   1   0  16 3.69  0.0    0  4.1 16 310   M    M   5 13     22 310
12  82  72  77  -3   0  12 0.13  0.0    0  3.0  8  40   M    M   6 8       M  M
13  88  72  80   0   0  15 0.01  0.0    0  3.7 10 270   M    M   3 13      M  M
14  90  70  80   0   0  15 0.00  0.0    0  3.2  6  60   M    M   4 138     M  M
15  90  70  80   0   0  15 0.51  0.0    0  4.2 14 290   M    M   4 13      M  M
16  90  72  81   1   0  16 0.25  0.0    0  4.9 15 220   M    M   2 1      20 220
17  90  73  82   2   0  17 0.56  0.0    0  4.7 12 260   M    M   4 13      M  M
18  91  72  82   2   0  17 0.09  0.0    0  3.8  8 160   M    M   2 1       M  M
19  84  73  79  -1   0  14 0.37  0.0    0  3.8 10 120   M    M   5 1      20 120
20  84  73  79  -1   0  14 0.02  0.0    0  5.0  8  50   M    M   5         M  M
21  90  75  83   3   0  18 0.51  0.0    0  5.1 10 170   M    M   5 13      M  M
22  91  73  82   2   0  17 0.00  0.0    0  5.3 12 190   M    M   2         M  M
23  91  73  82   2   0  17 0.00  0.0    0  5.1 13 220   M    M   1 1      16 220
24  91  70  81   1   0  16 0.00  0.0    0  4.8 13 240   M    M   2 1      17 240
25  91  73  82   1   0  17 0.00  0.0    0  5.2 14 280   M    M   2        16 220
26  91  72  82   1   0  17 0.00  0.0    0  4.9 14 270   M    M   4 3      18 270
27  90  73  82   1   0  17 0.48  0.0    0  4.6 13 150   M    M   5 13     18 150
28  90  72  81   0   0  16 0.05  0.0    0  5.5 13 160   M    M   6 3       M  M
================================================================================
SM 2456 1986         0 408 13.82     0.0 125.3          M      121
================================================================================
AV 87.7 70.9                               4.5 FASTST   M    M   4    MAX(MPH)
                                 MISC ---->  # 16 310               # 22  190
================================================================================
NOTES:
# LAST OF SEVERAL OCCURRENCES

COLUMN 17 PEAK WIND IN M.P.H.

PRELIMINARY LOCAL CLIMATOLOGICAL DATA (WS FORM: F-6) , PAGE 2

                                          STATION:  CROSS CITY
                                          MONTH:    JUNE
                                          YEAR:     2017
                                          LATITUDE:   29 37 N
                                          LONGITUDE:  83  6 W

[TEMPERATURE DATA]      [PRECIPITATION DATA]       SYMBOLS USED IN COLUMN 16

AVERAGE MONTHLY: 79.3   TOTAL FOR MONTH:  13.82    1 = FOG OR MIST
DPTR FM NORMAL:  -0.5   DPTR FM NORMAL:    9.10    2 = FOG REDUCING VISIBILITY
HIGHEST:    93 ON  1    GRTST 24HR  4.38 ON  6- 6      TO 1/4 MILE OR LESS
LOWEST:     59 ON  9                               3 = THUNDER
                        SNOW, ICE PELLETS, HAIL    4 = ICE PELLETS
                        TOTAL MONTH:   0.0 INCH    5 = HAIL
                        GRTST 24HR     0.0         6 = FREEZING RAIN OR DRIZZLE
                        GRTST DEPTH:   0           7 = DUSTSTORM OR SANDSTORM:
                                                       VSBY 1/2 MILE OR LESS
                                                   8 = SMOKE OR HAZE
[NO. OF DAYS WITH]      [WEATHER - DAYS WITH]      9 = BLOWING SNOW
                                                   X = TORNADO
MAX 32 OR BELOW:   0    0.01 INCH OR MORE:  20
MAX 90 OR ABOVE:  16    0.10 INCH OR MORE:  12
MIN 32 OR BELOW:   0    0.50 INCH OR MORE:   8
MIN  0 OR BELOW:   0    1.00 INCH OR MORE:   3

[HDD (BASE 65) ]
TOTAL THIS MO.     0    CLEAR  (SCALE 0-3)   7
DPTR FM NORMAL     0    PTCLDY (SCALE 4-7)  20
TOTAL FM JUL 1   758    CLOUDY (SCALE 8-10)  1
DPTR FM NORMAL  -548

[CDD (BASE 65) ]
TOTAL THIS MO.   408
DPTR FM NORMAL    -8    [PRESSURE DATA]
TOTAL FM JAN 1  1009    HIGHEST SLP M ON M
DPTR FM NORMAL   114    LOWEST  SLP 29.69 ON  7

[REMARKS]
