000
CXUS55 KCAE 231400
CF6CUB
PRELIMINARY LOCAL CLIMATOLOGICAL DATA (WS FORM: F-6)

                                          STATION:   HAMILTON - OWENS AIRPORT SC
                                          MONTH:     MAY
                                          YEAR:      2016
                                          LATITUDE:   33 58 N
                                          LONGITUDE:  80 59 W

  TEMPERATURE IN F:       :PCPN:    SNOW:  WIND      :SUNSHINE: SKY     :PK WND
================================================================================
1   2   3   4   5  6A  6B    7    8   9   10  11  12  13   14  15   16   17  18
                                     12Z  AVG MX 2MIN
DY MAX MIN AVG DEP HDD CDD  WTR  SNW DPTH SPD SPD DIR MIN PSBL S-S WX    SPD DR
================================================================================

 1  84  68  76   8   0  11 1.53    M    M  3.9 15 180   M    M   6 13     23 140
 2  87  68  78  10   0  13 0.32    M    M  4.2 21 170   M    M   3 13     28 170
 3  86  67  77   8   0  12 0.64    M    M  5.5 15 280   M    M   5 13     22 280
 4  78  58  68  -1   0   3 0.00    M    M  5.7 16 270   M    M   3        22 270
 5  69  52  61  -8   4   0    T    M    M  8.1 22 290   M    M   4        33 300
 6  74  53  64  -5   1   0 0.00    M    M  5.2 20 290   M    M   6        28 290
 7  81  49  65  -5   0   0 0.00    M    M  6.2 18 270   M    M   0        24 280
 8  91  65  78   8   0  13 0.00    M    M  6.4 15 250   M    M   0        22 260
 9  91  62  77   7   0  12 0.00    M    M  3.1 15 200   M    M   1        21 280
10  80  67  74   4   0   9 0.00    M    M  4.6 12 200   M    M   0        15 190
11  90  65  78   7   0  13 0.00    M    M  3.4 13 250   M    M   3 1      15 250
12  90  69  80   9   0  15 0.06    M    M  3.3 16 180   M    M   3 38     25 190
13  87  66  77   6   0  12 0.03    M    M  2.5 13 310   M    M   2 1      19 290
14  88  61  75   3   0  10 0.00    M    M  7.3 20 280   M    M   0 8      29 270
15  76  56  66  -6   0   1 0.00    M    M  3.5 13 320   M    M   0        19 310
16  78  56  67  -5   0   2 0.00    M    M  5.2 12  70   M    M   5        17 100
17  77  64  71  -1   0   6 0.32    M    M  1.4  8 130   M    M   6 1      14 170
18  83  67  75   2   0  10 0.00    M    M  3.2  8 110   M    M   8        15  50
19  68  63  66  -7   0   1 0.54    M    M  4.4  8  70   M    M  10 18     14 150
20  66  61  64  -9   1   0 0.00    M    M  3.2  9  80   M    M   9 1      15  60
21  84  63  74   0   0   9 0.44    M    M  4.6 14 270   M    M   7 1      20 300
22  80  61  71  -3   0   6 0.00    M    M  4.1 12 320   M    M   4        22  30
================================================================================
SM 1788 1361         6 158  3.88    M     99.0          M       85
================================================================================
AV 81.3 61.9                               4.5 FASTST   M    M   4    MAX(MPH)
                                 MISC ---->  # 22 290                 33    M
================================================================================
NOTES:
# LAST OF SEVERAL OCCURRENCES

COLUMN 17 PEAK WIND IN M.P.H.

PRELIMINARY LOCAL CLIMATOLOGICAL DATA (WS FORM: F-6) , PAGE 2

                                          STATION:  HAMILTON - OWENS AIRPORT SC
                                          MONTH:    MAY
                                          YEAR:     2016
                                          LATITUDE:   33 58 N
                                          LONGITUDE:  80 59 W

[TEMPERATURE DATA]      [PRECIPITATION DATA]       SYMBOLS USED IN COLUMN 16

AVERAGE MONTHLY: 71.6   TOTAL FOR MONTH:   3.88    1 = FOG OR MIST
DPTR FM NORMAL:   0.7   DPTR FM NORMAL:    1.93    2 = FOG REDUCING VISIBILITY
HIGHEST:    91 ON  9, 8 GRTST 24HR  1.53 ON  1- 1      TO 1/4 MILE OR LESS
LOWEST:     49 ON  7                               3 = THUNDER
                        SNOW, ICE PELLETS, HAIL    4 = ICE PELLETS
                        TOTAL MONTH:    M          5 = HAIL
                        GRTST 24HR    M  ON   M    6 = FREEZING RAIN OR DRIZZLE
                        GRTST DEPTH:  M  ON   M    7 = DUSTSTORM OR SANDSTORM:
                                                       VSBY 1/2 MILE OR LESS
                                                   8 = SMOKE OR HAZE
[NO. OF DAYS WITH]      [WEATHER - DAYS WITH]      9 = BLOWING SNOW
                                                   X = TORNADO
MAX 32 OR BELOW:   0    0.01 INCH OR MORE:   8
MAX 90 OR ABOVE:   4    0.10 INCH OR MORE:   6
MIN 32 OR BELOW:   0    0.50 INCH OR MORE:   3
MIN  0 OR BELOW:   0    1.00 INCH OR MORE:   1

[HDD (BASE 65) ]
TOTAL THIS MO.     6    CLEAR  (SCALE 0-3)  11
DPTR FM NORMAL    -5    PTCLDY (SCALE 4-7)   9
TOTAL FM JUL 1  1717    CLOUDY (SCALE 8-10)  2
DPTR FM NORMAL  -595

[CDD (BASE 65) ]
TOTAL THIS MO.   158
DPTR FM NORMAL    12    [PRESSURE DATA]
TOTAL FM JAN 1   346    HIGHEST SLP M ON M
DPTR FM NORMAL   101    LOWEST  SLP 29.62 ON  4

[REMARKS]
