000
CXUS55 KCAE 211400
CF6CUB
PRELIMINARY LOCAL CLIMATOLOGICAL DATA (WS FORM: F-6)

                                          STATION:   HAMILTON - OWENS AIRPORT SC
                                          MONTH:     SEPTEMBER
                                          YEAR:      2017
                                          LATITUDE:   33 58 N
                                          LONGITUDE:  80 59 W

  TEMPERATURE IN F:       :PCPN:    SNOW:  WIND      :SUNSHINE: SKY     :PK WND
================================================================================
1   2   3   4   5  6A  6B    7    8   9   10  11  12  13   14  15   16   17  18
                                     12Z  AVG MX 2MIN
DY MAX MIN AVG DEP HDD CDD  WTR  SNW DPTH SPD SPD DIR MIN PSBL S-S WX    SPD DR
================================================================================

 1  92  72  82   3   0  17 0.07    M    M  5.3 22 190   M    M   3 3      31 210
 2  90  70  80   1   0  15 0.00    M    M  3.9 16 250   M    M   2        23 250
 3  92  62  77  -2   0  12 0.00    M    M  2.1 10 230   M    M   0        15 280
 4  93  61  77  -2   0  12 0.00    M    M  1.8 13 170   M    M   0        16 160
 5  95  73  84   5   0  19 0.05    M    M  4.8 15 190   M    M   4 38     22 200
 6  84  65  75  -3   0  10 0.14    M    M  2.1 15 280   M    M   4 1      21 290
 7  82  59  71  -7   0   6 0.00    M    M  1.9 10 310   M    M   1        15 320
 8  84  58  71  -7   0   6 0.00    M    M  2.6 10  30   M    M   0        15  60
 9  84  59  72  -6   0   7 0.00    M    M  5.5 14  70   M    M   0        24  60
10  73  61  67 -11   0   2 0.00    M    M  7.2 14  60   M    M   0        23  70
11  71  61  66 -11   0   1 3.10    M    M 11.2 24  70   M    M   9 1      45  80
12  78  63  71  -6   0   6 0.54    M    M  5.3 15 210   M    M   8 1      20 160
13  85  60  73  -4   0   8 0.00    M    M  4.1 15 190   M    M   4 1      20 210
14  87  69  78   1   0  13    T    M    M  3.0 13 260   M    M   7        17 290
15  90  66  78   2   0  13 0.00    M    M  1.7  9 260   M    M   0 18     12 280
16  91  66  79   3   0  14 0.00    M    M  1.4  9  10   M    M   0        14  10
17  90  66  78   2   0  13 0.00    M    M  1.9  9 340   M    M   1        17 300
18  89  67  78   3   0  13 0.00    M    M  1.5  8 320   M    M   2        14  50
19  89  68  79   4   0  14 0.00    M    M  1.0  9 280   M    M   2        13 320
20  93  69  81   6   0  16 0.00    M    M  1.3  9 340   M    M   1 1      13 310
================================================================================
SM 1732 1295         0 217  3.90    M     69.6          M       48
================================================================================
AV 86.6 64.8                               3.5 FASTST   M    M   2    MAX(MPH)
                                 MISC ---->  # 24  70               # 45   80
================================================================================
NOTES:
# LAST OF SEVERAL OCCURRENCES

COLUMN 17 PEAK WIND IN M.P.H.

PRELIMINARY LOCAL CLIMATOLOGICAL DATA (WS FORM: F-6) , PAGE 2

                                          STATION:  HAMILTON - OWENS AIRPORT SC
                                          MONTH:    SEPTEMBER
                                          YEAR:     2017
                                          LATITUDE:   33 58 N
                                          LONGITUDE:  80 59 W

[TEMPERATURE DATA]      [PRECIPITATION DATA]       SYMBOLS USED IN COLUMN 16

AVERAGE MONTHLY: 75.7   TOTAL FOR MONTH:   3.90    1 = FOG OR MIST
DPTR FM NORMAL:  -1.6   DPTR FM NORMAL:    1.07    2 = FOG REDUCING VISIBILITY
HIGHEST:    95 ON  5    GRTST 24HR  3.10 ON 11-11      TO 1/4 MILE OR LESS
LOWEST:     58 ON  8                               3 = THUNDER
                        SNOW, ICE PELLETS, HAIL    4 = ICE PELLETS
                        TOTAL MONTH:    M          5 = HAIL
                        GRTST 24HR    M  ON   M    6 = FREEZING RAIN OR DRIZZLE
                        GRTST DEPTH:  M  ON   M    7 = DUSTSTORM OR SANDSTORM:
                                                       VSBY 1/2 MILE OR LESS
                                                   8 = SMOKE OR HAZE
[NO. OF DAYS WITH]      [WEATHER - DAYS WITH]      9 = BLOWING SNOW
                                                   X = TORNADO
MAX 32 OR BELOW:   0    0.01 INCH OR MORE:   5
MAX 90 OR ABOVE:   9    0.10 INCH OR MORE:   3
MIN 32 OR BELOW:   0    0.50 INCH OR MORE:   2
MIN  0 OR BELOW:   0    1.00 INCH OR MORE:   1

[HDD (BASE 65) ]
TOTAL THIS MO.     0    CLEAR  (SCALE 0-3)  14
DPTR FM NORMAL     0    PTCLDY (SCALE 4-7)   4
TOTAL FM JUL 1     0    CLOUDY (SCALE 8-10)  2
DPTR FM NORMAL     0

[CDD (BASE 65) ]
TOTAL THIS MO.   217
DPTR FM NORMAL   -30    [PRESSURE DATA]
TOTAL FM JAN 1  2317    HIGHEST SLP M ON M
DPTR FM NORMAL   252    LOWEST  SLP 29.65 ON 11

[REMARKS]
