000
CXUS53 KUNR 260945
CF6CUT
PRELIMINARY LOCAL CLIMATOLOGICAL DATA (WS FORM: F-6)

                                          STATION:   CUSTER COUNTY AIRPORT SD
                                          MONTH:     AUGUST
                                          YEAR:      2016
                                          LATITUDE:   43 43 N
                                          LONGITUDE: 103 37 W

  TEMPERATURE IN F:       :PCPN:    SNOW:  WIND      :SUNSHINE: SKY     :PK WND
================================================================================
1   2   3   4   5  6A  6B    7    8   9   10  11  12  13   14  15   16   17  18
                                     12Z  AVG MX 2MIN
DY MAX MIN AVG DEP HDD CDD  WTR  SNW DPTH SPD SPD DIR MIN PSBL S-S WX    SPD DR
================================================================================

 1  82  56  69   3   0   4 0.13    M    M  7.2 21  80   M    M   2 13     28  90
 2  81  59  70   4   0   5    T    M    M  7.1 22 120   M    M   3 13     29 100
 3  90  56  73   7   0   8    T    M    M  5.9 21 300   M    M   0 3      33 300
 4  73  49  61  -5   4   0 0.00    M    M  6.7 17  90   M    M   0        28  80
 5  76  45  61  -5   4   0 0.00    M    M  5.3 14 170   M    M   0        21 200
 6  65  50  58  -7   7   0 0.00    M    M  5.3 14 120   M    M   7 18     22 140
 7  76  56  66   1   0   1 0.37    M    M  5.6 33 270   M    M   8 123    45 270
 8  83  58  71   6   0   6 0.01    M    M  8.0 22 280   M    M   3 13     29 290
 9  87  53  70   5   0   5 0.06    M    M  5.8 26 140   M    M   0 38     42 140
10  89  59  74   9   0   9    T    M    M  5.3 15 300   M    M   1 3      22 300
11  78  53  66   1   0   1 0.01    M    M  5.2 21  60   M    M   1 3      28  70
12  76  52  64  -1   1   0 0.06    M    M  6.6 18 300   M    M   4 3      28 290
13  71  51  61  -4   4   0 0.02    M    M  5.5 14  80   M    M   3        19  70
14  82  48  65   1   0   0 0.01    M    M  5.9 15  60   M    M   0 3      27  70
15  80  50  65   1   0   0 0.11    M    M  5.7 22  70   M    M   3 38     29  70
16  77  53  65   1   0   0 0.00    M    M  6.8 18  80   M    M   2        27  80
17  87  50  69   5   0   4 0.00    M    M  5.7 26 280   M    M   2 3      35 290
18  79  55  67   3   0   2    T    M    M  7.9 23  30   M    M   5 3      34  30
19  57  39  48 -16  17   0 0.21    M    M  5.4 16 360   M    M   8 1      22  10
20  66  35  51 -13  14   0 0.00    M    M  5.8 14 110   M    M   2        18  90
21  80  40  60  -3   5   0 0.00    M    M  5.0 14 260   M    M   0        19 270
22  89  52  71   8   0   6 0.00    M    M  5.6 21 280   M    M   0        28 250
23  80  55  68   5   0   3 0.00    M    M  5.9 16 270   M    M   0        22 310
24  71  47  59  -4   6   0 0.01    M    M  6.0 18  80   M    M   5        28  50
25  59  45  52 -10  13   0 0.21    M    M  4.5 14 100   M    M   8 13     22  90
================================================================================
SM 1934 1266        75  54  1.21    M    149.7          M       67
================================================================================
AV 77.4 50.6                               6.0 FASTST   M    M   3    MAX(MPH)
                                 MISC ---->  # 33 270               # 45  270
================================================================================
NOTES:
# LAST OF SEVERAL OCCURRENCES

COLUMN 17 PEAK WIND IN M.P.H.

PRELIMINARY LOCAL CLIMATOLOGICAL DATA (WS FORM: F-6) , PAGE 2

                                          STATION:  CUSTER COUNTY AIRPORT SD
                                          MONTH:    AUGUST
                                          YEAR:     2016
                                          LATITUDE:   43 43 N
                                          LONGITUDE: 103 37 W

[TEMPERATURE DATA]      [PRECIPITATION DATA]       SYMBOLS USED IN COLUMN 16

AVERAGE MONTHLY: 64.0   TOTAL FOR MONTH:   1.21    1 = FOG OR MIST
DPTR FM NORMAL:  -0.5   DPTR FM NORMAL:   -0.48    2 = FOG REDUCING VISIBILITY
HIGHEST:    90 ON  3    GRTST 24HR  0.38 ON  7- 8      TO 1/4 MILE OR LESS
LOWEST:     35 ON 20                               3 = THUNDER
                        SNOW, ICE PELLETS, HAIL    4 = ICE PELLETS
                        TOTAL MONTH:    M          5 = HAIL
                        GRTST 24HR    M  ON   M    6 = FREEZING RAIN OR DRIZZLE
                        GRTST DEPTH:  M  ON   M    7 = DUSTSTORM OR SANDSTORM:
                                                       VSBY 1/2 MILE OR LESS
                                                   8 = SMOKE OR HAZE
[NO. OF DAYS WITH]      [WEATHER - DAYS WITH]      9 = BLOWING SNOW
                                                   X = TORNADO
MAX 32 OR BELOW:   0    0.01 INCH OR MORE:  12
MAX 90 OR ABOVE:   1    0.10 INCH OR MORE:   5
MIN 32 OR BELOW:   0    0.50 INCH OR MORE:   0
MIN  0 OR BELOW:   0    1.00 INCH OR MORE:   0

[HDD (BASE 65) ]
TOTAL THIS MO.    75    CLEAR  (SCALE 0-3)  16
DPTR FM NORMAL    10    PTCLDY (SCALE 4-7)   9
TOTAL FM JUL 1   118    CLOUDY (SCALE 8-10)  0
DPTR FM NORMAL    -8

[CDD (BASE 65) ]
TOTAL THIS MO.    54
DPTR FM NORMAL     8    [PRESSURE DATA]
TOTAL FM JAN 1   249    HIGHEST SLP M ON M
DPTR FM NORMAL    96    LOWEST  SLP 29.33 ON 22

[REMARKS]
