000
CXUS53 KUNR 280945
CF6CUT
PRELIMINARY LOCAL CLIMATOLOGICAL DATA (WS FORM: F-6)

                                          STATION:   CUSTER COUNTY AIRPORT SD
                                          MONTH:     APRIL
                                          YEAR:      2016
                                          LATITUDE:   43 43 N
                                          LONGITUDE: 103 37 W

  TEMPERATURE IN F:       :PCPN:    SNOW:  WIND      :SUNSHINE: SKY     :PK WND
================================================================================
1   2   3   4   5  6A  6B    7    8   9   10  11  12  13   14  15   16   17  18
                                     12Z  AVG MX 2MIN
DY MAX MIN AVG DEP HDD CDD  WTR  SNW DPTH SPD SPD DIR MIN PSBL S-S WX    SPD DR
================================================================================

 1  42  21  32  -3  33   0    T    M    M 10.8 20 290   M    M   4        31 330
 2  61  28  45  10  20   0 0.00    M    M  9.9 22 270   M    M   0        32 280
 3  60  33  47  11  18   0 0.00    M    M  9.7 26 300   M    M   2        44 290
 4  64  28  46  10  19   0 0.00    M    M  6.6 15 230   M    M   2 8      33 210
 5  52  33  43   7  22   0    T    M    M 18.8 35 310   M    M   4 18     59 320
 6  54  33  44   8  21   0    T    M    M 13.2 28 290   M    M   2        43 320
 7  50  28  39   2  26   0    T    M    M  8.9 25 340   M    M   5        37 270
 8  56  27  42   5  23   0 0.00    M    M  7.6 17 340   M    M   0        31 210
 9  72  37  55  18  10   0 0.00    M    M 11.4 21 270   M    M   1        29 270
10  48  27  38   1  27   0 0.02    M    M  6.0 14  10   M    M   7        24 340
11  51  26  39   1  26   0 0.00    M    M  7.8 16 180   M    M   4        30 200
12  70  32  51  13  14   0 0.00    M    M  7.1 17 290   M    M   2        31 290
13  70  36  53  15  12   0    T    M    M  6.7 17 270   M    M   3        32 200
14  68  45  57  18   8   0 0.09    M    M  7.9 23 290   M    M   5 3      33 280
15  50  36  43   4  22   0 0.14    M    M  8.3 22  10   M    M   9 1      37 360
16  43  31  37  -2  28   0    T    M    M 12.1 21 340   M    M   9 18     31 350
17  38  30  34  -6  31   0 0.05    M    M  9.1 23  10   M    M  10 18     35  30
18  41  27  34  -6  31   0 0.01    M    M  5.9 16 210   M    M   9 12     26 210
19  52  23  38  -2  27   0 0.00    M    M  7.4 16 280   M    M   5        30 200
20  57  30  44   4  21   0 0.00    M    M  4.7 16  90   M    M   3 1      26  90
21  63  36  50   9  15   0 0.00    M    M  5.9 13 100   M    M   2        25  90
22  74  35  55  14  10   0 0.00    M    M  5.8 15 160   M    M   0        29 180
23  77  44  61  20   4   0 0.00    M    M  7.4 26 280   M    M   0        37 270
24  54  35  45   3  20   0 0.01    M    M  8.8 29 270   M    M   8        41 270
25  59  28  44   2  21   0 0.00    M    M  9.0 17  90   M    M   6 1      27  90
26  36  30  33  -9  32   0 0.71    M    M  7.2 15  20   M    M  10 126    23  90
27  36  27  32 -11  33   0 0.11    M    M 10.3 16 340   M    M  10 1      25 320
================================================================================
SM 1498  846       574   0  1.14    M    234.3          M      122
================================================================================
AV 55.5 31.3                               8.7 FASTST   M    M   5    MAX(MPH)
                                 MISC ---->  # 35 310               # 59  320
================================================================================
NOTES:
# LAST OF SEVERAL OCCURRENCES

COLUMN 17 PEAK WIND IN M.P.H.

PRELIMINARY LOCAL CLIMATOLOGICAL DATA (WS FORM: F-6) , PAGE 2

                                          STATION:  CUSTER COUNTY AIRPORT SD
                                          MONTH:    APRIL
                                          YEAR:     2016
                                          LATITUDE:   43 43 N
                                          LONGITUDE: 103 37 W

[TEMPERATURE DATA]      [PRECIPITATION DATA]       SYMBOLS USED IN COLUMN 16

AVERAGE MONTHLY: 43.4   TOTAL FOR MONTH:   1.14    1 = FOG OR MIST
DPTR FM NORMAL:   4.7   DPTR FM NORMAL:   -0.70    2 = FOG REDUCING VISIBILITY
HIGHEST:    77 ON 23    GRTST 24HR  0.71 ON 25-26      TO 1/4 MILE OR LESS
LOWEST:     21 ON  1                               3 = THUNDER
                        SNOW, ICE PELLETS, HAIL    4 = ICE PELLETS
                        TOTAL MONTH:    M          5 = HAIL
                        GRTST 24HR    M  ON   M    6 = FREEZING RAIN OR DRIZZLE
                        GRTST DEPTH:  M  ON   M    7 = DUSTSTORM OR SANDSTORM:
                                                       VSBY 1/2 MILE OR LESS
                                                   8 = SMOKE OR HAZE
[NO. OF DAYS WITH]      [WEATHER - DAYS WITH]      9 = BLOWING SNOW
                                                   X = TORNADO
MAX 32 OR BELOW:   0    0.01 INCH OR MORE:   8
MAX 90 OR ABOVE:   0    0.10 INCH OR MORE:   3
MIN 32 OR BELOW:  16    0.50 INCH OR MORE:   1
MIN  0 OR BELOW:   0    1.00 INCH OR MORE:   0

[HDD (BASE 65) ]
TOTAL THIS MO.   574    CLEAR  (SCALE 0-3)  11
DPTR FM NORMAL  -137    PTCLDY (SCALE 4-7)  10
TOTAL FM JUL 1  6501    CLOUDY (SCALE 8-10)  6
DPTR FM NORMAL -1085

[CDD (BASE 65) ]
TOTAL THIS MO.     0
DPTR FM NORMAL     0    [PRESSURE DATA]
TOTAL FM JAN 1     0    HIGHEST SLP M ON M
DPTR FM NORMAL     0    LOWEST  SLP 29.12 ON 24

[REMARKS]
