000
CXUS53 KUNR 310945
CF6D07
PRELIMINARY LOCAL CLIMATOLOGICAL DATA (WS FORM: F-6)

                                          STATION:   FAITH SD
                                          MONTH:     JULY
                                          YEAR:      2015
                                          LATITUDE:   45  1 N
                                          LONGITUDE: 102  1 W

  TEMPERATURE IN F:       :PCPN:    SNOW:  WIND      :SUNSHINE: SKY     :PK WND
================================================================================
1   2   3   4   5  6A  6B    7    8   9   10  11  12  13   14  15   16   17  18
                                     12Z  AVG MX 2MIN
DY MAX MIN AVG DEP HDD CDD  WTR  SNW DPTH SPD SPD DIR MIN PSBL S-S WX    SPD DR
================================================================================

 1  80  59  70   0   0   5 0.00    M    M  5.9 12  20   M    M   M        19 350
 2  81  62  72   2   0   7 0.00    M    M  8.4 18 350   M    M   M        24 350
 3  84  59  72   1   0   7 0.00    M    M  5.8 13 150   M    M   M        16 140
 4  91  63  77   6   0  12 0.00    M    M 11.4 20 170   M    M   M        24 180
 5  81  61  71   0   0   6 0.22    M    M 14.6 30  50   M    M   M        38  50
 6  75  56  66  -5   0   1 0.00    M    M  8.4 15 340   M    M   M        18 340
 7  76  54  65  -7   0   0 0.00    M    M 16.3 26 160   M    M   M        33 160
 8  79  57  68  -4   0   3 0.00    M    M 10.1 21  20   M    M   M        27  30
 9  82  52  67  -5   0   2 0.00    M    M 13.2 21 160   M    M   M        30 150
10  85  62  74   2   0   9 0.00    M    M 14.7 25 210   M    M   M        30 180
11  93  62  78   6   0  13 0.00    M    M 12.5 21 230   M    M   M        28 210
12  94  60  77   5   0  12 0.00    M    M 10.4 21 320   M    M   M        25 260
13  93  60  77   4   0  12 0.00    M    M 12.4 25 290   M    M   M        34 320
14  92  61  77   4   0  12 0.01    M    M  6.7 16 280   M    M   M        20 280
15  89  66  78   5   0  13 0.00    M    M 10.2 22 170   M    M   M        27 160
16  90  62  76   3   0  11 0.00    M    M 11.3 21 300   M    M   M        29 320
17  80  61  71  -2   0   6 0.00    M    M 10.6 20 360   M    M   M        22 360
18  81  55  68  -5   0   3 0.00    M    M 14.8 32 300   M    M   M        38 300
19  92  56  74   1   0   9 0.00    M    M 10.9 21 270   M    M   M        33 260
20  85  57  71  -2   0   6 0.00    M    M 10.1 20 340   M    M   M        25 350
21  86  57  72  -1   0   7 0.03    M    M 15.4 32 210   M    M   M        40 210
22  92  60  76   3   0  11 0.00    M    M 12.5 18 190   M    M   M        26 160
23  99  64  82   9   0  17 0.00    M    M 12.3 23 290   M    M   M        27 290
24  94  60  77   4   0  12 0.00    M    M  7.5 38 200   M    M   M        48 200
25  91  63  77   3   0  12 0.25    M    M  9.8 45 290   M    M   M        60 280
26  94  61  78   4   0  13 0.00    M    M 17.3 49  20   M    M   M        57  20
27  95  61  78   4   0  13 0.07    M    M 19.3 44 250   M    M   M        59 250
28  77  55  66  -8   0   1 0.00    M    M 23.9 40 270   M    M   M        51 270
29  86  54  70  -4   0   5 0.00    M    M 13.8 30 280   M    M   M        48 280
30  91  55  73  -1   0   8 0.00    M    M  8.3 20 270   M    M   M        24 260
================================================================================
SM 2608 1775         0 248  0.58    M    358.8          M        M
================================================================================
AV 86.9 59.2                              12.0 FASTST   M    M   1    MAX(MPH)
                                 MISC ---->  # 49  20               # 60  280
================================================================================
NOTES:
# LAST OF SEVERAL OCCURRENCES

COLUMN 17 PEAK WIND IN M.P.H.

PRELIMINARY LOCAL CLIMATOLOGICAL DATA (WS FORM: F-6) , PAGE 2

                                          STATION:  FAITH SD
                                          MONTH:    JULY
                                          YEAR:     2015
                                          LATITUDE:   45  1 N
                                          LONGITUDE: 102  1 W

[TEMPERATURE DATA]      [PRECIPITATION DATA]       SYMBOLS USED IN COLUMN 16

AVERAGE MONTHLY: 73.1   TOTAL FOR MONTH:   0.58    1 = FOG OR MIST
DPTR FM NORMAL:   0.5   DPTR FM NORMAL:   -2.16    2 = FOG REDUCING VISIBILITY
HIGHEST:    99 ON 23    GRTST 24HR  0.25 ON 25-25      TO 1/4 MILE OR LESS
LOWEST:     52 ON  9                               3 = THUNDER
                        SNOW, ICE PELLETS, HAIL    4 = ICE PELLETS
                        TOTAL MONTH:    M          5 = HAIL
                        GRTST 24HR    M  ON   M    6 = FREEZING RAIN OR DRIZZLE
                        GRTST DEPTH:  M  ON   M    7 = DUSTSTORM OR SANDSTORM:
                                                       VSBY 1/2 MILE OR LESS
                                                   8 = SMOKE OR HAZE
[NO. OF DAYS WITH]      [WEATHER - DAYS WITH]      9 = BLOWING SNOW
                                                   X = TORNADO
MAX 32 OR BELOW:   0    0.01 INCH OR MORE:   5
MAX 90 OR ABOVE:  14    0.10 INCH OR MORE:   2
MIN 32 OR BELOW:   0    0.50 INCH OR MORE:   0
MIN  0 OR BELOW:   0    1.00 INCH OR MORE:   0

[HDD (BASE 65) ]
TOTAL THIS MO.     0    CLEAR  (SCALE 0-3)   0
DPTR FM NORMAL    -5    PTCLDY (SCALE 4-7)   0
TOTAL FM JUL 1     0    CLOUDY (SCALE 8-10)  0
DPTR FM NORMAL    -5

[CDD (BASE 65) ]
TOTAL THIS MO.   248
DPTR FM NORMAL     9    [PRESSURE DATA]
TOTAL FM JAN 1   345    HIGHEST SLP M ON M
DPTR FM NORMAL     6    LOWEST  SLP 29.28 ON 27

[REMARKS]
