000
CXUS53 KUNR 180945
CF6D07
PRELIMINARY LOCAL CLIMATOLOGICAL DATA (WS FORM: F-6)

                                          STATION:   FAITH SD
                                          MONTH:     DECEMBER
                                          YEAR:      2014
                                          LATITUDE:   45  1 N
                                          LONGITUDE: 102  1 W

  TEMPERATURE IN F:       :PCPN:    SNOW:  WIND      :SUNSHINE: SKY     :PK WND
================================================================================
1   2   3   4   5  6A  6B    7    8   9   10  11  12  13   14  15   16   17  18
                                     12Z  AVG MX 2MIN
DY MAX MIN AVG DEP HDD CDD  WTR  SNW DPTH SPD SPD DIR MIN PSBL S-S WX    SPD DR
================================================================================

 1  29 -11   9 -15  56   0 0.00    M    M 16.9 33 160   M    M   M        41 160
 2  39  17  28   4  37   0 0.00    M    M 13.5 29 290   M    M   M        34 310
 3  35  13  24   1  41   0 0.00    M    M 13.0 23 160   M    M   M        27 160
 4  45  12  29   6  36   0 0.00    M    M  6.5 14 160   M    M   M        26 200
 5  41  23  32   9  33   0 0.00    M    M  9.2 16 330   M    M   M        18 330
 6  39  19  29   7  36   0 0.00    M    M 18.1 25 160   M    M   M        31 160
 7  54  30  42  20  23   0 0.00    M    M 20.9 40 300   M    M   M        50 290
 8  41  17  29   7  36   0 0.00    M    M 12.1 22 340   M    M   M        27 330
 9  27  16  22   0  43   0 0.00    M    M  9.3 22 150   M    M   M        29 150
10  58  20  39  17  26   0 0.00    M    M  9.4 16 180   M    M   M        17 170
11  55  25  40  19  25   0 0.00    M    M 16.8 21 160   M    M   M        25 140
12  60  31  46  25  19   0 0.00    M    M 12.4 22 170   M    M   M        23 170
13  57  30  44  23  21   0 0.00    M    M 11.7 21 170   M    M   M        27 190
14  41  27  34  13  31   0 0.00    M    M 21.2 32 320   M    M   M        38 320
15  28  22  25   4  40   0 0.04    M    M 22.2 33 340   M    M   M        41 350
16  22  17  20   0  45   0 0.00    M    M  6.8 17 350   M    M   M        21 340
17  21  16  19  -1  46   0 0.00    M    M 12.8 18 130   M    M   M        23 130
================================================================================
SM  692  324       594   0  0.04    M    232.8          M        M
================================================================================
AV 40.7 19.1                              13.7 FASTST   M    M   3    MAX(MPH)
                                 MISC ---->  # 40 300               # 50  290
================================================================================
NOTES:
# LAST OF SEVERAL OCCURRENCES

COLUMN 17 PEAK WIND IN M.P.H.

PRELIMINARY LOCAL CLIMATOLOGICAL DATA (WS FORM: F-6) , PAGE 2

                                          STATION:  FAITH SD
                                          MONTH:    DECEMBER
                                          YEAR:     2014
                                          LATITUDE:   45  1 N
                                          LONGITUDE: 102  1 W

[TEMPERATURE DATA]      [PRECIPITATION DATA]       SYMBOLS USED IN COLUMN 16

AVERAGE MONTHLY: 29.9   TOTAL FOR MONTH:   0.04    1 = FOG OR MIST
DPTR FM NORMAL:   8.0   DPTR FM NORMAL:   -0.16    2 = FOG REDUCING VISIBILITY
HIGHEST:    60 ON 12    GRTST 24HR  0.04 ON 15-15      TO 1/4 MILE OR LESS
LOWEST:    -11 ON  1                               3 = THUNDER
                        SNOW, ICE PELLETS, HAIL    4 = ICE PELLETS
                        TOTAL MONTH:    M          5 = HAIL
                        GRTST 24HR    M  ON   M    6 = FREEZING RAIN OR DRIZZLE
                        GRTST DEPTH:  M  ON   M    7 = DUSTSTORM OR SANDSTORM:
                                                       VSBY 1/2 MILE OR LESS
                                                   8 = SMOKE OR HAZE
[NO. OF DAYS WITH]      [WEATHER - DAYS WITH]      9 = BLOWING SNOW
                                                   X = TORNADO
MAX 32 OR BELOW:   5    0.01 INCH OR MORE:   1
MAX 90 OR ABOVE:   0    0.10 INCH OR MORE:   0
MIN 32 OR BELOW:  17    0.50 INCH OR MORE:   0
MIN  0 OR BELOW:   1    1.00 INCH OR MORE:   0

[HDD (BASE 65) ]
TOTAL THIS MO.   594    CLEAR  (SCALE 0-3)   0
DPTR FM NORMAL  -139    PTCLDY (SCALE 4-7)   0
TOTAL FM JUL 1  2470    CLOUDY (SCALE 8-10)  0
DPTR FM NORMAL   -46

[CDD (BASE 65) ]
TOTAL THIS MO.     0
DPTR FM NORMAL     0    [PRESSURE DATA]
TOTAL FM JAN 1   445    HIGHEST SLP M ON M
DPTR FM NORMAL  -190    LOWEST  SLP 29.65 ON 13

[REMARKS]
