000
CXUS55 KVEF 210940
CF6DAG
PRELIMINARY LOCAL CLIMATOLOGICAL DATA (WS FORM: F-6)

                                          STATION:   BARSTOW-DAGGETT CA
                                          MONTH:     FEBRUARY
                                          YEAR:      2017
                                          LATITUDE:   34 51 N
                                          LONGITUDE: 116 47 W

  TEMPERATURE IN F:       :PCPN:    SNOW:  WIND      :SUNSHINE: SKY     :PK WND
================================================================================
1   2   3   4   5  6A  6B    7    8   9   10  11  12  13   14  15   16   17  18
                                     12Z  AVG MX 2MIN
DY MAX MIN AVG DEP HDD CDD  WTR  SNW DPTH SPD SPD DIR MIN PSBL S-S WX    SPD DR
================================================================================

 1  67  36  52   2  13   0 0.00  0.0    0  3.5 12  70   M    M   0        15  50
 2  67  41  54   4  11   0 0.00  0.0    0  5.8 20 270   M    M   1        22 270
 3  70  46  58   8   7   0 0.00  0.0    0  8.7 21 240   M    M   3        23 210
 4  69  47  58   8   7   0 0.00  0.0    0 11.1 20 210   M    M   0        24 210
 5  59  40  50   0  15   0 0.00  0.0    0  7.3 23 320   M    M   1        29 310
 6  68  47  58   7   7   0    T    M    0 13.9 28 230   M    M   2        34 240
 7  75  55  65  14   0   0 0.00  0.0    0 17.3 39 270   M    M   4        47 260
 8  74  53  64  13   1   0 0.00  0.0    0 13.6 32 240   M    M   0        36 250
 9  79  45  62  11   3   0 0.00  0.0    0  2.7 10 290   M    M   0        13 240
10  71  54  63  12   2   0    T  0.0    0 12.5 28 290   M    M   3        32 280
11  67  49  58   7   7   0    T    M    0 10.7 22  10   M    M   6        25  10
12  67  49  58   6   7   0    T    M    0  5.2 18  10   M    M   7        24 350
13  70  46  58   6   7   0 0.00  0.0    0  5.8 12 210   M    M   1        14 270
14  72  47  60   8   5   0 0.00  0.0    0  6.7 14 350   M    M   0        18  40
15  73  39  56   4   9   0 0.00  0.0    0  6.6 14 270   M    M   0        16 270
16  75  41  58   6   7   0    T    M    0  8.3 28 270   M    M   2        34 280
17  67  48  58   5   7   0 0.09    M    0 11.1 30 160   M    M   6 1      36 150
18  57  47  52  -1  13   0 0.18    M    0  6.6 17 260   M    M   7 1      22 320
19  65  45  55   2  10   0 0.00  0.0    0 10.5 22 260   M    M   4        30 260
20  72  46  59   6   6   0 0.00  0.0    0  5.1 20 250   M    M   4        24 250
================================================================================
SM 1384  921       144   0  0.27     0.0 173.0          M       51
================================================================================
AV 69.2 46.1                               8.7 FASTST   M    M   3    MAX(MPH)
                                 MISC ---->  # 39 270               # 47  260
================================================================================
NOTES:
# LAST OF SEVERAL OCCURRENCES

COLUMN 17 PEAK WIND IN M.P.H.

PRELIMINARY LOCAL CLIMATOLOGICAL DATA (WS FORM: F-6) , PAGE 2

                                          STATION:  BARSTOW-DAGGETT CA
                                          MONTH:    FEBRUARY
                                          YEAR:     2017
                                          LATITUDE:   34 51 N
                                          LONGITUDE: 116 47 W

[TEMPERATURE DATA]      [PRECIPITATION DATA]       SYMBOLS USED IN COLUMN 16

AVERAGE MONTHLY: 57.6   TOTAL FOR MONTH:   0.27    1 = FOG OR MIST
DPTR FM NORMAL:   6.2   DPTR FM NORMAL:   -0.18    2 = FOG REDUCING VISIBILITY
HIGHEST:    79 ON  9    GRTST 24HR  0.27 ON 17-18      TO 1/4 MILE OR LESS
LOWEST:     36 ON  1                               3 = THUNDER
                        SNOW, ICE PELLETS, HAIL    4 = ICE PELLETS
                        TOTAL MONTH:   0.0 INCH    5 = HAIL
                        GRTST 24HR     0.0         6 = FREEZING RAIN OR DRIZZLE
                        GRTST DEPTH:   0           7 = DUSTSTORM OR SANDSTORM:
                                                       VSBY 1/2 MILE OR LESS
                                                   8 = SMOKE OR HAZE
[NO. OF DAYS WITH]      [WEATHER - DAYS WITH]      9 = BLOWING SNOW
                                                   X = TORNADO
MAX 32 OR BELOW:   0    0.01 INCH OR MORE:   2
MAX 90 OR ABOVE:   0    0.10 INCH OR MORE:   1
MIN 32 OR BELOW:   0    0.50 INCH OR MORE:   0
MIN  0 OR BELOW:   0    1.00 INCH OR MORE:   0

[HDD (BASE 65) ]
TOTAL THIS MO.   144    CLEAR  (SCALE 0-3)  13
DPTR FM NORMAL  -127    PTCLDY (SCALE 4-7)   7
TOTAL FM JUL 1  1410    CLOUDY (SCALE 8-10)  0
DPTR FM NORMAL  -267

[CDD (BASE 65) ]
TOTAL THIS MO.     0
DPTR FM NORMAL     0    [PRESSURE DATA]
TOTAL FM JAN 1     0    HIGHEST SLP M ON M
DPTR FM NORMAL     0    LOWEST  SLP 29.37 ON 17

[REMARKS]
