000
CXUS55 KVEF 290940
CF6DAG
PRELIMINARY LOCAL CLIMATOLOGICAL DATA (WS FORM: F-6)

                                          STATION:   BARSTOW-DAGGETT CA
                                          MONTH:     MARCH
                                          YEAR:      2015
                                          LATITUDE:   34 51 N
                                          LONGITUDE: 116 47 W

  TEMPERATURE IN F:       :PCPN:    SNOW:  WIND      :SUNSHINE: SKY     :PK WND
================================================================================
1   2   3   4   5  6A  6B    7    8   9   10  11  12  13   14  15   16   17  18
                                     12Z  AVG MX 2MIN
DY MAX MIN AVG DEP HDD CDD  WTR  SNW DPTH SPD SPD DIR MIN PSBL S-S WX    SPD DR
================================================================================

 1  55  42  49  -6  16   0    T  0.0    0  8.0 23 100   M    M   6        28  90
 2  61  41  51  -5  14   0 0.00  0.0    0 10.2 22 210   M    M   3 8      28 260
 3  62  39  51  -5  14   0 0.00  0.0    0  7.7 14 290   M    M   2 8      17 280
 4  63  41  52  -4  13   0 0.00  0.0    0  4.9 13  30   M    M   1 8      18  30
 5  68  35  52  -4  13   0 0.00  0.0    0  5.3 10 270   M    M   0        13  80
 6  75  42  59   3   6   0 0.00  0.0    0  7.1 20 280   M    M   0        32 310
 7  77  45  61   4   4   0 0.00  0.0    0  6.4 15 280   M    M   0        17 270
 8  82  47  65   8   0   0 0.00  0.0    0  9.5 16 260   M    M   0        20 290
 9  81  48  65   8   0   0 0.00  0.0    0  8.2 16 280   M    M   0        19 280
10  81  46  64   7   1   0 0.00  0.0    0  7.4 16 270   M    M   0        19 270
11  76  58  67  10   0   2    T  0.0    0  7.8 31 270   M    M   3        37 270
12  80  49  65   7   0   0 0.00  0.0    0  7.7 18  10   M    M   0        24  10
13  81  50  66   8   0   1 0.00  0.0    0  4.9 18  30   M    M   0        21  40
14  84  51  68  10   0   3 0.00  0.0    0  7.5 15  50   M    M   0        18  60
15  86  51  69  11   0   4 0.00  0.0    0  5.5 13  30   M    M   0        22  80
16  87  54  71  13   0   6 0.00  0.0    0  6.8 15 340   M    M   0        20 270
17  83  57  70  11   0   5 0.00  0.0    0 12.7 23 270   M    M   0        27 260
18  79  59  69  10   0   4 0.00  0.0    0 11.6 24 160   M    M   1        30 160
19  82  55  69  10   0   4 0.00  0.0    0  8.5 17  20   M    M   0        21 360
20  83  47  65   6   0   0 0.00  0.0    0  6.2 17 280   M    M   0        22 270
21  87  55  71  12   0   6 0.00  0.0    0 14.2 29 260   M    M   0        35 280
22  83  62  73  13   0   8 0.00  0.0    0 19.4 30 260   M    M   0        37 260
23  77  56  67   7   0   2 0.00  0.0    0 24.9 37 270   M    M   0        45 270
24  79  54  67   7   0   2 0.00  0.0    0 17.3 32 240   M    M   0        39 240
25  81  52  67   7   0   2 0.00  0.0    0  7.7 18 360   M    M   0        24  20
26  84  49  67   7   0   2 0.00  0.0    0  5.0 10 280   M    M   0        15  90
27  90  53  72  12   0   7 0.00  0.0    0  7.2 14 270   M    M   0        17 270
28  92  58  75  15   0  10 0.00  0.0    0 11.2 18 270   M    M   0        23 320
================================================================================
SM 2199 1396        81  68    T      0.0 260.8          M       16
================================================================================
AV 78.5 49.9                               9.3 FASTST   M    M   1    MAX(MPH)
                                 MISC ---->  # 37 270               # 45  270
================================================================================
NOTES:
# LAST OF SEVERAL OCCURRENCES

COLUMN 17 PEAK WIND IN M.P.H.

PRELIMINARY LOCAL CLIMATOLOGICAL DATA (WS FORM: F-6) , PAGE 2

                                          STATION:  BARSTOW-DAGGETT CA
                                          MONTH:    MARCH
                                          YEAR:     2015
                                          LATITUDE:   34 51 N
                                          LONGITUDE: 116 47 W

[TEMPERATURE DATA]      [PRECIPITATION DATA]       SYMBOLS USED IN COLUMN 16

AVERAGE MONTHLY: 64.2   TOTAL FOR MONTH:      T    1 = FOG OR MIST
DPTR FM NORMAL:   6.2   DPTR FM NORMAL:   -0.47    2 = FOG REDUCING VISIBILITY
HIGHEST:    92 ON 28    GRTST 24HR    T  ON 11-11      TO 1/4 MILE OR LESS
LOWEST:     35 ON  5                               3 = THUNDER
                        SNOW, ICE PELLETS, HAIL    4 = ICE PELLETS
                        TOTAL MONTH:   0.0 INCH    5 = HAIL
                        GRTST 24HR     0.0         6 = FREEZING RAIN OR DRIZZLE
                        GRTST DEPTH:   0           7 = DUSTSTORM OR SANDSTORM:
                                                       VSBY 1/2 MILE OR LESS
                                                   8 = SMOKE OR HAZE
[NO. OF DAYS WITH]      [WEATHER - DAYS WITH]      9 = BLOWING SNOW
                                                   X = TORNADO
MAX 32 OR BELOW:   0    0.01 INCH OR MORE:   0
MAX 90 OR ABOVE:   2    0.10 INCH OR MORE:   0
MIN 32 OR BELOW:   0    0.50 INCH OR MORE:   0
MIN  0 OR BELOW:   0    1.00 INCH OR MORE:   0

[HDD (BASE 65) ]
TOTAL THIS MO.    81    CLEAR  (SCALE 0-3)  25
DPTR FM NORMAL  -128    PTCLDY (SCALE 4-7)   3
TOTAL FM JUL 1  1333    CLOUDY (SCALE 8-10)  0
DPTR FM NORMAL  -640

[CDD (BASE 65) ]
TOTAL THIS MO.    68
DPTR FM NORMAL    53    [PRESSURE DATA]
TOTAL FM JAN 1    74    HIGHEST SLP M ON M
DPTR FM NORMAL    58    LOWEST  SLP 29.77 ON  2

[REMARKS]
