000
CXUS54 KFWD 300730
CF6DAL
PRELIMINARY LOCAL CLIMATOLOGICAL DATA (WS FORM: F-6)

                                          STATION:   DALLAS LOVE FIELD
                                          MONTH:     APRIL
                                          YEAR:      2017
                                          LATITUDE:   32 50 N
                                          LONGITUDE:  96 51 W

  TEMPERATURE IN F:       :PCPN:    SNOW:  WIND      :SUNSHINE: SKY     :PK WND
================================================================================
1   2   3   4   5  6A  6B    7    8   9   10  11  12  13   14  15   16   17  18
                                     12Z  AVG MX 2MIN
DY MAX MIN AVG DEP HDD CDD  WTR  SNW DPTH SPD SPD DIR MIN PSBL S-S WX    SPD DR
================================================================================

 1  79  61  70   7   0   5 0.00  0.0    0 14.2 25 130   M    M   7        34 150
 2  72  60  66   3   0   1 1.07  0.0    0 11.3 23 360   M    M   9 13     31 300
 3  80  54  67   4   0   2 0.00  0.0    0  5.9 16 270   M    M   2 8      22 280
 4  86  58  72   8   0   7 0.00  0.0    0 13.7 30 320   M    M   6        39 330
 5  73  50  62  -2   3   0 0.00  0.0    0 16.3 28 320   M    M   3        40 320
 6  78  49  64   0   1   0 0.00  0.0    0  3.1 10 290   M    M   2        13 280
 7  80  55  68   4   0   3 0.00  0.0    0 10.6 18 180   M    M   4        26 180
 8  82  62  72   8   0   7 0.00  0.0    0 17.0 31 180   M    M   5 8      38 170
 9  84  67  76  11   0  11 0.00  0.0    0 17.0 31 170   M    M   7        39 170
10  81  68  75  10   0  10 0.04  0.0    0  9.3 24 180   M    M  10 13     33 170
11  76  62  69   4   0   4 0.01  0.0    0  7.5 14  10   M    M  10 13     24  10
12  76  64  70   4   0   5    T  0.0    0  7.1 16 130   M    M   9 18     20 100
13  82  64  73   7   0   8 0.00  0.0    0 11.4 21 170   M    M   8 18     26 170
14  83  67  75   9   0  10    T  0.0    0 13.2 22 170   M    M   7        26 160
15  81  66  74   8   0   9 0.00  0.0    0 13.0 21 160   M    M   M        24 160
16  82  67  75   9   0  10    T  0.0    0  9.3 17 170   M    M   9        23 190
17  77  64  71   4   0   6 1.45  0.0    0  9.7 23  70   M    M   9 13     28  60
18  82  63  73   6   0   8 0.00  0.0    0  7.2 29 140   M    M   5 1      32 140
19  85  67  76   9   0  11    T  0.0    0 13.8 23 180   M    M   5 18     29 180
20  85  70  78  10   0  13 0.00  0.0    0 12.3 20 180   M    M   5        29 150
21  86  61  74   6   0   9 0.16  0.0    0 13.8 25 320   M    M   7 13     34 320
22  62  53  58 -10   7   0    T  0.0    0 15.3 25 350   M    M   6 3      33 350
23  75  49  62  -6   3   0 0.00  0.0    0  8.6 21 340   M    M   1 8      26 340
24  78  52  65  -4   0   0 0.00  0.0    0 10.5 23 150   M    M   4        27 150
25  86  62  74   5   0   9 0.00  0.0    0 18.9 30 180   M    M   5        37 190
26  76  53  65  -4   0   0 0.12  0.0    0 12.5 25 320   M    M   7 138    35 320
27  76  48  62  -8   3   0 0.00  0.0    0 13.1 24 150   M    M   4        34 150
28  87  67  77   7   0  12 0.00  0.0    0 14.1 26 150   M    M   9        35 140
29  90  57  74   4   0   9 0.08  0.0    0 18.4 35 180   M    M   9 138    43 180
================================================================================
SM 2320 1740        17 169  2.93     0.0 348.1          M      174
================================================================================
AV 80.0 60.0                              12.0 FASTST   M    M   6    MAX(MPH)
                                 MISC ---->  # 35 180               # 43  180
================================================================================
NOTES:
# LAST OF SEVERAL OCCURRENCES

COLUMN 17 PEAK WIND IN M.P.H.

PRELIMINARY LOCAL CLIMATOLOGICAL DATA (WS FORM: F-6) , PAGE 2

                                          STATION:  DALLAS LOVE FIELD
                                          MONTH:    APRIL
                                          YEAR:     2017
                                          LATITUDE:   32 50 N
                                          LONGITUDE:  96 51 W

[TEMPERATURE DATA]      [PRECIPITATION DATA]       SYMBOLS USED IN COLUMN 16

AVERAGE MONTHLY: 70.0   TOTAL FOR MONTH:   2.93    1 = FOG OR MIST
DPTR FM NORMAL:   3.7   DPTR FM NORMAL:   -0.02    2 = FOG REDUCING VISIBILITY
HIGHEST:    90 ON 29    GRTST 24HR  1.45 ON 17-17      TO 1/4 MILE OR LESS
LOWEST:     48 ON 27                               3 = THUNDER
                        SNOW, ICE PELLETS, HAIL    4 = ICE PELLETS
                        TOTAL MONTH:   0.0 INCH    5 = HAIL
                        GRTST 24HR     0.0         6 = FREEZING RAIN OR DRIZZLE
                        GRTST DEPTH:   0           7 = DUSTSTORM OR SANDSTORM:
                                                       VSBY 1/2 MILE OR LESS
                                                   8 = SMOKE OR HAZE
[NO. OF DAYS WITH]      [WEATHER - DAYS WITH]      9 = BLOWING SNOW
                                                   X = TORNADO
MAX 32 OR BELOW:   0    0.01 INCH OR MORE:   7
MAX 90 OR ABOVE:   1    0.10 INCH OR MORE:   4
MIN 32 OR BELOW:   0    0.50 INCH OR MORE:   2
MIN  0 OR BELOW:   0    1.00 INCH OR MORE:   2

[HDD (BASE 65) ]
TOTAL THIS MO.    17    CLEAR  (SCALE 0-3)   4
DPTR FM NORMAL   -56    PTCLDY (SCALE 4-7)  16
TOTAL FM JUL 1  1218    CLOUDY (SCALE 8-10)  8
DPTR FM NORMAL  -911

[CDD (BASE 65) ]
TOTAL THIS MO.   169
DPTR FM NORMAL    57    [PRESSURE DATA]
TOTAL FM JAN 1   361    HIGHEST SLP M ON M
DPTR FM NORMAL   199    LOWEST  SLP 29.37 ON M

[REMARKS]
