000
CXUS55 KDVN 301100
CF6DBQ
PRELIMINARY LOCAL CLIMATOLOGICAL DATA (WS FORM: F-6)

                                          STATION:   DUBUQUE IA
                                          MONTH:     APRIL
                                          YEAR:      2016
                                          LATITUDE:   42 24 N
                                          LONGITUDE:  90 42 W

  TEMPERATURE IN F:       :PCPN:    SNOW:  WIND      :SUNSHINE: SKY     :PK WND
================================================================================
1   2   3   4   5  6A  6B    7    8   9   10  11  12  13   14  15   16   17  18
                                     12Z  AVG MX 2MIN
DY MAX MIN AVG DEP HDD CDD  WTR  SNW DPTH SPD SPD DIR MIN PSBL S-S WX    SPD DR
================================================================================

 1  46  29  38  -4  27   0 0.18  0.0    0 12.8 32 300   M    M   6 1      39 310
 2  38  26  32 -11  33   0    T  0.1    T 19.5 44 330   M    M   4        56 300
 3  75  24  50   7  15   0 0.00  0.0    0 18.2 41 250   M    M   2        50 260
 4  42  25  34 -10  31   0 0.00  0.0    0  8.9 20  40   M    M   4        26  30
 5  40  25  33 -11  32   0 0.48  0.0    0 16.3 26 160   M    M   5 1      33 160
 6  50  36  43  -1  22   0 0.56  0.0    0 13.2 29 160   M    M  10 1      35 150
 7  47  32  40  -5  25   0 0.00  0.0    0 13.4 21  10   M    M   9        28 360
 8  40  27  34 -11  31   0 0.04  0.4    0 19.3 36 310   M    M   8 128    44 310
 9  40  21  31 -15  34   0 0.00  0.0    0 11.1 25 170   M    M   1        33 160
10  50  35  43  -3  22   0 0.13    T    0 14.3 28 170   M    M   8 135    34 170
11  47  28  38  -8  27   0 0.00  0.0    0 17.0 29 300   M    M   0        36 310
12  51  22  37 -10  28   0 0.00  0.0    0  5.8 16 160   M    M   0        20 160
13  61  35  48   1  17   0 0.00  0.0    0 14.2 23 170   M    M   3        27 170
14  65  39  52   4  13   0 0.00  0.0    0 12.9 21 150   M    M   0        26 150
15  73  45  59  11   6   0 0.00  0.0    0 13.7 22 140   M    M   2        29 130
16  79  52  66  18   0   1 0.00  0.0    0 12.3 23 160   M    M   1        30 150
17  79  53  66  17   0   1 0.00  0.0    0 10.2 17 140   M    M   1        23 130
18  78  54  66  17   0   1 0.00  0.0    0  7.1 18 170   M    M   1 8      22 180
19  62  47  55   5  10   0 0.23  0.0    0 10.4 16  60   M    M  10 18     20  80
20  67  43  55   5  10   0    T  0.0    0 11.1 25 160   M    M   5 12     31 160
21  65  44  55   5  10   0 0.00  0.0    0  5.1 23 230   M    M   5 12     29 230
22  61  47  54   3  11   0 0.00  0.0    0  7.5 17  10   M    M   5 8      21  30
23  65  41  53   2  12   0 0.00  0.0    0  7.9 17 170   M    M   0        23 180
24  74  51  63  11   2   0 0.00  0.0    0 13.4 22 190   M    M   2 1      29 190
25  76  54  65  13   0   0 0.00  0.0    0 15.0 29 230   M    M   4        36 220
26  55  43  49  -3  16   0 0.00  0.0    0 14.8 23  60   M    M   8 18     30  60
27  47  42  45  -7  20   0 0.10  0.0    0 17.8 28  80   M    M   9 13     36  90
28  46  40  43 -10  22   0 0.11  0.0    0 10.8 23  60   M    M   9 1      30  60
29  49  40  45  -8  20   0 0.00  0.0    0  7.7 17  30   M    M  10 1      20  40
================================================================================
SM 1668 1100       496   3  1.83     0.5 361.7          M      132
================================================================================
AV 57.5 37.9                              12.5 FASTST   M    M   5    MAX(MPH)
                                 MISC ---->  # 44 330               # 56  300
================================================================================
NOTES:
# LAST OF SEVERAL OCCURRENCES

COLUMN 17 PEAK WIND IN M.P.H.

PRELIMINARY LOCAL CLIMATOLOGICAL DATA (WS FORM: F-6) , PAGE 2

                                          STATION:  DUBUQUE IA
                                          MONTH:    APRIL
                                          YEAR:     2016
                                          LATITUDE:   42 24 N
                                          LONGITUDE:  90 42 W

[TEMPERATURE DATA]      [PRECIPITATION DATA]       SYMBOLS USED IN COLUMN 16

AVERAGE MONTHLY: 47.7   TOTAL FOR MONTH:   1.83    1 = FOG OR MIST
DPTR FM NORMAL:  -0.2   DPTR FM NORMAL:   -1.69    2 = FOG REDUCING VISIBILITY
HIGHEST:    79 ON 17,16 GRTST 24HR  1.03 ON  5- 6      TO 1/4 MILE OR LESS
LOWEST:     21 ON  9                               3 = THUNDER
                        SNOW, ICE PELLETS, HAIL    4 = ICE PELLETS
                        TOTAL MONTH:   0.5 INCH    5 = HAIL
                        GRTST 24HR   0.4 ON   M    6 = FREEZING RAIN OR DRIZZLE
                        GRTST DEPTH:   T           7 = DUSTSTORM OR SANDSTORM:
                                                       VSBY 1/2 MILE OR LESS
                                                   8 = SMOKE OR HAZE
[NO. OF DAYS WITH]      [WEATHER - DAYS WITH]      9 = BLOWING SNOW
                                                   X = TORNADO
MAX 32 OR BELOW:   0    0.01 INCH OR MORE:   8
MAX 90 OR ABOVE:   0    0.10 INCH OR MORE:   7
MIN 32 OR BELOW:  10    0.50 INCH OR MORE:   1
MIN  0 OR BELOW:   0    1.00 INCH OR MORE:   0

[HDD (BASE 65) ]
TOTAL THIS MO.   496    CLEAR  (SCALE 0-3)  12
DPTR FM NORMAL    -2    PTCLDY (SCALE 4-7)  10
TOTAL FM JUL 1  5718    CLOUDY (SCALE 8-10)  7
DPTR FM NORMAL -1091

[CDD (BASE 65) ]
TOTAL THIS MO.     3
DPTR FM NORMAL     3    [PRESSURE DATA]
TOTAL FM JAN 1     3    HIGHEST SLP M ON M
DPTR FM NORMAL     3    LOWEST  SLP 29.55 ON  3

[REMARKS]
