000
CXUS54 KHUN 231015
CF6DCU
PRELIMINARY LOCAL CLIMATOLOGICAL DATA (WS FORM: F-6)

                                          STATION:   DECATUR
                                          MONTH:     AUGUST
                                          YEAR:      2014
                                          LATITUDE:   34 39 N
                                          LONGITUDE:  86 56 W

  TEMPERATURE IN F:       :PCPN:    SNOW:  WIND      :SUNSHINE: SKY     :PK WND
================================================================================
1   2   3   4   5  6A  6B    7    8   9   10  11  12  13   14  15   16   17  18
                                     12Z  AVG MX 2MIN
DY MAX MIN AVG DEP HDD CDD  WTR  SNW DPTH SPD SPD DIR MIN PSBL S-S WX    SPD DR
================================================================================

 1  87  61  74  -6   0   9 0.00  0.0    0  2.2 24 190   M    M   2 1      29 210
 2  88  65  77  -3   0  12 0.11  0.0    0  3.3 14 140   M    M   3 13     17 130
 3  90  63  77  -3   0  12 0.00  0.0    0  1.6  8  70   M    M   2 1      15  70
 4  90  63  77  -3   0  12 0.00  0.0    0  1.9  9 150   M    M   1 1      12 120
 5  92  59  76  -4   0  11 0.00  0.0    0  1.7 10 280   M    M   1 18     24 270
 6  93  65  79  -1   0  14 0.00  0.0    0  3.2 12 260   M    M   1 18     20 130
 7  95  66  81   1   0  16 0.01  0.0    0  2.6 18 270   M    M   1 138    23 270
 8  91  69  80   0   0  15 0.04  0.0    0  3.3 30 320   M    M   1 18     38 310
 9  83  71  77  -3   0  12 0.09  0.0    0  4.6 20 270   M    M   6 13     25 270
10  91  71  81   1   0  16 0.03  0.0    0  3.5 24 210   M    M   4 138    32 210
11  90  70  80   0   0  15 0.01  0.0    0  5.5 14 250   M    M   4 1      21 260
12  90  64  77  -2   0  12    T  0.0    0  6.8 17 300   M    M   4 1      23 330
13  84  55  70  -9   0   5 0.00  0.0    0  5.4 14  50   M    M   1        18  10
14  87  53  70  -9   0   5 0.00  0.0    0  1.7 13  40   M    M   1 1      16 350
15  88  57  73  -6   0   8 0.00  0.0    0  1.6 10 320   M    M   2 1      15 310
16  91  59  75  -4   0  10 0.00  0.0    0  2.1 12 220   M    M   1 1      14 280
17  92  63  78  -1   0  13 0.12  0.0    0  4.8 29 230   M    M   2 138    37 230
18  88  70  79   0   0  14 0.29  0.0    0  5.4 23 310   M    M   4 138    30 340
19  90  70  80   1   0  15 0.00  0.0    0  4.4 14 230   M    M   4 8      18 220
20  95  73  84   5   0  19 0.00  0.0    0  6.3 15 300   M    M   1 1      18 280
21  96  68  82   3   0  17 0.00  0.0    0  3.9 15 280   M    M   0        21 280
22  96  70  83   4   0  18 0.00  0.0    0  3.0 12 310   M    M   0 1      16 300
================================================================================
SM 1987 1425         0 280  0.70     0.0  78.8          M       46
================================================================================
AV 90.3 64.8                               3.6 FASTST   M    M   2    MAX(MPH)
                                 MISC ---->  # 30 320               # 38  310
================================================================================
NOTES:
# LAST OF SEVERAL OCCURRENCES

COLUMN 17 PEAK WIND IN M.P.H.

PRELIMINARY LOCAL CLIMATOLOGICAL DATA (WS FORM: F-6) , PAGE 2

                                          STATION:  DECATUR
                                          MONTH:    AUGUST
                                          YEAR:     2014
                                          LATITUDE:   34 39 N
                                          LONGITUDE:  86 56 W

[TEMPERATURE DATA]      [PRECIPITATION DATA]       SYMBOLS USED IN COLUMN 16

AVERAGE MONTHLY: 77.5   TOTAL FOR MONTH:   0.70    1 = FOG OR MIST
DPTR FM NORMAL:  -2.0   DPTR FM NORMAL:   -1.89    2 = FOG REDUCING VISIBILITY
HIGHEST:    96 ON 22,21 GRTST 24HR  0.38 ON 17-18      TO 1/4 MILE OR LESS
LOWEST:     53 ON 14                               3 = THUNDER
                        SNOW, ICE PELLETS, HAIL    4 = ICE PELLETS
                        TOTAL MONTH:   0.0 INCH    5 = HAIL
                        GRTST 24HR     0.0         6 = FREEZING RAIN OR DRIZZLE
                        GRTST DEPTH:   0           7 = DUSTSTORM OR SANDSTORM:
                                                       VSBY 1/2 MILE OR LESS
                                                   8 = SMOKE OR HAZE
[NO. OF DAYS WITH]      [WEATHER - DAYS WITH]      9 = BLOWING SNOW
                                                   X = TORNADO
MAX 32 OR BELOW:   0    0.01 INCH OR MORE:   8
MAX 90 OR ABOVE:  15    0.10 INCH OR MORE:   3
MIN 32 OR BELOW:   0    0.50 INCH OR MORE:   0
MIN  0 OR BELOW:   0    1.00 INCH OR MORE:   0

[HDD (BASE 65) ]
TOTAL THIS MO.     0    CLEAR  (SCALE 0-3)  16
DPTR FM NORMAL     0    PTCLDY (SCALE 4-7)   6
TOTAL FM JUL 1     0    CLOUDY (SCALE 8-10)  0
DPTR FM NORMAL     0

[CDD (BASE 65) ]
TOTAL THIS MO.   280
DPTR FM NORMAL   -37    [PRESSURE DATA]
TOTAL FM JAN 1  1230    HIGHEST SLP M ON M
DPTR FM NORMAL  -108    LOWEST  SLP 29.84 ON 18

[REMARKS]
