000
CXUS53 KILX 222300
CF6DEC
PRELIMINARY LOCAL CLIMATOLOGICAL DATA (WS FORM: F-6)

                                          STATION:   DECATUR IL AIRPORT
                                          MONTH:     NOVEMBER
                                          YEAR:      2017
                                          LATITUDE:   39 49 N
                                          LONGITUDE:  88 51 W

  TEMPERATURE IN F:       :PCPN:    SNOW:  WIND      :SUNSHINE: SKY     :PK WND
================================================================================
1   2   3   4   5  6A  6B    7    8   9   10  11  12  13   14  15   16   17  18
                                     12Z  AVG MX 2MIN
DY MAX MIN AVG DEP HDD CDD  WTR  SNW DPTH SPD SPD DIR MIN PSBL S-S WX    SPD DR
================================================================================

 1  53  36  45  -4  20   0 0.02    M    M 10.5 18 150   M    M  10 1      24 140
 2  67  49  58   9   7   0 0.04    M    M 10.0 21 350   M    M  10 1      23 340
 3  55  41  48   0  17   0 0.00    M    M 11.2 20  30   M    M   2 1      27  30
 4  64  43  54   6  11   0 0.01    M    M  9.9 20 120   M    M  10 18     23 130
 5  71  49  60  12   5   0 0.02    M    M 12.5 22 350   M    M  10 13     26 340
 6  49  40  45  -2  20   0    T    M    M 12.2 21  50   M    M   9        26 360
 7  50  39  45  -2  20   0 0.00    M    M 14.5 21  40   M    M   7        27  30
 8  50  31  41  -5  24   0 0.00    M    M  5.4 13  20   M    M   1        17  20
 9  53  27  40  -6  25   0 0.00    M    M 11.1 21 350   M    M   1 1      30 360
10  37  20  29 -17  36   0 0.00    M    M 11.0 18  10   M    M   0        24  10
11  45  23  34 -11  31   0 0.00    M    M  8.2 14 140   M    M   5        17 160
12  43  37  40  -5  25   0 0.05    M    M  6.0 13 330   M    M  10 1      16 320
13  47  33  40  -4  25   0 0.00    M    M  3.7  9 120   M    M   5 1      11 330
14  52  28  40  -4  25   0 0.00    M    M 10.1 18 170   M    M   4 1      24 180
15  58  32  45   2  20   0    M    M    M 13.4 22 290   M    M   6 1      30 280
16  42  29  36  -7  29   0 0.00    M    M  8.6 18 320   M    M   4 8      25 300
17  54  30  42   0  23   0 0.03    M    M 13.7 22 160   M    M   7 1      28 170
18  65  34  50   8  15   0 0.25    M    M 19.0 35 340   M    M   8 13     43 360
19  37  26  32  -9  33   0 0.00    M    M 11.5 23 310   M    M   3 8      30 320
20  55  28  42   1  23   0 0.00    M    M 17.6 28 190   M    M   0        34 210
21  53  27  40   0  25   0 0.00    M    M 13.8 24 200   M    M   2        31 210
================================================================================
SM 1100  702       459   0  0.42    M    233.9          M      114
================================================================================
AV 52.4 33.4                              11.1 FASTST   M    M   5    MAX(MPH)
                                 MISC ---->  # 35 340               # 43  360
================================================================================
NOTES:
# LAST OF SEVERAL OCCURRENCES

COLUMN 17 PEAK WIND IN M.P.H.

PRELIMINARY LOCAL CLIMATOLOGICAL DATA (WS FORM: F-6) , PAGE 2

                                          STATION:  DECATUR IL AIRPORT
                                          MONTH:    NOVEMBER
                                          YEAR:     2017
                                          LATITUDE:   39 49 N
                                          LONGITUDE:  88 51 W

[TEMPERATURE DATA]      [PRECIPITATION DATA]       SYMBOLS USED IN COLUMN 16

AVERAGE MONTHLY: 42.9   TOTAL FOR MONTH:   0.42    1 = FOG OR MIST
DPTR FM NORMAL:  -2.0   DPTR FM NORMAL:   -1.96    2 = FOG REDUCING VISIBILITY
HIGHEST:    71 ON  5    GRTST 24HR  0.25 ON 18-18      TO 1/4 MILE OR LESS
LOWEST:     20 ON 10                               3 = THUNDER
                        SNOW, ICE PELLETS, HAIL    4 = ICE PELLETS
                        TOTAL MONTH:    M          5 = HAIL
                        GRTST 24HR    M  ON   M    6 = FREEZING RAIN OR DRIZZLE
                        GRTST DEPTH:  M  ON   M    7 = DUSTSTORM OR SANDSTORM:
                                                       VSBY 1/2 MILE OR LESS
                                                   8 = SMOKE OR HAZE
[NO. OF DAYS WITH]      [WEATHER - DAYS WITH]      9 = BLOWING SNOW
                                                   X = TORNADO
MAX 32 OR BELOW:   0    0.01 INCH OR MORE:   7
MAX 90 OR ABOVE:   0    0.10 INCH OR MORE:   1
MIN 32 OR BELOW:  11    0.50 INCH OR MORE:   0
MIN  0 OR BELOW:   0    1.00 INCH OR MORE:   0

[HDD (BASE 65) ]
TOTAL THIS MO.   459    CLEAR  (SCALE 0-3)   7
DPTR FM NORMAL    38    PTCLDY (SCALE 4-7)   8
TOTAL FM JUL 1   756    CLOUDY (SCALE 8-10)  6
DPTR FM NORMAL   -83

[CDD (BASE 65) ]
TOTAL THIS MO.     0
DPTR FM NORMAL     0    [PRESSURE DATA]
TOTAL FM JAN 1  1120    HIGHEST SLP M ON M
DPTR FM NORMAL    72    LOWEST  SLP 29.35 ON 18

[REMARKS]
