997
CXUS54 KSHV 261300
CF6DEQ
PRELIMINARY LOCAL CLIMATOLOGICAL DATA (WS FORM: F-6)

                                          STATION:   DE QUEEN
                                          MONTH:     SEPTEMBER
                                          YEAR:      2017
                                          LATITUDE:   34  2 N
                                          LONGITUDE:  94 24 W

  TEMPERATURE IN F:       :PCPN:    SNOW:  WIND      :SUNSHINE: SKY     :PK WND
================================================================================
1   2   3   4   5  6A  6B    7    8   9   10  11  12  13   14  15   16   17  18
                                     12Z  AVG MX 2MIN
DY MAX MIN AVG DEP HDD CDD  WTR  SNW DPTH SPD SPD DIR MIN PSBL S-S WX    SPD DR
================================================================================

 1  89  60  75  -4   0  10 0.00  0.0    0  1.5  9 260   M    M   3 12     13 280
 2  89  64  77  -2   0  12 0.00  0.0    0  1.7 10 230   M    M   0 12     14 250
 3  90  67  79   0   0  14 0.00  0.0    0  2.4 12 180   M    M   2 1      14 210
 4  91  68  80   2   0  15 0.00  0.0    0  3.5 13 190   M    M   1 12     17 230
 5  88  65  77  -1   0  12 0.01  0.0    0  2.9 14  10   M    M   6 12     19 350
 6  79  53  66 -12   0   1 0.00  0.0    0  3.5 14  20   M    M   0 1      20 350
 7  81  49  65 -12   0   0 0.00  0.0    0  1.6 10 200   M    M   0 1      13 180
 8  83  52  68  -9   0   3 0.00  0.0    0  1.5  8 130   M    M   0 1      12 180
 9  85  55  70  -6   0   5 0.00  0.0    0  3.5 14 100   M    M   1 1      19 100
10  84  56  70  -6   0   5 0.00  0.0    0  3.0 14  80   M    M   1        18  60
11  84  54  69  -7   0   4 0.00  0.0    0  3.3 16  40   M    M   1 1      22  50
12  80  52  66  -9   0   1    T  0.0    0  2.1 12  40   M    M   1 1      16  30
13  85  55  70  -5   0   5 0.00  0.0    0  2.6 12 180   M    M   1 1      16 250
14  88  53  71  -3   0   6 0.00  0.0    0  2.4 10 190   M    M   2 12     13 190
15  88  60  74   0   0   9 0.00  0.0    0  4.0 12 120   M    M   1 12     17 180
16  90  61  76   2   0  11 0.00  0.0    0  2.9 12 190   M    M   4 12     16 210
17  90  63  77   4   0  12 0.00  0.0    0  2.7 10 170   M    M   1 12     14 280
18  91  64  78   5   0  13 0.00  0.0    0  2.7 14 250   M    M   1 1      18 250
19  90  63  77   5   0  12 0.00  0.0    0  3.1 14 170   M    M   0 12     18 170
20  92  73  83  11   0  18 0.00  0.0    0  5.1 14 180   M    M   2 1      19 190
21  93  70  82  10   0  17 0.00  0.0    0  4.2 13 130   M    M   4 18     16 180
22  92  66  79   8   0  14 0.00  0.0    0  2.1 14 170   M    M   1 12     18 170
23  94  64  79   8   0  14 0.00  0.0    0  3.0 17 110   M    M   2 12     22 120
24  92  66  79   9   0  14 0.00  0.0    0  4.4 15  90   M    M   1 12     17  80
25  90  63  77   7   0  12 0.00  0.0    0  2.8 13 170   M    M   1 12     18 180
================================================================================
SM 2198 1516         0 239  0.01     0.0  72.5          M       37
================================================================================
AV 87.9 60.6                               2.9 FASTST   M    M   1    MAX(MPH)
                                 MISC ---->  # 17 110               # 22   50
================================================================================
NOTES:
# LAST OF SEVERAL OCCURRENCES

COLUMN 17 PEAK WIND IN M.P.H.

PRELIMINARY LOCAL CLIMATOLOGICAL DATA (WS FORM: F-6) , PAGE 2

                                          STATION:  DE QUEEN
                                          MONTH:    SEPTEMBER
                                          YEAR:     2017
                                          LATITUDE:   34  2 N
                                          LONGITUDE:  94 24 W

[TEMPERATURE DATA]      [PRECIPITATION DATA]       SYMBOLS USED IN COLUMN 16

AVERAGE MONTHLY: 74.3   TOTAL FOR MONTH:   0.01    1 = FOG OR MIST
DPTR FM NORMAL:  -0.5   DPTR FM NORMAL:   -3.02    2 = FOG REDUCING VISIBILITY
HIGHEST:    94 ON 23    GRTST 24HR  0.01 ON  5- 5      TO 1/4 MILE OR LESS
LOWEST:     49 ON  7                               3 = THUNDER
                        SNOW, ICE PELLETS, HAIL    4 = ICE PELLETS
                        TOTAL MONTH:   0.0 INCH    5 = HAIL
                        GRTST 24HR     0.0         6 = FREEZING RAIN OR DRIZZLE
                        GRTST DEPTH:   0           7 = DUSTSTORM OR SANDSTORM:
                                                       VSBY 1/2 MILE OR LESS
                                                   8 = SMOKE OR HAZE
[NO. OF DAYS WITH]      [WEATHER - DAYS WITH]      9 = BLOWING SNOW
                                                   X = TORNADO
MAX 32 OR BELOW:   0    0.01 INCH OR MORE:   1
MAX 90 OR ABOVE:  12    0.10 INCH OR MORE:   0
MIN 32 OR BELOW:   0    0.50 INCH OR MORE:   0
MIN  0 OR BELOW:   0    1.00 INCH OR MORE:   0

[HDD (BASE 65) ]
TOTAL THIS MO.     0    CLEAR  (SCALE 0-3)  22
DPTR FM NORMAL    -2    PTCLDY (SCALE 4-7)   3
TOTAL FM JUL 1     0    CLOUDY (SCALE 8-10)  0
DPTR FM NORMAL    -2

[CDD (BASE 65) ]
TOTAL THIS MO.   239
DPTR FM NORMAL   -11    [PRESSURE DATA]
TOTAL FM JAN 1  1873    HIGHEST SLP M ON M
DPTR FM NORMAL    31    LOWEST  SLP 29.72 ON 12

[REMARKS]
