000
CXUS56 KOTX 280900
CF6DEW
PRELIMINARY LOCAL CLIMATOLOGICAL DATA (WS FORM: F-6)

                                          STATION:   DEER_PARK WA AIRPORT
                                          MONTH:     MAY
                                          YEAR:      2016
                                          LATITUDE:   47 58 N
                                          LONGITUDE: 117 25 W

  TEMPERATURE IN F:       :PCPN:    SNOW:  WIND      :SUNSHINE: SKY     :PK WND
================================================================================
1   2   3   4   5  6A  6B    7    8   9   10  11  12  13   14  15   16   17  18
                                     12Z  AVG MX 2MIN
DY MAX MIN AVG DEP HDD CDD  WTR  SNW DPTH SPD SPD DIR MIN PSBL S-S WX    SPD DR
================================================================================

 1  73  37  55   7  10   0 0.00    M    M  7.1 18  50   M    M   0        24  60
 2  78  42  60  12   5   0 0.00    M    M  3.0 13  10   M    M   0        14  10
 3  83  39  61  12   4   0 0.00    M    M  4.3 14 210   M    M   1        18 180
 4  76  42  59  10   6   0 0.23    M    M  5.8 29 220   M    M   2 138    40 230
 5  72  51  62  13   3   0 0.01    M    M  6.4 17  40   M    M   5 1      20  40
 6  77  48  63  14   2   0 0.00    M    M 10.6 23  40   M    M   3        33  40
 7  81  46  64  14   1   0 0.00    M    M  6.9 15  30   M    M   0        19  20
 8  77  44  61  11   4   0 0.00    M    M  7.7 18 310   M    M   3        24 260
 9  59  40  50   0  15   0 0.09    M    M  7.5 20 360   M    M   6 1      24  20
10  66  34  50   0  15   0    T    M    M  3.5 21  30   M    M   4        25  20
11  72  35  54   3  11   0 0.00    M    M  4.9 18 190   M    M   2        24 190
12  76  37  57   6   8   0 0.00    M    M  8.6 25  40   M    M   2        31  40
13  70  48  59   8   6   0 0.00    M    M 17.7 24  40   M    M   1        32  50
14  68  51  60   8   5   0 0.00    M    M 15.6 29  40   M    M   2        40  50
15  62  49  56   4   9   0    T    M    M  5.7 14 190   M    M   9        24 180
16  69  45  57   5   8   0 0.00    M    M  3.3 13 200   M    M   3        15 190
17  76  41  59   7   6   0 0.00    M    M  4.9 15 250   M    M   0 1      22 250
18  78  45  62   9   3   0    T    M    M  8.6 23 260   M    M   2 3      29 270
19  59  35  47  -6  18   0 0.00    M    M 10.0 21 190   M    M   5        26 200
20  68  29  49  -4  16   0 0.03    M    M  8.0 18  50   M    M   5 1      25  50
21  63  49  56   2   9   0 0.11    M    M  7.0 21 180   M    M   8 1      25 160
22  62  47  55   1  10   0 0.36    M    M 14.4 28 220   M    M   9 1      36 210
23  53  45  49  -5  16   0 0.42    M    M  6.6 15 200   M    M  10 1      19 200
24  65  41  53  -1  12   0 0.01    M    M  2.8  9 200   M    M   6 1      14 190
25  73  38  56   2   9   0 0.00    M    M  5.4 17 200   M    M   8 12     22 200
26  67  49  58   3   7   0 0.00    M    M 10.0 18 190   M    M   4        23 200
27  62  40  51  -4  14   0 0.05    M    M  9.8 23 200   M    M   9 1      32 190
================================================================================
SM 1885 1147       232   0  1.31    M    206.1          M      109
================================================================================
AV 69.8 42.5                               7.6 FASTST   M    M   4    MAX(MPH)
                                 MISC ---->  # 29 220               # 40  230
================================================================================
NOTES:
# LAST OF SEVERAL OCCURRENCES

COLUMN 17 PEAK WIND IN M.P.H.

PRELIMINARY LOCAL CLIMATOLOGICAL DATA (WS FORM: F-6) , PAGE 2

                                          STATION:  DEER_PARK WA AIRPORT
                                          MONTH:    MAY
                                          YEAR:     2016
                                          LATITUDE:   47 58 N
                                          LONGITUDE: 117 25 W

[TEMPERATURE DATA]      [PRECIPITATION DATA]       SYMBOLS USED IN COLUMN 16

AVERAGE MONTHLY: 56.1   TOTAL FOR MONTH:   1.31    1 = FOG OR MIST
DPTR FM NORMAL:   4.6   DPTR FM NORMAL:   -0.26    2 = FOG REDUCING VISIBILITY
HIGHEST:    83 ON  3    GRTST 24HR  0.45 ON 21-22      TO 1/4 MILE OR LESS
LOWEST:     29 ON 20                               3 = THUNDER
                        SNOW, ICE PELLETS, HAIL    4 = ICE PELLETS
                        TOTAL MONTH:    M          5 = HAIL
                        GRTST 24HR    M  ON   M    6 = FREEZING RAIN OR DRIZZLE
                        GRTST DEPTH:  M  ON   M    7 = DUSTSTORM OR SANDSTORM:
                                                       VSBY 1/2 MILE OR LESS
                                                   8 = SMOKE OR HAZE
[NO. OF DAYS WITH]      [WEATHER - DAYS WITH]      9 = BLOWING SNOW
                                                   X = TORNADO
MAX 32 OR BELOW:   0    0.01 INCH OR MORE:   9
MAX 90 OR ABOVE:   0    0.10 INCH OR MORE:   4
MIN 32 OR BELOW:   1    0.50 INCH OR MORE:   0
MIN  0 OR BELOW:   0    1.00 INCH OR MORE:   0

[HDD (BASE 65) ]
TOTAL THIS MO.   232    CLEAR  (SCALE 0-3)  14
DPTR FM NORMAL  -132    PTCLDY (SCALE 4-7)   9
TOTAL FM JUL 1  6002    CLOUDY (SCALE 8-10)  4
DPTR FM NORMAL -1173

[CDD (BASE 65) ]
TOTAL THIS MO.     0
DPTR FM NORMAL     0    [PRESSURE DATA]
TOTAL FM JAN 1     0    HIGHEST SLP M ON M
DPTR FM NORMAL     0    LOWEST  SLP  0.00 ON M

[REMARKS]
