000
CXUS53 KBIS 310728
CF6DIK
PRELIMINARY LOCAL CLIMATOLOGICAL DATA (WS FORM: F-6)

                                          STATION:   DICKINSON ND
                                          MONTH:     JULY
                                          YEAR:      2014
                                          LATITUDE:   46 47 N
                                          LONGITUDE: 102 48 W

  TEMPERATURE IN F:       :PCPN:    SNOW:  WIND      :SUNSHINE: SKY     :PK WND
================================================================================
1   2   3   4   5  6A  6B    7    8   9   10  11  12  13   14  15   16   17  18
                                     12Z  AVG MX 2MIN
DY MAX MIN AVG DEP HDD CDD  WTR  SNW DPTH SPD SPD DIR MIN PSBL S-S WX    SPD DR
================================================================================

 1  69  47  58  -8   7   0 0.02    M    M 16.3 30 320   M    M   4 1      40 330
 2  75  42  59  -8   6   0 0.00    M    M  5.2 10  60   M    M   2        15 310
 3  77  49  63  -4   2   0 0.00    M    M 11.5 21 150   M    M   1        26 150
 4  89  56  73   6   0   8 0.00    M    M  7.9 14 190   M    M   0        17 200
 5  93  58  76   8   0  11 0.00    M    M  6.0 16 330   M    M   0        22 330
 6  83  56  70   2   0   5 0.00    M    M 10.3 18 300   M    M   1        23 310
 7  74  55  65  -3   0   0 0.11    M    M 11.1 28 320   M    M   4 13     36 290
 8  76  51  64  -4   1   0 0.00    M    M  8.0 17 300   M    M   1 18     22 300
 9  80  51  66  -2   0   1 0.00    M    M  6.7 15 160   M    M   1 18     19 110
10  82  59  71   3   0   6 0.02    M    M  9.6 17 150   M    M   2        22 160
11  81  58  70   1   0   5 0.01    M    M  7.9 16 360   M    M   2 13     21 360
12  82  54  68  -1   0   3 0.03    M    M  7.6 18 330   M    M   4 13     24 290
13  75  46  61  -8   4   0 0.00    M    M 11.3 23 340   M    M   1        31 320
14  69  43  56 -13   9   0 0.00    M    M  8.8 18  20   M    M   1        25  40
15  72  40  56 -13   9   0 0.00    M    M  7.2 18 100   M    M   1        24 120
16  76  42  59 -11   6   0 0.00    M    M  6.7 14 170   M    M   1        21 140
17  84  51  68  -2   0   3 0.00    M    M  8.1 16 170   M    M   0        20 170
18  82  53  68  -2   0   3 0.00    M    M 10.5 25 300   M    M   0        32 290
19  85  48  67  -3   0   2 0.00    M    M 11.1 21 160   M    M   1        26 150
20  92  59  76   6   0  11 0.00    M    M  8.4 18 270   M    M   0 8      22 270
21  85  57  71   1   0   6 0.72    M    M  9.8 28 240   M    M   1 13     36 300
22  80  53  67  -3   0   2 0.04    M    M  4.6 23 120   M    M   2 123    28 120
23  84  59  72   2   0   7 0.00    M    M 13.8 24 150   M    M   1 1      28 140
24  83  62  73   3   0   8 0.16    M    M 15.7 24 130   M    M   3 13     29 140
25  83  51  67  -4   0   2 0.00    M    M  9.6 20 310   M    M   0        26 300
26  77  51  64  -7   1   0 0.00    M    M 16.4 32 290   M    M   2        40 290
27  73  50  62  -9   3   0 0.00    M    M  7.8 15 360   M    M   5        26 330
28  79  48  64  -7   1   0 0.00    M    M  7.2 14 200   M    M   1        16 200
29  85  51  68  -3   0   3 0.00    M    M  6.5 17  70   M    M   2        21  60
30  84  49  67  -4   0   2 0.00    M    M  4.3 13 360   M    M   1 12     16  10
================================================================================
SM 2409 1549        49  88  1.11    M    275.9          M       45
================================================================================
AV 80.3 51.6                               9.2 FASTST   M    M   2    MAX(MPH)
                                 MISC ---->  # 32 290               # 40  330
================================================================================
NOTES:
# LAST OF SEVERAL OCCURRENCES

COLUMN 17 PEAK WIND IN M.P.H.

PRELIMINARY LOCAL CLIMATOLOGICAL DATA (WS FORM: F-6) , PAGE 2

                                          STATION:  DICKINSON ND
                                          MONTH:    JULY
                                          YEAR:     2014
                                          LATITUDE:   46 47 N
                                          LONGITUDE: 102 48 W

[TEMPERATURE DATA]      [PRECIPITATION DATA]       SYMBOLS USED IN COLUMN 16

AVERAGE MONTHLY: 66.0   TOTAL FOR MONTH:   1.11    1 = FOG OR MIST
DPTR FM NORMAL:  -3.2   DPTR FM NORMAL:   -1.27    2 = FOG REDUCING VISIBILITY
HIGHEST:    93 ON  5    GRTST 24HR  0.72 ON 21-21      TO 1/4 MILE OR LESS
LOWEST:     40 ON 15                               3 = THUNDER
                        SNOW, ICE PELLETS, HAIL    4 = ICE PELLETS
                        TOTAL MONTH:    M          5 = HAIL
                        GRTST 24HR    M  ON   M    6 = FREEZING RAIN OR DRIZZLE
                        GRTST DEPTH:  M  ON   M    7 = DUSTSTORM OR SANDSTORM:
                                                       VSBY 1/2 MILE OR LESS
                                                   8 = SMOKE OR HAZE
[NO. OF DAYS WITH]      [WEATHER - DAYS WITH]      9 = BLOWING SNOW
                                                   X = TORNADO
MAX 32 OR BELOW:   0    0.01 INCH OR MORE:   8
MAX 90 OR ABOVE:   2    0.10 INCH OR MORE:   3
MIN 32 OR BELOW:   0    0.50 INCH OR MORE:   1
MIN  0 OR BELOW:   0    1.00 INCH OR MORE:   0

[HDD (BASE 65) ]
TOTAL THIS MO.    49    CLEAR  (SCALE 0-3)  26
DPTR FM NORMAL    13    PTCLDY (SCALE 4-7)   4
TOTAL FM JUL 1    49    CLOUDY (SCALE 8-10)  0
DPTR FM NORMAL    13

[CDD (BASE 65) ]
TOTAL THIS MO.    88
DPTR FM NORMAL   -68    [PRESSURE DATA]
TOTAL FM JAN 1   130    HIGHEST SLP M ON M
DPTR FM NORMAL   -90    LOWEST  SLP 29.62 ON M

[REMARKS]
