000
CXUS54 KEPZ 291200
CF6DMN
PRELIMINARY LOCAL CLIMATOLOGICAL DATA (WS FORM: F-6)

                                          STATION:   DEMING
                                          MONTH:     JULY
                                          YEAR:      2015
                                          LATITUDE:   32 15 N
                                          LONGITUDE: 107 42 W

  TEMPERATURE IN F:       :PCPN:    SNOW:  WIND      :SUNSHINE: SKY     :PK WND
================================================================================
1   2   3   4   5  6A  6B    7    8   9   10  11  12  13   14  15   16   17  18
                                     12Z  AVG MX 2MIN
DY MAX MIN AVG DEP HDD CDD  WTR  SNW DPTH SPD SPD DIR MIN PSBL S-S WX    SPD DR
================================================================================

 1  96  65  81   0   0  16 0.00  0.0    0  4.5 16 260   M    M   0        20 190
 2 101  71  86   5   0  21    T  0.0    0 10.2 28  30   M    M   1 3      36  40
 3  95  68  82   1   0  17 0.10  0.0    0  7.2 26  40   M    M   5 13     34  30
 4  92  67  80  -1   0  15 1.52  0.0    0  4.7 23 320   M    M   4 13     30 320
 5  86  67  77  -4   0  12 0.09  0.0    0  9.8 24 300   M    M   5 1      32 300
 6  95  69  82   1   0  17 0.00  0.0    0  9.3 23 280   M    M   2 3      29 300
 7  92  69  81   0   0  16    T  0.0    0 10.7 25  30   M    M   2 3      34  10
 8  89  64  77  -4   0  12 0.41  0.0    M  7.5 31 280   M    M   1 13     40 280
 9  87  64  76  -5   0  11 0.11  0.0    M  8.1 28 200   M    M   2 138    39 200
10  78  63  71 -10   0   6 0.95  0.0    M  5.8 39 250   M    M   1 13     56 260
11  88  62  75  -6   0  10    T  0.0    0  4.8 12  90   M    M   0        18 120
12  94  69  82   1   0  17    T  0.0    M  7.9 32 210   M    M   1 3      41 210
13  93  68  81   0   0  16 0.00  0.0    0  8.1 23 250   M    M   0 3      32 230
14  90  67  79  -2   0  14 0.01  0.0    0  8.9 20 280   M    M   2        29 280
15  89  70  80  -1   0  15    T  0.0    0  8.6 18 330   M    M   1        24 310
16  89  68  79  -2   0  14 0.00  0.0    0  4.6 13 340   M    M   0 8      19 270
17  90  70  80  -1   0  15    T  0.0    0  8.6 24 240   M    M   1 3      32 240
18  94  66  80  -1   0  15 0.00  0.0    0  9.9 28 270   M    M   0 8      37 270
19  91  70  81   0   0  16    T  0.0    0  8.6 21 280   M    M   3        27 280
20  96  66  81   0   0  16 0.00  0.0    0  8.0 23 270   M    M   1        30 270
21  96  70  83   3   0  18 0.00  0.0    0  7.0 21 190   M    M   1        26 190
22  94  69  82   2   0  17 0.00  0.0    0  5.3 25  30   M    M   2        33  10
23  95  70  83   3   0  18 0.00  0.0    0  7.6 29 250   M    M   1 38     36 260
24  96  69  83   3   0  18 0.00  0.0    0  7.7 20 270   M    M   1        26 260
25 100  69  85   5   0  20 0.03  0.0    0  7.8 21  10   M    M   1 3      28 360
26  95  70  83   3   0  18    T  0.0    0  7.1 18 240   M    M   1 3      27 110
27  97  68  83   3   0  18 0.00  0.0    0  7.6 17 250   M    M   1        23 280
28  98  73  86   6   0  21    T  0.0    0 10.9 25 250   M    M   1 38     33 250
================================================================================
SM 2596 1901         0 439  3.22     0.0 216.8          M       41
================================================================================
AV 92.7 67.9                               7.7 FASTST   M    M   1    MAX(MPH)
                                 MISC ---->  # 39 250               # 56  260
================================================================================
NOTES:
# LAST OF SEVERAL OCCURRENCES

COLUMN 17 PEAK WIND IN M.P.H.

PRELIMINARY LOCAL CLIMATOLOGICAL DATA (WS FORM: F-6) , PAGE 2

                                          STATION:  DEMING
                                          MONTH:    JULY
                                          YEAR:     2015
                                          LATITUDE:   32 15 N
                                          LONGITUDE: 107 42 W

[TEMPERATURE DATA]      [PRECIPITATION DATA]       SYMBOLS USED IN COLUMN 16

AVERAGE MONTHLY: 80.3   TOTAL FOR MONTH:   3.22    1 = FOG OR MIST
DPTR FM NORMAL:  -0.4   DPTR FM NORMAL:    1.27    2 = FOG REDUCING VISIBILITY
HIGHEST:   101 ON  2    GRTST 24HR  1.57 ON  4- 5      TO 1/4 MILE OR LESS
LOWEST:     62 ON 11                               3 = THUNDER
                        SNOW, ICE PELLETS, HAIL    4 = ICE PELLETS
                        TOTAL MONTH:   0.0 INCH    5 = HAIL
                        GRTST 24HR     0.0         6 = FREEZING RAIN OR DRIZZLE
                        GRTST DEPTH:   0           7 = DUSTSTORM OR SANDSTORM:
                                                       VSBY 1/2 MILE OR LESS
                                                   8 = SMOKE OR HAZE
[NO. OF DAYS WITH]      [WEATHER - DAYS WITH]      9 = BLOWING SNOW
                                                   X = TORNADO
MAX 32 OR BELOW:   0    0.01 INCH OR MORE:   8
MAX 90 OR ABOVE:  21    0.10 INCH OR MORE:   5
MIN 32 OR BELOW:   0    0.50 INCH OR MORE:   2
MIN  0 OR BELOW:   0    1.00 INCH OR MORE:   1

[HDD (BASE 65) ]
TOTAL THIS MO.     0    CLEAR  (SCALE 0-3)  25
DPTR FM NORMAL     0    PTCLDY (SCALE 4-7)   3
TOTAL FM JUL 1     0    CLOUDY (SCALE 8-10)  0
DPTR FM NORMAL     0

[CDD (BASE 65) ]
TOTAL THIS MO.   439
DPTR FM NORMAL    -2    [PRESSURE DATA]
TOTAL FM JAN 1   967    HIGHEST SLP M ON M
DPTR FM NORMAL   -18    LOWEST  SLP 29.61 ON  2

[REMARKS]
