000
CXUS55 KEAX 240736
CF6DMO
PRELIMINARY LOCAL CLIMATOLOGICAL DATA (WS FORM: F-6)

                                          STATION:   SEDALIA MO
                                          MONTH:     NOVEMBER
                                          YEAR:      2014
                                          LATITUDE:   38 42 N
                                          LONGITUDE:  93  6 W

  TEMPERATURE IN F:       :PCPN:    SNOW:  WIND      :SUNSHINE: SKY     :PK WND
================================================================================
1   2   3   4   5  6A  6B    7    8   9   10  11  12  13   14  15   16   17  18
                                     12Z  AVG MX 2MIN
DY MAX MIN AVG DEP HDD CDD  WTR  SNW DPTH SPD SPD DIR MIN PSBL S-S WX    SPD DR
================================================================================

 1  50  26  38 -15  27   0 0.00    M    M  6.4 12 130   M    M   1 8      15 110
 2  64  42  53   0  12   0    T    M    M 15.4 26 170   M    M   4        31 170
 3  71  50  61   9   4   0 0.08    M    M 17.5 29 210   M    M   4 1      38 200
 4  60  43  52   0  13   0 0.14    M    M  7.9 20 320   M    M   4 1      25 320
 5  62  42  52   1  13   0 0.00    M    M 10.9 20 210   M    M   0        26 240
 6  53  35  44  -7  21   0 0.00    M    M 12.2 28 330   M    M   2        36 330
 7  62  29  46  -5  19   0 0.00    M    M 11.5 22 180   M    M   0        28 240
 8  56  37  47  -3  18   0 0.00    M    M 12.4 28 330   M    M   2        34 330
 9  66  34  50   0  15   0 0.00    M    M 11.6 22 220   M    M   0        27 210
10  76  40  58   9   7   0 0.00    M    M 16.2 32 190   M    M   2        42 200
11  40  28  34 -15  31   0    T    M    M 17.1 26 330   M    M   9 16     34 330
12  31  23  27 -21  38   0 0.00    M    M 12.7 21 320   M    M   5        26 320
13  31  17  24 -24  41   0 0.00    M    M 10.1 18 330   M    M   4        23 310
14  33  16  25 -22  40   0 0.00    M    M  4.0  8  70   M    M   1        11  50
15  35  21  28 -19  37   0    T    M    M  5.8 16 180   M    M   6        19 190
16  32  19  26 -20  39   0    T    M    M  6.8 17 320   M    M   7 18     20 320
17  25  15  20 -26  45   0 0.00    M    M 14.1 29 280   M    M   3        36 290
18  37  13  25 -21  40   0 0.00    M    M 11.2 25 210   M    M   0        33 210
19  43  25  34 -11  31   0 0.00    M    M 11.9 24 230   M    M   3        34 230
20  42  19  31 -14  34   0 0.00    M    M  4.6 10 340   M    M   0 8      14 320
21  49  24  37  -7  28   0 0.07    M    M 11.1 18 130   M    M   5        23 140
22  62  49  56  12   9   0    T    M    M 14.3 24 200   M    M   6        29 200
23  57  40  49   6  16   0 0.95    M    M 10.3 30 330   M    M   9 12     41 330
================================================================================
SM 1137  687       578   0  1.24    M    256.0          M       77
================================================================================
AV 49.4 29.9                              11.1 FASTST   M    M   3    MAX(MPH)
                                 MISC ---->  # 32 190               # 42  200
================================================================================
NOTES:
# LAST OF SEVERAL OCCURRENCES

COLUMN 17 PEAK WIND IN M.P.H.

PRELIMINARY LOCAL CLIMATOLOGICAL DATA (WS FORM: F-6) , PAGE 2

                                          STATION:  SEDALIA MO
                                          MONTH:    NOVEMBER
                                          YEAR:     2014
                                          LATITUDE:   38 42 N
                                          LONGITUDE:  93  6 W

[TEMPERATURE DATA]      [PRECIPITATION DATA]       SYMBOLS USED IN COLUMN 16

AVERAGE MONTHLY: 39.7   TOTAL FOR MONTH:   1.24    1 = FOG OR MIST
DPTR FM NORMAL:  -8.6   DPTR FM NORMAL:   -1.16    2 = FOG REDUCING VISIBILITY
HIGHEST:    76 ON 10    GRTST 24HR  0.95 ON 23-23      TO 1/4 MILE OR LESS
LOWEST:     13 ON 18                               3 = THUNDER
                        SNOW, ICE PELLETS, HAIL    4 = ICE PELLETS
                        TOTAL MONTH:    M          5 = HAIL
                        GRTST 24HR    M  ON   M    6 = FREEZING RAIN OR DRIZZLE
                        GRTST DEPTH:  M  ON   M    7 = DUSTSTORM OR SANDSTORM:
                                                       VSBY 1/2 MILE OR LESS
                                                   8 = SMOKE OR HAZE
[NO. OF DAYS WITH]      [WEATHER - DAYS WITH]      9 = BLOWING SNOW
                                                   X = TORNADO
MAX 32 OR BELOW:   4    0.01 INCH OR MORE:   4
MAX 90 OR ABOVE:   0    0.10 INCH OR MORE:   2
MIN 32 OR BELOW:  13    0.50 INCH OR MORE:   1
MIN  0 OR BELOW:   0    1.00 INCH OR MORE:   0

[HDD (BASE 65) ]
TOTAL THIS MO.   578    CLEAR  (SCALE 0-3)  12
DPTR FM NORMAL   191    PTCLDY (SCALE 4-7)   9
TOTAL FM JUL 1   817    CLOUDY (SCALE 8-10)  2
DPTR FM NORMAL   139

[CDD (BASE 65) ]
TOTAL THIS MO.     0
DPTR FM NORMAL     0    [PRESSURE DATA]
TOTAL FM JAN 1  1409    HIGHEST SLP  0.00 ON M
DPTR FM NORMAL   -78    LOWEST  SLP  0.00 ON M

[REMARKS]
