000
CXUS55 KEAX 250736
CF6DMO
PRELIMINARY LOCAL CLIMATOLOGICAL DATA (WS FORM: F-6)

                                          STATION:   SEDALIA MO
                                          MONTH:     MAY
                                          YEAR:      2016
                                          LATITUDE:   38 42 N
                                          LONGITUDE:  93  6 W

  TEMPERATURE IN F:       :PCPN:    SNOW:  WIND      :SUNSHINE: SKY     :PK WND
================================================================================
1   2   3   4   5  6A  6B    7    8   9   10  11  12  13   14  15   16   17  18
                                     12Z  AVG MX 2MIN
DY MAX MIN AVG DEP HDD CDD  WTR  SNW DPTH SPD SPD DIR MIN PSBL S-S WX    SPD DR
================================================================================

 1  65  49  57  -4   8   0    T    M    M  9.3 18 330   M    M   4        23 280
 2  55  47  51 -11  14   0    T    M    M  5.2 12 340   M    M   8 1      14 340
 3  68  45  57  -5   8   0 0.00    M    M  7.0 15 330   M    M   1 1      19 320
 4  71  53  62   0   3   0 0.00    M    M 14.2 24 340   M    M   1        31 310
 5  73  47  60  -2   5   0 0.00    M    M  6.6 17 360   M    M   0        22  20
 6  80  48  64   1   1   0 0.00    M    M  8.1 13 230   M    M   0        18 210
 7  87  60  74  11   0   9 0.00    M    M  9.9 20 230   M    M   0        26 240
 8  76  57  67   4   0   2 0.11    M    M  7.1 16  10   M    M   5 13     22 230
 9  73  59  66   2   0   1 0.08    M    M 11.3 22 140   M    M   6 13     29 210
10  81  58  70   6   0   5 0.09    M    M  5.6 23 180   M    M   3 13     31 180
11  85  62  74  10   0   9 0.10    M    M 10.3 25 200   M    M   5 38     32 190
12  73  55  64   0   1   0 0.00    M    M 10.7 24 310   M    M   1 8      31 290
13  80  47  64  -1   1   0 0.03    M    M 12.2 31 350   M    M   2        39 330
14  62  44  53 -12  12   0 0.00    M    M 11.1 24 330   M    M   2        29 340
15  69  42  56  -9   9   0 0.01    M    M  5.3 15 350   M    M   2        19 360
16  56  48  52 -14  13   0 1.05    M    M 10.5 20 130   M    M  10 1      25  70
17  56  47  52 -14  13   0 0.56    M    M  8.7 17  50   M    M   8 1      23  40
18  69  45  57  -9   8   0 0.00    M    M  3.9 13  40   M    M   3 18     16  80
19  69  45  57  -9   8   0 0.05    M    M  5.6 15 130   M    M   3        20 130
20  68  53  61  -6   4   0 0.08    M    M  5.4 13  80   M    M   8        17  70
21  76  50  63  -4   2   0    T    M    M  4.1 13  80   M    M   1 1      20  60
22  80  51  66  -2   0   1 0.00    M    M  7.5 15 130   M    M   0        17 130
23  81  59  70   2   0   5 0.00    M    M 10.9 23 150   M    M   1        28 150
24  78  60  69   1   0   4 0.11    M    M  7.7 17 160   M    M   3 138    21 160
================================================================================
SM 1731 1231       110  36  2.27    M    198.2          M       77
================================================================================
AV 72.1 51.3                               8.3 FASTST   M    M   3    MAX(MPH)
                                 MISC ---->  # 31 350               # 39  330
================================================================================
NOTES:
# LAST OF SEVERAL OCCURRENCES

COLUMN 17 PEAK WIND IN M.P.H.

PRELIMINARY LOCAL CLIMATOLOGICAL DATA (WS FORM: F-6) , PAGE 2

                                          STATION:  SEDALIA MO
                                          MONTH:    MAY
                                          YEAR:     2016
                                          LATITUDE:   38 42 N
                                          LONGITUDE:  93  6 W

[TEMPERATURE DATA]      [PRECIPITATION DATA]       SYMBOLS USED IN COLUMN 16

AVERAGE MONTHLY: 61.7   TOTAL FOR MONTH:   2.27    1 = FOG OR MIST
DPTR FM NORMAL:  -2.9   DPTR FM NORMAL:   -1.42    2 = FOG REDUCING VISIBILITY
HIGHEST:    87 ON  7    GRTST 24HR  1.05 ON 16-16      TO 1/4 MILE OR LESS
LOWEST:     42 ON 15                               3 = THUNDER
                        SNOW, ICE PELLETS, HAIL    4 = ICE PELLETS
                        TOTAL MONTH:    M          5 = HAIL
                        GRTST 24HR    M  ON   M    6 = FREEZING RAIN OR DRIZZLE
                        GRTST DEPTH:  M  ON   M    7 = DUSTSTORM OR SANDSTORM:
                                                       VSBY 1/2 MILE OR LESS
                                                   8 = SMOKE OR HAZE
[NO. OF DAYS WITH]      [WEATHER - DAYS WITH]      9 = BLOWING SNOW
                                                   X = TORNADO
MAX 32 OR BELOW:   0    0.01 INCH OR MORE:  11
MAX 90 OR ABOVE:   0    0.10 INCH OR MORE:   5
MIN 32 OR BELOW:   0    0.50 INCH OR MORE:   2
MIN  0 OR BELOW:   0    1.00 INCH OR MORE:   1

[HDD (BASE 65) ]
TOTAL THIS MO.   110    CLEAR  (SCALE 0-3)  15
DPTR FM NORMAL    34    PTCLDY (SCALE 4-7)   6
TOTAL FM JUL 1  3680    CLOUDY (SCALE 8-10)  3
DPTR FM NORMAL  -878

[CDD (BASE 65) ]
TOTAL THIS MO.    36
DPTR FM NORMAL   -30    [PRESSURE DATA]
TOTAL FM JAN 1    60    HIGHEST SLP  0.00 ON M
DPTR FM NORMAL   -40    LOWEST  SLP  0.00 ON M

[REMARKS]
