000
CXUS55 KEAX 010736
CF6DMO
PRELIMINARY LOCAL CLIMATOLOGICAL DATA (WS FORM: F-6)

                                          STATION:   SEDALIA MO
                                          MONTH:     JUNE
                                          YEAR:      2015
                                          LATITUDE:   38 42 N
                                          LONGITUDE:  93  6 W

  TEMPERATURE IN F:       :PCPN:    SNOW:  WIND      :SUNSHINE: SKY     :PK WND
================================================================================
1   2   3   4   5  6A  6B    7    8   9   10  11  12  13   14  15   16   17  18
                                     12Z  AVG MX 2MIN
DY MAX MIN AVG DEP HDD CDD  WTR  SNW DPTH SPD SPD DIR MIN PSBL S-S WX    SPD DR
================================================================================

 1  64  56  60 -11   5   0 0.00    M    M  4.8 10  60   M    M  10        13  60
 2  73  59  66  -5   0   1 0.00    M    M  8.0 16 130   M    M   6        20 130
 3  71  61  66  -6   0   1 0.44    M    M  6.6 22 110   M    M   5 1      29 110
 4  81  65  73   1   0   8 0.55    M    M  8.0 24 310   M    M   3 1      33 310
 5  84  64  74   2   0   9 0.10    M    M  5.2 17 320   M    M   2 1      23 240
 6  84  66  75   3   0  10    T    M    M  5.3 12 110   M    M   3 1      14 130
 7  91  71  81   8   0  16    T    M    M 13.3 23 220   M    M   1        29 210
 8  86  70  78   5   0  13 0.22    M    M  7.1 20 260   M    M   2 13     29 250
 9  91  67  79   6   0  14 0.00    M    M  7.5 13 230   M    M   0        16 210
10  93  72  83   9   0  18 0.00    M    M 10.5 17 210   M    M   0        23 230
11  91  74  83   9   0  18    T    M    M 11.6 21 180   M    M   1        26 180
12  87  69  78   4   0  13 0.23    M    M  9.4 18 230   M    M   4 1      27 220
13  81  69  75   0   0  10 0.31    M    M  6.4 14 170   M    M   6 1      17 170
14  84  70  77   2   0  12 1.09    M    M  8.7 24 170   M    M   5 1      30 170
15  83  71  77   2   0  12 0.05    M    M  8.6 18 210   M    M   6 1      23 220
16  80  71  76   1   0  11 0.23    M    M  6.8  9 160   M    M   9 1       M  M
17  81  71  76   0   0  11 0.34    M    M  8.9 15 200   M    M   3 1      20 210
18  82  69  76   0   0  11 0.00    M    M  6.4 14 110   M    M   2 1      18 110
19  83  67  75  -1   0  10 0.00    M    M  9.2 15  30   M    M   7 1      21  30
20  94  64  79   3   0  14 0.00    M    M 12.2 24 210   M    M   0 1      31 220
21  84  74  79   3   0  14 0.03    M    M  9.2 21 130   M    M   3        26 220
22  90  75  83   6   0  18 0.00    M    M 15.3 25 210   M    M   2        33 210
23  82  67  75  -2   0  10 0.18    M    M  7.0 22 320   M    M   5 18     31 320
24  92  67  80   3   0  15 0.00    M    M  8.8 17 210   M    M   1        22 180
25  94  71  83   6   0  18 0.23    M    M 11.3 29  20   M    M   2 1      35 350
26  80  67  74  -4   0   9 2.29    M    M  9.0 26  20   M    M   5 1      37 340
27  81  64  73  -5   0   8 0.00    M    M  5.9 12  60   M    M   3 18     15  10
28  87  66  77  -1   0  12 0.00    M    M 10.5 25 210   M    M   2        32 220
29  86  66  76  -2   0  11 0.00    M    M  6.8 15 330   M    M   1        20 330
30  85  68  77  -1   0  12    T    M    M  4.4 10 280   M    M   1 8      13 280
================================================================================
SM 2525 2031         5 339  6.29    M    252.7          M      100
================================================================================
AV 84.2 67.7                               8.4 FASTST   M    M   3    MAX(MPH)
                                 MISC ---->  # 29  20               # 37  340
================================================================================
NOTES:
# LAST OF SEVERAL OCCURRENCES

COLUMN 17 PEAK WIND IN M.P.H.

PRELIMINARY LOCAL CLIMATOLOGICAL DATA (WS FORM: F-6) , PAGE 2

                                          STATION:  SEDALIA MO
                                          MONTH:    JUNE
                                          YEAR:     2015
                                          LATITUDE:   38 42 N
                                          LONGITUDE:  93  6 W

[TEMPERATURE DATA]      [PRECIPITATION DATA]       SYMBOLS USED IN COLUMN 16

AVERAGE MONTHLY: 75.9   TOTAL FOR MONTH:   6.29    1 = FOG OR MIST
DPTR FM NORMAL:   1.0   DPTR FM NORMAL:    1.20    2 = FOG REDUCING VISIBILITY
HIGHEST:    94 ON 25,20 GRTST 24HR  2.52 ON 25-26      TO 1/4 MILE OR LESS
LOWEST:     56 ON  1                               3 = THUNDER
                        SNOW, ICE PELLETS, HAIL    4 = ICE PELLETS
                        TOTAL MONTH:    M          5 = HAIL
                        GRTST 24HR    M  ON   M    6 = FREEZING RAIN OR DRIZZLE
                        GRTST DEPTH:  M  ON   M    7 = DUSTSTORM OR SANDSTORM:
                                                       VSBY 1/2 MILE OR LESS
                                                   8 = SMOKE OR HAZE
[NO. OF DAYS WITH]      [WEATHER - DAYS WITH]      9 = BLOWING SNOW
                                                   X = TORNADO
MAX 32 OR BELOW:   0    0.01 INCH OR MORE:  14
MAX 90 OR ABOVE:   8    0.10 INCH OR MORE:  12
MIN 32 OR BELOW:   0    0.50 INCH OR MORE:   3
MIN  0 OR BELOW:   0    1.00 INCH OR MORE:   2

[HDD (BASE 65) ]
TOTAL THIS MO.     5    CLEAR  (SCALE 0-3)  17
DPTR FM NORMAL    -1    PTCLDY (SCALE 4-7)  11
TOTAL FM JUL 1  4645    CLOUDY (SCALE 8-10)  2
DPTR FM NORMAL    74

[CDD (BASE 65) ]
TOTAL THIS MO.   339
DPTR FM NORMAL    35    [PRESSURE DATA]
TOTAL FM JAN 1   466    HIGHEST SLP  0.00 ON M
DPTR FM NORMAL    23    LOWEST  SLP  0.00 ON M

[REMARKS]
#FINAL-06-15#
