000
CXUS55 KCAE 311400
CF6DNL
PRELIMINARY LOCAL CLIMATOLOGICAL DATA (WS FORM: F-6)

                                          STATION:   AUGUSTA DANIEL FIELD GA
                                          MONTH:     AUGUST
                                          YEAR:      2014
                                          LATITUDE:   33 28 N
                                          LONGITUDE:  82  2 W

  TEMPERATURE IN F:       :PCPN:    SNOW:  WIND      :SUNSHINE: SKY     :PK WND
================================================================================
1   2   3   4   5  6A  6B    7    8   9   10  11  12  13   14  15   16   17  18
                                     12Z  AVG MX 2MIN
DY MAX MIN AVG DEP HDD CDD  WTR  SNW DPTH SPD SPD DIR MIN PSBL S-S WX    SPD DR
================================================================================

 1  81  69  75  -7   0  10    T    M    M  8.7 15 340   M    M   7 1      19 360
 2  77  69  73  -9   0   8 0.34    M    M  6.7 12  30   M    M   9 1      15 350
 3  87  70  79  -3   0  14 0.00    M    M  6.3 12  40   M    M   6        16  40
 4  89  71  80  -2   0  15 0.00    M    M  6.7 13  30   M    M   4 1      17  30
 5  93  73  83   1   0  18 0.00    M    M  4.2 12 320   M    M   3        16  20
 6  94  72  83   1   0  18 0.00    M    M  4.2 12 350   M    M   0        17 300
 7  97  77  87   5   0  22 0.00    M    M  4.8 13 320   M    M   0        17 330
 8  94  72  83   1   0  18 2.43    M    M  6.4 25 120   M    M   2 13     30 120
 9  88  73  81  -1   0  16 0.04    M    M  3.9  8 190   M    M   6 18     11 220
10  86  75  81   0   0  16 0.55    M    M  4.6 12 360   M    M   8 13     14 140
11  90  75  83   2   0  18 0.00    M    M  3.1 10 330   M    M   7        12 320
12  91  76  84   3   0  19 0.05    M    M  3.5 21 220   M    M   1 13     33 220
13  91  73  82   1   0  17 0.00    M    M  5.8 13 300   M    M   0        19 250
14  89  71  80  -1   0  15 0.00    M    M  5.5 13  40   M    M   1        19  40
15  92  71  82   1   0  17 0.00    M    M  4.6 13  10   M    M   2 18     15  10
16  93  72  83   2   0  18 0.00    M    M  2.1 13 320   M    M   1 12     16 250
17  95  73  84   3   0  19 0.00    M    M  3.8 13 200   M    M   1 1      24 320
18  92  75  84   3   0  19 0.14    M    M  4.8 15 290   M    M   1 138    23 280
19  92  73  83   2   0  18 0.00    M    M  6.5 15 190   M    M   1 3      22 260
20  97  75  86   6   0  21    T    M    M  4.6 13 200   M    M   1        17 230
21  99  74  87   7   0  22 0.00    M    M  3.5 13 320   M    M   0        17 330
22 100  77  89   9   0  24 0.00    M    M  4.6 14 320   M    M   0        18 310
23 100  79  90  10   0  25 0.00    M    M  7.4 14 320   M    M   1        20 320
24  89  76  83   3   0  18 0.00    M    M 10.5 17  30   M    M   5        23  30
25  89  69  79  -1   0  14 0.00    M    M 11.0 20  30   M    M   0        25  50
26  91  68  80   0   0  15 0.00    M    M  7.2 13  70   M    M   2        18  70
27  94  68  81   1   0  16 0.00    M    M  7.0 14 320   M    M   0        17 330
28  96  69  83   3   0  18 0.00    M    M  3.5 12 180   M    M   0        14 190
29  96  69  83   4   0  18 0.00    M    M  4.2 12 130   M    M   0        16 130
30  95  74  85   6   0  20 0.00    M    M  6.7 13 120   M    M   2        16 130
================================================================================
SM 2757 2178         0 526  3.55    M    166.4          M       71
================================================================================
AV 91.9 72.6                               5.5 FASTST   M    M   2    MAX(MPH)
                                 MISC ---->  # 25 120               # 33  220
================================================================================
NOTES:
# LAST OF SEVERAL OCCURRENCES

COLUMN 17 PEAK WIND IN M.P.H.

PRELIMINARY LOCAL CLIMATOLOGICAL DATA (WS FORM: F-6) , PAGE 2

                                          STATION:  AUGUSTA DANIEL FIELD GA
                                          MONTH:    AUGUST
                                          YEAR:     2014
                                          LATITUDE:   33 28 N
                                          LONGITUDE:  82  2 W

[TEMPERATURE DATA]      [PRECIPITATION DATA]       SYMBOLS USED IN COLUMN 16

AVERAGE MONTHLY: 82.2   TOTAL FOR MONTH:   3.55    1 = FOG OR MIST
DPTR FM NORMAL:   1.4   DPTR FM NORMAL:   -1.24    2 = FOG REDUCING VISIBILITY
HIGHEST:   100 ON 23,22 GRTST 24HR  2.47 ON  8- 9      TO 1/4 MILE OR LESS
LOWEST:     68 ON 27,26                            3 = THUNDER
                        SNOW, ICE PELLETS, HAIL    4 = ICE PELLETS
                        TOTAL MONTH:    M          5 = HAIL
                        GRTST 24HR    M  ON   M    6 = FREEZING RAIN OR DRIZZLE
                        GRTST DEPTH:  M  ON   M    7 = DUSTSTORM OR SANDSTORM:
                                                       VSBY 1/2 MILE OR LESS
                                                   8 = SMOKE OR HAZE
[NO. OF DAYS WITH]      [WEATHER - DAYS WITH]      9 = BLOWING SNOW
                                                   X = TORNADO
MAX 32 OR BELOW:   0    0.01 INCH OR MORE:   6
MAX 90 OR ABOVE:  21    0.10 INCH OR MORE:   4
MIN 32 OR BELOW:   0    0.50 INCH OR MORE:   2
MIN  0 OR BELOW:   0    1.00 INCH OR MORE:   1

[HDD (BASE 65) ]
TOTAL THIS MO.     0    CLEAR  (SCALE 0-3)  22
DPTR FM NORMAL     0    PTCLDY (SCALE 4-7)   7
TOTAL FM JUL 1     0    CLOUDY (SCALE 8-10)  1
DPTR FM NORMAL     0

[CDD (BASE 65) ]
TOTAL THIS MO.   526
DPTR FM NORMAL    49    [PRESSURE DATA]
TOTAL FM JAN 1  2049    HIGHEST SLP M ON M
DPTR FM NORMAL   251    LOWEST  SLP 29.77 ON 12

[REMARKS]
