000
CXUS55 KVEF 300940
CF6DRA
PRELIMINARY LOCAL CLIMATOLOGICAL DATA (WS FORM: F-6)

                                          STATION:   DESERT ROCK-MERCURY NV
                                          MONTH:     JULY
                                          YEAR:      2015
                                          LATITUDE:   36 37 N
                                          LONGITUDE: 116  1 W

  TEMPERATURE IN F:       :PCPN:    SNOW:  WIND      :SUNSHINE: SKY     :PK WND
================================================================================
1   2   3   4   5  6A  6B    7    8   9   10  11  12  13   14  15   16   17  18
                                     12Z  AVG MX 2MIN
DY MAX MIN AVG DEP HDD CDD  WTR  SNW DPTH SPD SPD DIR MIN PSBL S-S WX    SPD DR
================================================================================

 1 100  75  88   5   0  23 0.03  0.0    0 15.0 28 230   M    M   0        40 190
 2  98  78  88   5   0  23    T  0.0    0  7.5 16 210   M    M   1        21 220
 3 103  78  91   8   0  26 0.00  0.0    0  8.4 18 230   M    M   0        26 230
 4  98  83  91   7   0  26 0.00  0.0    0  7.4 23 230   M    M   2        27 240
 5 103  70  87   3   0  22 0.57  0.0    0  7.8 28 260   M    M   2        37 270
 6  98  67  83  -1   0  18 0.00  0.0    0  7.1 29 120   M    M   1        34 120
 7  98  75  87   3   0  22 0.00  0.0    0  9.4 22 210   M    M   1        26 230
 8  95  74  85   1   0  20    T  0.0    0 12.2 30 200   M    M   1 3      42 210
 9  88  69  79  -5   0  14 0.00  0.0    0 13.2 29 230   M    M   0        38 190
10  89  63  76  -9   0  11 0.00  0.0    0 10.7 28 230   M    M   0        35 240
11  92  64  78  -7   0  13 0.00  0.0    0  8.5 25 210   M    M   0        34 220
12  95  66  81  -4   0  16 0.00  0.0    0  9.9 29 230   M    M   0        39 230
13  98  67  83  -2   0  18 0.00  0.0    0  9.0 25 220   M    M   0        35 210
14  97  70  84  -1   0  19 0.00  0.0    0 11.4 29 200   M    M   0        40 220
15  97  69  83  -2   0  18 0.00  0.0    0 10.5 30 210   M    M   0        43 220
16  99  65  82  -3   0  17 0.00  0.0    0  8.2 29 220   M    M   0        37 230
17 100  70  85   0   0  20 0.00  0.0    0 15.6 26 230   M    M   0        36 230
18  92  72  82  -4   0  17 0.00  0.0    0 17.1 35 220   M    M   0        49 210
19  92  63  78  -8   0  13 0.00  0.0    0  6.2 25 340   M    M   1        33 350
20  78  66  72 -14   0   7 0.59  0.0    0  4.3 24 120   M    M   9 1      28 120
21  90  65  78  -8   0  13 0.00  0.0    0  7.5 20  30   M    M   3        25  20
22  95  67  81  -5   0  16 0.00  0.0    0  9.3 25 210   M    M   1        34 220
23  93  71  82  -4   0  17 0.00  0.0    0 11.0 25 210   M    M   0        34 210
24  94  71  83  -3   0  18 0.00  0.0    0 10.9 26 230   M    M   0        34 220
25  97  66  82  -4   0  17 0.00  0.0    0  7.3 21 220   M    M   0        26 220
26  98  65  82  -4   0  17 0.00  0.0    0 11.6 28 220   M    M   0        39 230
27  97  70  84  -2   0  19 0.00  0.0    0  7.8 21 240   M    M   0        27 250
28  98  67  83  -3   0  18 0.00  0.0    0  7.7 18  40   M    M   0        22  40
29 102  66  84  -2   0  19 0.00  0.0    0  8.9 23 190   M    M   0        29 200
================================================================================
SM 2774 2012         0 517  1.19     0.0 281.4          M       22
================================================================================
AV 95.7 69.4                               9.7 FASTST   M    M   1    MAX(MPH)
                                 MISC ---->  # 35 220               # 49  210
================================================================================
NOTES:
# LAST OF SEVERAL OCCURRENCES

COLUMN 17 PEAK WIND IN M.P.H.

PRELIMINARY LOCAL CLIMATOLOGICAL DATA (WS FORM: F-6) , PAGE 2

                                          STATION:  DESERT ROCK-MERCURY NV
                                          MONTH:    JULY
                                          YEAR:     2015
                                          LATITUDE:   36 37 N
                                          LONGITUDE: 116  1 W

[TEMPERATURE DATA]      [PRECIPITATION DATA]       SYMBOLS USED IN COLUMN 16

AVERAGE MONTHLY: 82.5   TOTAL FOR MONTH:   1.19    1 = FOG OR MIST
DPTR FM NORMAL:  -2.5   DPTR FM NORMAL:    0.76    2 = FOG REDUCING VISIBILITY
HIGHEST:   103 ON  5, 3 GRTST 24HR  0.59 ON 20-20      TO 1/4 MILE OR LESS
LOWEST:     63 ON 19,10                            3 = THUNDER
                        SNOW, ICE PELLETS, HAIL    4 = ICE PELLETS
                        TOTAL MONTH:   0.0 INCH    5 = HAIL
                        GRTST 24HR     0.0         6 = FREEZING RAIN OR DRIZZLE
                        GRTST DEPTH:   0           7 = DUSTSTORM OR SANDSTORM:
                                                       VSBY 1/2 MILE OR LESS
                                                   8 = SMOKE OR HAZE
[NO. OF DAYS WITH]      [WEATHER - DAYS WITH]      9 = BLOWING SNOW
                                                   X = TORNADO
MAX 32 OR BELOW:   0    0.01 INCH OR MORE:   3
MAX 90 OR ABOVE:  26    0.10 INCH OR MORE:   2
MIN 32 OR BELOW:   0    0.50 INCH OR MORE:   2
MIN  0 OR BELOW:   0    1.00 INCH OR MORE:   0

[HDD (BASE 65) ]
TOTAL THIS MO.     0    CLEAR  (SCALE 0-3)  28
DPTR FM NORMAL     0    PTCLDY (SCALE 4-7)   0
TOTAL FM JUL 1     0    CLOUDY (SCALE 8-10)  1
DPTR FM NORMAL     0

[CDD (BASE 65) ]
TOTAL THIS MO.   517
DPTR FM NORMAL   -61    [PRESSURE DATA]
TOTAL FM JAN 1  1254    HIGHEST SLP M ON M
DPTR FM NORMAL    41    LOWEST  SLP 29.55 ON  8

[REMARKS]
