000
CXUS55 KGJT 231000
CF6DRO
PRELIMINARY LOCAL CLIMATOLOGICAL DATA (WS FORM: F-6)

                                          STATION:   DURANGO AIRPORT CO
                                          MONTH:     JUNE
                                          YEAR:      2017
                                          LATITUDE:   37  9 N
                                          LONGITUDE: 107 45 W

  TEMPERATURE IN F:       :PCPN:    SNOW:  WIND      :SUNSHINE: SKY     :PK WND
================================================================================
1   2   3   4   5  6A  6B    7    8   9   10  11  12  13   14  15   16   17  18
                                     12Z  AVG MX 2MIN
DY MAX MIN AVG DEP HDD CDD  WTR  SNW DPTH SPD SPD DIR MIN PSBL S-S WX    SPD DR
================================================================================

 1  77  42  60   2   5   0 0.01    M    M  4.4 20 350   M    M   4 3      28 360
 2  78  46  62   4   3   0 0.00    M    M  6.1 20 340   M    M   2        26 340
 3  83  38  61   3   4   0 0.00    M    M  4.8 16 250   M    M   0        21 250
 4  85  42  64   5   1   0 0.00    M    M  5.8 16 240   M    M   1        20 250
 5  85  47  66   7   0   1    T    M    M  4.0 24 300   M    M   1        34 260
 6  85  51  68   9   0   3    T    M    M  6.7 24  40   M    M   1 3      30 320
 7  87  47  67   7   0   2 0.00    M    M  6.9 26  20   M    M   0 38     32  30
 8  86  47  67   7   0   2 0.00    M    M  6.7 24 280   M    M   0        34 270
 9  85  40  63   3   2   0 0.00    M    M  6.8 21 240   M    M   0        27 250
10  87  41  64   3   1   0 0.00    M    M  6.7 20 220   M    M   0        29 230
11  82  41  62   1   3   0 0.00    M    M  7.0 20 210   M    M   0        25 210
12  80  38  59  -2   6   0 0.00    M    M 11.5 31 210   M    M   0        40 220
13  72  30  51 -10  14   0 0.00    M    M  8.9 24 250   M    M   0        33 250
14  82  32  57  -5   8   0 0.00    M    M  5.8 18 260   M    M   0 8      32 320
15  87  33  60  -2   5   0 0.00    M    M  5.4 22 260   M    M   0        30 260
16  89  40  65   3   0   0 0.00    M    M  6.3 22 270   M    M   0        29 270
17  93  43  68   5   0   3 0.00    M    M  6.9 26 250   M    M   0        37 250
18  92  51  72   9   0   7 0.00    M    M  9.5 28 270   M    M   0        36 280
19  93  47  70   7   0   5 0.00    M    M  4.0 16 270   M    M   0        27 250
20  94  51  73  10   0   8 0.00    M    M  5.8 21 290   M    M   0        26 290
21  96  52  74  10   0   9 0.00    M    M  7.3 30 330   M    M   0        45 350
22  94  51  73   9   0   8 0.00    M    M  8.6 25 280   M    M   0        34 290
================================================================================
SM 1892  950        52  48  0.01    M    145.9          M        9
================================================================================
AV 86.0 43.2                               6.6 FASTST   M    M   0    MAX(MPH)
                                 MISC ---->  # 31 210               # 45  350
================================================================================
NOTES:
# LAST OF SEVERAL OCCURRENCES

COLUMN 17 PEAK WIND IN M.P.H.

PRELIMINARY LOCAL CLIMATOLOGICAL DATA (WS FORM: F-6) , PAGE 2

                                          STATION:  DURANGO AIRPORT CO
                                          MONTH:    JUNE
                                          YEAR:     2017
                                          LATITUDE:   37  9 N
                                          LONGITUDE: 107 45 W

[TEMPERATURE DATA]      [PRECIPITATION DATA]       SYMBOLS USED IN COLUMN 16

AVERAGE MONTHLY: 64.6   TOTAL FOR MONTH:   0.01    1 = FOG OR MIST
DPTR FM NORMAL:   3.6   DPTR FM NORMAL:   -0.37    2 = FOG REDUCING VISIBILITY
HIGHEST:    96 ON 21    GRTST 24HR  0.01 ON  1- 1      TO 1/4 MILE OR LESS
LOWEST:     30 ON 13                               3 = THUNDER
                        SNOW, ICE PELLETS, HAIL    4 = ICE PELLETS
                        TOTAL MONTH:    M          5 = HAIL
                        GRTST 24HR    M  ON   M    6 = FREEZING RAIN OR DRIZZLE
                        GRTST DEPTH:  M  ON   M    7 = DUSTSTORM OR SANDSTORM:
                                                       VSBY 1/2 MILE OR LESS
                                                   8 = SMOKE OR HAZE
[NO. OF DAYS WITH]      [WEATHER - DAYS WITH]      9 = BLOWING SNOW
                                                   X = TORNADO
MAX 32 OR BELOW:   0    0.01 INCH OR MORE:   1
MAX 90 OR ABOVE:   6    0.10 INCH OR MORE:   0
MIN 32 OR BELOW:   2    0.50 INCH OR MORE:   0
MIN  0 OR BELOW:   0    1.00 INCH OR MORE:   0

[HDD (BASE 65) ]
TOTAL THIS MO.    52    CLEAR  (SCALE 0-3)  21
DPTR FM NORMAL   -51    PTCLDY (SCALE 4-7)   1
TOTAL FM JUL 1  6404    CLOUDY (SCALE 8-10)  0
DPTR FM NORMAL  -707

[CDD (BASE 65) ]
TOTAL THIS MO.    48
DPTR FM NORMAL    33    [PRESSURE DATA]
TOTAL FM JAN 1    48    HIGHEST SLP M ON M
DPTR FM NORMAL    32    LOWEST  SLP 29.47 ON M

[REMARKS]
