000
CXUS55 KGJT 301000
CF6DRO
PRELIMINARY LOCAL CLIMATOLOGICAL DATA (WS FORM: F-6)

                                          STATION:   DURANGO AIRPORT CO
                                          MONTH:     JULY
                                          YEAR:      2016
                                          LATITUDE:   37  9 N
                                          LONGITUDE: 107 45 W

  TEMPERATURE IN F:       :PCPN:    SNOW:  WIND      :SUNSHINE: SKY     :PK WND
================================================================================
1   2   3   4   5  6A  6B    7    8   9   10  11  12  13   14  15   16   17  18
                                     12Z  AVG MX 2MIN
DY MAX MIN AVG DEP HDD CDD  WTR  SNW DPTH SPD SPD DIR MIN PSBL S-S WX    SPD DR
================================================================================

 1  65  56  61  -5   4   0 0.63    M    M  6.0 17  60   M    M  10 13     20  50
 2  73  55  64  -3   1   0 0.29    M    M  5.8 21  20   M    M   7 13     27 360
 3  81  49  65  -2   0   0 0.00    M    M  7.8 25 280   M    M   1        34 270
 4  84  48  66  -1   0   1 0.00    M    M  7.6 23 260   M    M   1        30 260
 5  86  49  68   1   0   3 0.00    M    M  6.6 23 270   M    M   0        29 320
 6  87  50  69   2   0   4 0.00    M    M  8.1 25 270   M    M   0        32 270
 7  87  48  68   0   0   3 0.00    M    M  7.9 25 250   M    M   0        32 300
 8  89  48  69   1   0   4 0.00    M    M  6.3 20 270   M    M   0        29 320
 9  90  48  69   1   0   4 0.00    M    M  6.0 22 270   M    M   0        30 300
10  90  47  69   1   0   4 0.00    M    M  9.7 26 220   M    M   0        36 220
11  86  45  66  -2   0   1 0.00    M    M  8.1 26 300   M    M   0        35 300
12  87  43  65  -3   0   0 0.00    M    M  6.2 23 270   M    M   0        30 200
13  89  42  66  -3   0   1 0.00    M    M  7.6 24 260   M    M   0        30 260
14  92  43  68  -1   0   3 0.00    M    M  6.9 23 260   M    M   0        30 250
15  91  46  69   0   0   4 0.00    M    M  6.3 18 270   M    M   0        25 250
16  90  47  69   0   0   4 0.00    M    M  7.6 25 250   M    M   0        32 250
17  90  49  70   1   0   5 0.00    M    M  8.3 29 210   M    M   0        37 210
18  92  60  76   7   0  11 0.14    M    M  6.5 31 140   M    M   4 1      41 140
19  87  59  73   4   0   8 0.35    M    M  6.1 28 130   M    M   2 13     36 180
20  87  56  72   3   0   7 0.01    M    M  5.3 16 350   M    M   2 3      23 350
21  88  53  71   2   0   6    T    M    M  5.6 21 210   M    M   1        27 220
22  88  56  72   2   0   7    T    M    M  6.5 21 330   M    M   1        26 320
23  91  58  75   5   0  10 0.06    M    M  5.2 23  20   M    M   0        28  20
24  92  55  74   4   0   9    T    M    M  4.8 29  20   M    M   1 3      37  20
25  92  57  75   5   0  10    T    M    M  4.4 23 140   M    M   2 3      31 260
26  87  58  73   3   0   8    T    M    M  7.1 23  60   M    M   4 3      29  50
27  94  49  72   2   0   7 0.00    M    M  4.5 17 210   M    M   0        24 230
28  91  57  74   4   0   9    T    M    M  6.5 36 320   M    M   0 3      47 310
29  93  52  73   3   0   8 0.00    M    M  6.6 23 250   M    M   0 3      29 340
================================================================================
SM 2539 1483         5 141  1.48    M    191.9          M       36
================================================================================
AV 87.6 51.1                               6.6 FASTST   M    M   1    MAX(MPH)
                                 MISC ---->  # 36 320               # 47  310
================================================================================
NOTES:
# LAST OF SEVERAL OCCURRENCES

COLUMN 17 PEAK WIND IN M.P.H.

PRELIMINARY LOCAL CLIMATOLOGICAL DATA (WS FORM: F-6) , PAGE 2

                                          STATION:  DURANGO AIRPORT CO
                                          MONTH:    JULY
                                          YEAR:     2016
                                          LATITUDE:   37  9 N
                                          LONGITUDE: 107 45 W

[TEMPERATURE DATA]      [PRECIPITATION DATA]       SYMBOLS USED IN COLUMN 16

AVERAGE MONTHLY: 69.3   TOTAL FOR MONTH:   1.48    1 = FOG OR MIST
DPTR FM NORMAL:   0.7   DPTR FM NORMAL:   -0.08    2 = FOG REDUCING VISIBILITY
HIGHEST:    94 ON 27    GRTST 24HR  0.63 ON  1- 1      TO 1/4 MILE OR LESS
LOWEST:     42 ON 13                               3 = THUNDER
                        SNOW, ICE PELLETS, HAIL    4 = ICE PELLETS
                        TOTAL MONTH:    M          5 = HAIL
                        GRTST 24HR    M  ON   M    6 = FREEZING RAIN OR DRIZZLE
                        GRTST DEPTH:  M  ON   M    7 = DUSTSTORM OR SANDSTORM:
                                                       VSBY 1/2 MILE OR LESS
                                                   8 = SMOKE OR HAZE
[NO. OF DAYS WITH]      [WEATHER - DAYS WITH]      9 = BLOWING SNOW
                                                   X = TORNADO
MAX 32 OR BELOW:   0    0.01 INCH OR MORE:   6
MAX 90 OR ABOVE:  13    0.10 INCH OR MORE:   4
MIN 32 OR BELOW:   0    0.50 INCH OR MORE:   1
MIN  0 OR BELOW:   0    1.00 INCH OR MORE:   0

[HDD (BASE 65) ]
TOTAL THIS MO.     5    CLEAR  (SCALE 0-3)  25
DPTR FM NORMAL    -3    PTCLDY (SCALE 4-7)   3
TOTAL FM JUL 1     5    CLOUDY (SCALE 8-10)  1
DPTR FM NORMAL    -3

[CDD (BASE 65) ]
TOTAL THIS MO.   141
DPTR FM NORMAL    26    [PRESSURE DATA]
TOTAL FM JAN 1   242    HIGHEST SLP M ON M
DPTR FM NORMAL    98    LOWEST  SLP 29.58 ON 10

[REMARKS]
