104
CXUS55 KGJT 301000
CF6DRO
PRELIMINARY LOCAL CLIMATOLOGICAL DATA (WS FORM: F-6)

                                          STATION:   DURANGO AIRPORT CO
                                          MONTH:     APRIL
                                          YEAR:      2016
                                          LATITUDE:   37  9 N
                                          LONGITUDE: 107 45 W

  TEMPERATURE IN F:       :PCPN:    SNOW:  WIND      :SUNSHINE: SKY     :PK WND
================================================================================
1   2   3   4   5  6A  6B    7    8   9   10  11  12  13   14  15   16   17  18
                                     12Z  AVG MX 2MIN
DY MAX MIN AVG DEP HDD CDD  WTR  SNW DPTH SPD SPD DIR MIN PSBL S-S WX    SPD DR
================================================================================

 1  52  19  36  -6  29   0 0.00    M    M  5.2 18 250   M    M   3        23 250
 2  57  19  38  -4  27   0 0.00    M    M  5.1 16 260   M    M   0        21 180
 3  67  20  44   2  21   0 0.00    M    M  7.5 23 250   M    M   0        29 250
 4  68  26  47   5  18   0 0.00    M    M  5.2 18 260   M    M   0        27 200
 5  66  24  45   3  20   0 0.00    M    M 13.5 41 300   M    M   0        51 300
 6  68  19  44   1  21   0 0.00    M    M  5.1 22 220   M    M   0        28 220
 7  68  24  46   3  19   0 0.00    M    M  4.7 14 230   M    M   0        19 220
 8  61  35  48   5  17   0 0.22    M    M  5.6 22 140   M    M   5 18     28 140
 9  61  40  51   8  14   0 0.02    M    M  5.7 17 270   M    M   6        22 250
10  61  33  47   3  18   0 0.00    M    M  6.7 22 230   M    M   2        27 230
11  60  30  45   1  20   0 0.00    M    M  7.4 30 310   M    M   2 13     36 310
12  58  33  46   2  19   0    T    M    M  5.9 23  10   M    M   4 3      28 360
13  67  29  48   4  17   0 0.00    M    M  4.6 17 230   M    M   1        23 220
14  68  30  49   5  16   0 0.00    M    M  6.4 22 240   M    M   3        30 250
15  56  33  45   1  20   0 0.20    M    M  5.7 31 230   M    M   8 13     38 220
16  41  32  37  -8  28   0 0.18    M    M  6.6 21  60   M    M   8 12     25  60
17  46  32  39  -6  26   0 0.08    M    M  5.5 22 310   M    M   8 18     25 320
18  46  28  37  -8  28   0    T    M    M  4.5 26 300   M    M   8 1      31 290
19  55  23  39  -7  26   0 0.00    M    M  6.0 21 250   M    M   2        29 250
20  66  26  46   0  19   0    T    M    M  7.6 33 280   M    M   1        40 280
21  69  27  48   2  17   0 0.00    M    M  4.6 17 260   M    M   1        26 240
22  74  32  53   7  12   0 0.00    M    M  6.1 23 170   M    M   1        30 210
23  70  35  53   7  12   0    T    M    M 13.5 39 250   M    M   2        55 250
24  63  23  43  -4  22   0 0.00    M    M  8.9 26 250   M    M   0        32 270
25  64  27  46  -1  19   0 0.00    M    M 12.7 37 210   M    M   4        49 210
26  50  22  36 -11  29   0 0.00    M    M 10.4 24 280   M    M   3        31 260
27  58  21  40  -8  25   0 0.00    M    M  6.8 21 250   M    M   4        26 230
28  61  37  49   1  16   0    T    M    M 11.0 26 280   M    M   7        35 220
29  52  29  41  -7  24   0 0.03    M    M  9.5 28 290   M    M   4 1      34 290
================================================================================
SM 1753  808       599   0  0.73    M    208.0          M       87
================================================================================
AV 60.4 27.9                               7.2 FASTST   M    M   3    MAX(MPH)
                                 MISC ---->  # 41 300               # 55  250
================================================================================
NOTES:
# LAST OF SEVERAL OCCURRENCES

COLUMN 17 PEAK WIND IN M.P.H.

PRELIMINARY LOCAL CLIMATOLOGICAL DATA (WS FORM: F-6) , PAGE 2

                                          STATION:  DURANGO AIRPORT CO
                                          MONTH:    APRIL
                                          YEAR:     2016
                                          LATITUDE:   37  9 N
                                          LONGITUDE: 107 45 W

[TEMPERATURE DATA]      [PRECIPITATION DATA]       SYMBOLS USED IN COLUMN 16

AVERAGE MONTHLY: 44.2   TOTAL FOR MONTH:   0.73    1 = FOG OR MIST
DPTR FM NORMAL:  -0.5   DPTR FM NORMAL:   -0.34    2 = FOG REDUCING VISIBILITY
HIGHEST:    74 ON 22    GRTST 24HR  0.38 ON 15-16      TO 1/4 MILE OR LESS
LOWEST:     19 ON  6, 2                            3 = THUNDER
                        SNOW, ICE PELLETS, HAIL    4 = ICE PELLETS
                        TOTAL MONTH:    M          5 = HAIL
                        GRTST 24HR    M  ON   M    6 = FREEZING RAIN OR DRIZZLE
                        GRTST DEPTH:  M  ON   M    7 = DUSTSTORM OR SANDSTORM:
                                                       VSBY 1/2 MILE OR LESS
                                                   8 = SMOKE OR HAZE
[NO. OF DAYS WITH]      [WEATHER - DAYS WITH]      9 = BLOWING SNOW
                                                   X = TORNADO
MAX 32 OR BELOW:   0    0.01 INCH OR MORE:   6
MAX 90 OR ABOVE:   0    0.10 INCH OR MORE:   3
MIN 32 OR BELOW:  22    0.50 INCH OR MORE:   0
MIN  0 OR BELOW:   0    1.00 INCH OR MORE:   0

[HDD (BASE 65) ]
TOTAL THIS MO.   599    CLEAR  (SCALE 0-3)  17
DPTR FM NORMAL     8    PTCLDY (SCALE 4-7)  10
TOTAL FM JUL 1  6700    CLOUDY (SCALE 8-10)  2
DPTR FM NORMAL    80

[CDD (BASE 65) ]
TOTAL THIS MO.     0
DPTR FM NORMAL     0    [PRESSURE DATA]
TOTAL FM JAN 1     0    HIGHEST SLP M ON M
DPTR FM NORMAL     0    LOWEST  SLP 29.38 ON 25

[REMARKS]
