000
CXUS54 KEWX 220910
CF6DRT
PRELIMINARY LOCAL CLIMATOLOGICAL DATA (WS FORM: F-6)

                                          STATION:   DEL RIO
                                          MONTH:     FEBRUARY
                                          YEAR:      2018
                                          LATITUDE:   29 22 N
                                          LONGITUDE: 100 55 W

  TEMPERATURE IN F:       :PCPN:    SNOW:  WIND      :SUNSHINE: SKY     :PK WND
================================================================================
1   2   3   4   5  6A  6B    7    8   9   10  11  12  13   14  15   16   17  18
                                     12Z  AVG MX 2MIN
DY MAX MIN AVG DEP HDD CDD  WTR  SNW DPTH SPD SPD DIR MIN PSBL S-S WX    SPD DR
================================================================================

 1  79  44  62   8   3   0 0.00  0.0    0  6.9 20 350   M    M   0        27 350
 2  60  40  50  -4  15   0    T  0.0    0  5.2 14 160   M    M   1        17 190
 3  71  45  58   4   7   0 0.00  0.0    0 10.8 20 160   M    M   1        24 130
 4  87  42  65  11   0   0 0.00  0.0    0  5.3 16 300   M    M   0 1      21 310
 5  66  47  57   2   8   0 0.00  0.0    0  7.7 18 140   M    M   4        23  50
 6  63  56  60   5   5   0 0.03  0.0    0  5.0 15 120   M    M  10 1      19 130
 7  61  40  51  -4  14   0 0.01  0.0    0  9.6 21 330   M    M   5 1      27 330
 8  63  31  47  -8  18   0 0.00  0.0    0  4.6 13 120   M    M   0        16 130
 9  66  43  55  -1  10   0    T  0.0    0  8.1 16 120   M    M   2        20 150
10  73  55  64   8   1   0 0.00  0.0    0  5.7 13 110   M    M   6 1      18 110
11  57  32  45 -11  20   0    T    T    0 10.4 22 310   M    M   5 1      33 320
12  55  31  43 -13  22   0 0.00  0.0    0  7.4 16 140   M    M   4        24 120
13  58  47  53  -3  12   0 0.00  0.0    0 10.3 21 130   M    M   9        27 130
14  71  50  61   4   4   0 0.00  0.0    0  7.9 18 150   M    M   6 1      22 150
15  70  60  65   8   0   0    T  0.0    0  7.1 15 150   M    M   7 1      20 120
16  76  55  66   9   0   1 0.00  0.0    0  4.7 14 270   M    M   8 12     18  70
17  83  54  69  12   0   4 0.00  0.0    0  5.5 17 360   M    M   4        22 360
18  72  59  66   8   0   1    T  0.0    0  8.8 17 130   M    M   7 1      23 120
19  84  65  75  17   0  10 0.10  0.0    0 10.7 20  90   M    M   3 18     23 110
20  85  69  77  19   0  12    T  0.0    0 10.0 17 150   M    M   4        22 120
21  72  40  56  -2   9   0 0.02  0.0    0 13.8 26 300   M    M   8 1      33 300
================================================================================
SM 1472 1005       148  28  0.16    T    165.5          M       94
================================================================================
AV 70.1 47.9                               7.9 FASTST   M    M   4    MAX(MPH)
                                 MISC ---->  # 26 300               # 33  320
================================================================================
NOTES:
# LAST OF SEVERAL OCCURRENCES

COLUMN 17 PEAK WIND IN M.P.H.

PRELIMINARY LOCAL CLIMATOLOGICAL DATA (WS FORM: F-6) , PAGE 2

                                          STATION:  DEL RIO
                                          MONTH:    FEBRUARY
                                          YEAR:     2018
                                          LATITUDE:   29 22 N
                                          LONGITUDE: 100 55 W

[TEMPERATURE DATA]      [PRECIPITATION DATA]       SYMBOLS USED IN COLUMN 16

AVERAGE MONTHLY: 59.0   TOTAL FOR MONTH:   0.16    1 = FOG OR MIST
DPTR FM NORMAL:   3.0   DPTR FM NORMAL:   -0.47    2 = FOG REDUCING VISIBILITY
HIGHEST:    87 ON  4    GRTST 24HR  0.10 ON 19-19      TO 1/4 MILE OR LESS
LOWEST:     31 ON 12, 8                            3 = THUNDER
                        SNOW, ICE PELLETS, HAIL    4 = ICE PELLETS
                        TOTAL MONTH:    T          5 = HAIL
                        GRTST 24HR    T  ON 11-11  6 = FREEZING RAIN OR DRIZZLE
                        GRTST DEPTH:   0           7 = DUSTSTORM OR SANDSTORM:
                                                       VSBY 1/2 MILE OR LESS
                                                   8 = SMOKE OR HAZE
[NO. OF DAYS WITH]      [WEATHER - DAYS WITH]      9 = BLOWING SNOW
                                                   X = TORNADO
MAX 32 OR BELOW:   0    0.01 INCH OR MORE:   4
MAX 90 OR ABOVE:   0    0.10 INCH OR MORE:   1
MIN 32 OR BELOW:   3    0.50 INCH OR MORE:   0
MIN  0 OR BELOW:   0    1.00 INCH OR MORE:   0

[HDD (BASE 65) ]
TOTAL THIS MO.   148    CLEAR  (SCALE 0-3)   6
DPTR FM NORMAL   -51    PTCLDY (SCALE 4-7)  12
TOTAL FM JUL 1  1205    CLOUDY (SCALE 8-10)  3
DPTR FM NORMAL    16

[CDD (BASE 65) ]
TOTAL THIS MO.    28
DPTR FM NORMAL    23    [PRESSURE DATA]
TOTAL FM JAN 1    28    HIGHEST SLP M ON M
DPTR FM NORMAL    20    LOWEST  SLP 29.75 ON 19

[REMARKS]
