000
CXUS53 KDMX 300920
CF6DSM
PRELIMINARY LOCAL CLIMATOLOGICAL DATA (WS FORM: F-6)

                                          STATION:   DES MOINES IA
                                          MONTH:     AUGUST
                                          YEAR:      2015
                                          LATITUDE:   41 31 N
                                          LONGITUDE:  93 39 W

  TEMPERATURE IN F:       :PCPN:    SNOW:  WIND      :SUNSHINE: SKY     :PK WND
================================================================================
1   2   3   4   5  6A  6B    7    8   9   10  11  12  13   14  15   16   17  18
                                     12Z  AVG MX 2MIN
DY MAX MIN AVG DEP HDD CDD  WTR  SNW DPTH SPD SPD DIR MIN PSBL S-S WX    SPD DR
================================================================================

 1  88  68  78   2   0  13 0.00  0.0    0  6.4 15 230   M    M   6        18 210
 2  93  73  83   7   0  18 0.05  0.0    0 12.5 32 250   M    M   4 3      39 250
 3  84  67  76   0   0  11 0.00  0.0    0  4.6 13  20   M    M   3        17  30
 4  79  66  73  -3   0   8 0.01  0.0    0  4.3 14  90   M    M   8        20  80
 5  81  69  75  -1   0  10 0.00  0.0    0  7.0 14  60   M    M   8        18 110
 6  84  67  76   0   0  11 0.00  0.0    0  7.3 15 140   M    M   6        19 120
 7  90  69  80   5   0  15 0.00  0.0    0  7.0 15 340   M    M   5        22 330
 8  84  72  78   3   0  13 0.70  0.0    0  8.0 17 140   M    M   9 13     22 100
 9  85  71  78   3   0  13 0.06  0.0    0  6.8 26  40   M    M   6 13     31  50
10  85  67  76   1   0  11 0.02  0.0    0  8.9 17 350   M    M   4 13     23 360
11  86  63  75   0   0  10 0.00  0.0    0  6.3 16  20   M    M   1        20  20
12  87  65  76   1   0  11 0.00  0.0    0  3.8 10 130   M    M   2 1      13 110
13  87  66  77   2   0  12 0.00  0.0    0  7.4 17 250   M    M   5        21 240
14  89  71  80   5   0  15 0.00  0.0    0  5.2 12 240   M    M   4        18 260
15  88  69  79   4   0  14 0.00  0.0    0  6.7 15 200   M    M   1        19 170
16  89  69  79   4   0  14 0.00  0.0    0  8.9 17 210   M    M   6        24 220
17  78  71  75   1   0  10 0.06  0.0    0  5.7 18  20   M    M   9 18     24  20
18  72  60  66  -8   0   1 2.46  0.0    0  9.2 23 180   M    M   9 13     30 190
19  68  57  63 -11   2   0 0.05  0.0    0 14.1 26 280   M    M   9        37 280
20  80  53  67  -7   0   2 0.00  0.0    0  7.1 13 240   M    M   1        16 270
21  83  63  73  -1   0   8 0.00  0.0    0 13.0 24 170   M    M   4        30 160
22  84  65  75   1   0  10 0.51  0.0    0 12.4 30 280   M    M   7 138    36 320
23  73  56  65  -9   0   0    T  0.0    0 13.8 28 320   M    M   3 13     34 310
24  76  53  65  -8   0   0 0.00  0.0    0  9.0 23 310   M    M   1        30 320
25  77  53  65  -8   0   0 0.00  0.0    0  7.0 18 320   M    M   2        24 320
26  79  53  66  -7   0   1 0.00  0.0    0  3.8 10 140   M    M   3 1      13 120
27  76  57  67  -6   0   2 0.03  0.0    0  9.9 20 180   M    M   8        26 180
28  79  64  72   0   0   7 0.30  0.0    0 11.2 22 180   M    M  10 13     29 190
29  73  64  69  -3   0   4    T  0.0    0  6.4 14 350   M    M  10 12     18 330
================================================================================
SM 2377 1861         2 244  4.25     0.0 233.7          M      154
================================================================================
AV 82.0 64.2                               8.1 FASTST   M    M   5    MAX(MPH)
                                 MISC ---->  # 32 250               # 39  250
================================================================================
NOTES:
# LAST OF SEVERAL OCCURRENCES

COLUMN 17 PEAK WIND IN M.P.H.

PRELIMINARY LOCAL CLIMATOLOGICAL DATA (WS FORM: F-6) , PAGE 2

                                          STATION:  DES MOINES IA
                                          MONTH:    AUGUST
                                          YEAR:     2015
                                          LATITUDE:   41 31 N
                                          LONGITUDE:  93 39 W

[TEMPERATURE DATA]      [PRECIPITATION DATA]       SYMBOLS USED IN COLUMN 16

AVERAGE MONTHLY: 73.1   TOTAL FOR MONTH:   4.25    1 = FOG OR MIST
DPTR FM NORMAL:  -1.4   DPTR FM NORMAL:    0.36    2 = FOG REDUCING VISIBILITY
HIGHEST:    93 ON  2    GRTST 24HR  2.46 ON 18-18      TO 1/4 MILE OR LESS
LOWEST:     53 ON 26,25                            3 = THUNDER
                        SNOW, ICE PELLETS, HAIL    4 = ICE PELLETS
                        TOTAL MONTH:   0.0 INCH    5 = HAIL
                        GRTST 24HR     0.0         6 = FREEZING RAIN OR DRIZZLE
                        GRTST DEPTH:   0           7 = DUSTSTORM OR SANDSTORM:
                                                       VSBY 1/2 MILE OR LESS
                                                   8 = SMOKE OR HAZE
[NO. OF DAYS WITH]      [WEATHER - DAYS WITH]      9 = BLOWING SNOW
                                                   X = TORNADO
MAX 32 OR BELOW:   0    0.01 INCH OR MORE:  11
MAX 90 OR ABOVE:   2    0.10 INCH OR MORE:   4
MIN 32 OR BELOW:   0    0.50 INCH OR MORE:   3
MIN  0 OR BELOW:   0    1.00 INCH OR MORE:   1

[HDD (BASE 65) ]
TOTAL THIS MO.     2    CLEAR  (SCALE 0-3)   8
DPTR FM NORMAL     2    PTCLDY (SCALE 4-7)  14
TOTAL FM JUL 1     2    CLOUDY (SCALE 8-10)  7
DPTR FM NORMAL     1

[CDD (BASE 65) ]
TOTAL THIS MO.   244
DPTR FM NORMAL   -36    [PRESSURE DATA]
TOTAL FM JAN 1   934    HIGHEST SLP M ON M
DPTR FM NORMAL     8    LOWEST  SLP 29.58 ON 18

[REMARKS]
