000
CXUS53 KDTX 250800
CF6DTW
PRELIMINARY LOCAL CLIMATOLOGICAL DATA (WS FORM: F-6)

                                          STATION:   DETROIT MI
                                          MONTH:     JULY
                                          YEAR:      2014
                                          LATITUDE:   42 13 N
                                          LONGITUDE:  83 20 W

  TEMPERATURE IN F:       :PCPN:    SNOW:  WIND      :SUNSHINE: SKY     :PK WND
================================================================================
1   2   3   4   5  6A  6B    7    8   9   10  11  12  13   14  15   16   17  18
                                     12Z  AVG MX 2MIN
DY MAX MIN AVG DEP HDD CDD  WTR  SNW DPTH SPD SPD DIR MIN PSBL S-S WX    SPD DR
================================================================================

 1  85  67  76   3   0  11 0.54  0.0    0 13.8 20 210   M    M   8 13     38 210
 2  79  66  73   0   0   8 0.00  0.0    0 11.5 24 210   M    M   7        29 220
 3  73  58  66  -7   0   1 0.01  0.0    0  7.5 17 320   M    M   7 8      23 280
 4  77  55  66  -7   0   1 0.00  0.0    0  5.8 15 340   M    M   4        21  10
 5  78  54  66  -8   0   1 0.00  0.0    0  6.3 16 220   M    M   5 8      21 230
 6  81  60  71  -3   0   6    T  0.0    0 11.8 22 210   M    M   7        30 180
 7  87  68  78   4   0  13 0.25  0.0    0 14.6 30 270   M    M   8 138    47  90
 8  81  66  74   0   0   9 0.27  0.0    0 12.2 23 260   M    M   8 1      40 250
 9  78  61  70  -4   0   5 0.00  0.0    0  5.8 16 300   M    M   7        26 220
10  78  59  69  -5   0   4 0.00  0.0    0  3.5 10 120   M    M   7 18     17 220
11  80  58  69  -5   0   4 0.00  0.0    0  4.1 12 140   M    M   5 8      20 150
12  86  66  76   2   0  11    T  0.0    0  7.2 17 200   M    M   7 18     22 200
13  85  68  77   3   0  12 0.04  0.0    0 11.1 21 230   M    M   7 1      29 250
14  84  66  75   1   0  10 0.17  0.0    0  5.5 15 250   M    M   9 18     18 250
15  73  59  66  -8   0   1    T  0.0    0 11.1 24 260   M    M   7        31 270
16  71  53  62 -12   3   0 0.00  0.0    0  7.5 14 270   M    M   8        18 280
17  78  56  67  -7   0   2 0.00  0.0    0  4.4 13 280   M    M   6        21 240
18  79  57  68  -6   0   3 0.00  0.0    0  4.0 15 170   M    M   8 8      18 170
19  73  63  68  -6   0   3 0.01  0.0    0  4.5 13  10   M    M   8 1      15  50
20  83  60  72  -2   0   7 0.00  0.0    0  1.7 10 140   M    M   7 128    28  40
21  84  63  74   0   0   9 0.00  0.0    0  2.9 12 120   M    M   5 128    15 130
22  94  65  80   6   0  15 0.00  0.0    0  7.7 21 190   M    M   2 18     24 210
23  79  61  70  -4   0   5    T  0.0    0 10.4 18 310   M    M   9 38     22 310
24  77  56  67  -7   0   2 0.00  0.0    0  6.3 13 350   M    M   5        18  20
================================================================================
SM 1923 1465         3 143  1.29     0.0 181.2          M      161
================================================================================
AV 80.1 61.0                               7.5 FASTST   M    M   7    MAX(MPH)
                                 MISC ---->  # 30 270               # 47   90
================================================================================
NOTES:
# LAST OF SEVERAL OCCURRENCES

COLUMN 17 PEAK WIND IN M.P.H.

PRELIMINARY LOCAL CLIMATOLOGICAL DATA (WS FORM: F-6) , PAGE 2

                                          STATION:  DETROIT MI
                                          MONTH:    JULY
                                          YEAR:     2014
                                          LATITUDE:   42 13 N
                                          LONGITUDE:  83 20 W

[TEMPERATURE DATA]      [PRECIPITATION DATA]       SYMBOLS USED IN COLUMN 16

AVERAGE MONTHLY: 70.6   TOTAL FOR MONTH:   1.29    1 = FOG OR MIST
DPTR FM NORMAL:  -3.2   DPTR FM NORMAL:   -1.26    2 = FOG REDUCING VISIBILITY
HIGHEST:    94 ON 22    GRTST 24HR  0.54 ON  1- 1      TO 1/4 MILE OR LESS
LOWEST:     53 ON 16                               3 = THUNDER
                        SNOW, ICE PELLETS, HAIL    4 = ICE PELLETS
                        TOTAL MONTH:   0.0 INCH    5 = HAIL
                        GRTST 24HR     0.0         6 = FREEZING RAIN OR DRIZZLE
                        GRTST DEPTH:   0           7 = DUSTSTORM OR SANDSTORM:
                                                       VSBY 1/2 MILE OR LESS
                                                   8 = SMOKE OR HAZE
[NO. OF DAYS WITH]      [WEATHER - DAYS WITH]      9 = BLOWING SNOW
                                                   X = TORNADO
MAX 32 OR BELOW:   0    0.01 INCH OR MORE:   7
MAX 90 OR ABOVE:   1    0.10 INCH OR MORE:   4
MIN 32 OR BELOW:   0    0.50 INCH OR MORE:   1
MIN  0 OR BELOW:   0    1.00 INCH OR MORE:   0

[HDD (BASE 65) ]
TOTAL THIS MO.     3    CLEAR  (SCALE 0-3)   1
DPTR FM NORMAL     3    PTCLDY (SCALE 4-7)  20
TOTAL FM JUL 1     3    CLOUDY (SCALE 8-10)  3
DPTR FM NORMAL     3

[CDD (BASE 65) ]
TOTAL THIS MO.   143
DPTR FM NORMAL   -70    [PRESSURE DATA]
TOTAL FM JAN 1   392    HIGHEST SLP M ON M
DPTR FM NORMAL   -36    LOWEST  SLP 29.64 ON  7

[REMARKS]
