000
CXUS55 KTWC 280855
CF6DUG
PRELIMINARY LOCAL CLIMATOLOGICAL DATA (WS FORM: F-6)

                                          STATION:   DOUGLAS AZ
                                          MONTH:     MARCH
                                          YEAR:      2017
                                          LATITUDE:   31 28 N
                                          LONGITUDE: 109 36 W

  TEMPERATURE IN F:       :PCPN:    SNOW:  WIND      :SUNSHINE: SKY     :PK WND
================================================================================
1   2   3   4   5  6A  6B    7    8   9   10  11  12  13   14  15   16   17  18
                                     12Z  AVG MX 2MIN
DY MAX MIN AVG DEP HDD CDD  WTR  SNW DPTH SPD SPD DIR MIN PSBL S-S WX    SPD DR
================================================================================

 1  67  30  49  -3  16   0 0.00  0.0    0  5.8 12 360   M    M   0        14 310
 2  70  30  50  -2  15   0 0.00  0.0    0 13.2 23  90   M    M   M        29  80
 3  66  47  57   5   8   0 0.00  0.0    0 11.5 22  90   M    M   0        26  90
 4  77  35  56   3   9   0 0.00  0.0    0  6.3 21 250   M    M   1        27 240
 5  74  45  60   7   5   0 0.00  0.0    0 14.2 31 240   M    M   4        38 230
 6  74  39  57   4   8   0 0.00  0.0    0 11.3 23 250   M    M   0        31 240
 7  76  29  53   0  12   0 0.00  0.0    0  6.1 13 360   M    M   0        15 220
 8  82  33  58   5   7   0 0.00  0.0    0  5.0 14 350   M    M   0        16 350
 9  83  38  61   8   4   0 0.00  0.0    0  5.1 17 330   M    M   0        21 330
10  85  41  63   9   2   0 0.00  0.0    0  6.6 16 340   M    M   0        18 340
11  84  41  63   9   2   0 0.00  0.0    0  6.1 15  10   M    M   0        20 270
12  85  38  62   8   3   0 0.00  0.0    M  8.5 21 300   M    M   0        27 250
13  83  39  61   7   4   0 0.00  0.0    0  5.5 14 180   M    M   0        18 190
14  86  40  63   9   2   0 0.00  0.0    0  7.3 16 310   M    M   0        23 300
15  86  42  64  10   1   0 0.00  0.0    0  6.9 18 220   M    M   0        24 320
16  84  41  63   9   2   0 0.00  0.0    0  5.9 17 330   M    M   0        23 290
17  85  42  64   9   1   0 0.00  0.0    0  4.6 14 140   M    M   0        21 190
18  87  43  65  10   0   0 0.00  0.0    0  5.1 17 150   M    M   0        22 170
19  88  43  66  11   0   1 0.00  0.0    0  6.2 13 310   M    M   0        18 310
20  87  51  69  14   0   4 0.00  0.0    0  7.4 17 230   M    M   0        23 240
21  87  44  66  11   0   1 0.00  0.0    0  7.5 20 230   M    M   0        27 220
22  87  45  66  10   0   1 0.00  0.0    0 11.2 35 240   M    M   M        44 240
23  65  40  53  -3  12   0 0.00  0.0    0 16.1 32 260   M    M   2        43 260
24  71  32  52  -4  13   0 0.00  0.0    0  7.8 17 310   M    M   0        24 320
25  81  30  56   0   9   0 0.00  0.0    0  9.8 28 260   M    M   0        35 260
26  76  40  58   2   7   0 0.00  0.0    0  8.3 20 230   M    M   0        29 230
27  79  40  60   4   5   0 0.00  0.0    0  9.8 25 260   M    M   2        32 220
================================================================================
SM 2155 1058       147   7  0.00     0.0 219.1          M        9
================================================================================
AV 79.8 39.2                               8.1 FASTST   M    M   0    MAX(MPH)
                                 MISC ---->  # 35 240               # 44  240
================================================================================
NOTES:
# LAST OF SEVERAL OCCURRENCES

COLUMN 17 PEAK WIND IN M.P.H.

PRELIMINARY LOCAL CLIMATOLOGICAL DATA (WS FORM: F-6) , PAGE 2

                                          STATION:  DOUGLAS AZ
                                          MONTH:    MARCH
                                          YEAR:     2017
                                          LATITUDE:   31 28 N
                                          LONGITUDE: 109 36 W

[TEMPERATURE DATA]      [PRECIPITATION DATA]       SYMBOLS USED IN COLUMN 16

AVERAGE MONTHLY: 59.5   TOTAL FOR MONTH:   0.00    1 = FOG OR MIST
DPTR FM NORMAL:   5.3   DPTR FM NORMAL:   -0.46    2 = FOG REDUCING VISIBILITY
HIGHEST:    88 ON 19    GRTST 24HR  0.00 ON 27-27      TO 1/4 MILE OR LESS
LOWEST:     29 ON  7                               3 = THUNDER
                        SNOW, ICE PELLETS, HAIL    4 = ICE PELLETS
                        TOTAL MONTH:   0.0 INCH    5 = HAIL
                        GRTST 24HR     0.0         6 = FREEZING RAIN OR DRIZZLE
                        GRTST DEPTH:   0           7 = DUSTSTORM OR SANDSTORM:
                                                       VSBY 1/2 MILE OR LESS
                                                   8 = SMOKE OR HAZE
[NO. OF DAYS WITH]      [WEATHER - DAYS WITH]      9 = BLOWING SNOW
                                                   X = TORNADO
MAX 32 OR BELOW:   0    0.01 INCH OR MORE:   0
MAX 90 OR ABOVE:   0    0.10 INCH OR MORE:   0
MIN 32 OR BELOW:   5    0.50 INCH OR MORE:   0
MIN  0 OR BELOW:   0    1.00 INCH OR MORE:   0

[HDD (BASE 65) ]
TOTAL THIS MO.   147    CLEAR  (SCALE 0-3)  24
DPTR FM NORMAL  -146    PTCLDY (SCALE 4-7)   1
TOTAL FM JUL 1  1940    CLOUDY (SCALE 8-10)  0
DPTR FM NORMAL  -389

[CDD (BASE 65) ]
TOTAL THIS MO.     7
DPTR FM NORMAL     7    [PRESSURE DATA]
TOTAL FM JAN 1     7    HIGHEST SLP M ON M
DPTR FM NORMAL     7    LOWEST  SLP 29.68 ON 27

[REMARKS]
