817
CXUS55 KTWC 210855
CF6DUG
PRELIMINARY LOCAL CLIMATOLOGICAL DATA (WS FORM: F-6)

                                          STATION:   DOUGLAS AZ
                                          MONTH:     NOVEMBER
                                          YEAR:      2017
                                          LATITUDE:   31 28 N
                                          LONGITUDE: 109 36 W

  TEMPERATURE IN F:       :PCPN:    SNOW:  WIND      :SUNSHINE: SKY     :PK WND
================================================================================
1   2   3   4   5  6A  6B    7    8   9   10  11  12  13   14  15   16   17  18
                                     12Z  AVG MX 2MIN
DY MAX MIN AVG DEP HDD CDD  WTR  SNW DPTH SPD SPD DIR MIN PSBL S-S WX    SPD DR
================================================================================

 1  77  42  60   1   5   0 0.00  0.0    M  8.6 23 220   M    M   M        29 250
 2  77  43  60   2   5   0 0.00  0.0    M  7.6 21 250   M    M   M        28 240
 3  80  41  61   3   4   0 0.00  0.0    M  4.1 13 240   M    M   M        18 180
 4  63  46  55  -3  10   0 0.01  0.0    0  7.5 28 130   M    M   M        35 130
 5  82  40  61   4   4   0 0.00  0.0    M  7.9 23 250   M    M   M 1      29 250
 6  82  40  61   4   4   0 0.00  0.0    M  5.0 16 310   M    M   M        20 300
 7  79  46  63   7   2   0 0.01    M    M  7.7 26 320   M    M   M        34 320
 8  74  47  61   5   4   0 0.09    M    M  5.1 16 310   M    M   M 1      20 270
 9  79  43  61   5   4   0 0.00  0.0    M  3.3  9 290   M    M   M        11 290
10  82  39  61   6   4   0 0.00  0.0    M  5.2 17 220   M    M   M        23 240
11  81  43  62   7   3   0 0.00  0.0    M  4.6 13 360   M    M   M        14 360
12  82  38  60   6   5   0 0.00  0.0    M  2.9 10 170   M    M   M        13 170
13  87  39  63   9   2   0 0.00  0.0    M  4.6 14 310   M    M   M        18 330
14  86  41  64  10   1   0 0.00  0.0    M  4.9 13  10   M    M   M        16 320
15  83  37  60   7   5   0 0.00  0.0    M  3.2 13 340   M    M   M        15 340
16  84  37  61   8   4   0 0.00  0.0    M  3.0 15 280   M    M   M        19 280
17  81  40  61   8   4   0 0.00  0.0    M  7.6 23 240   M    M   M        30 280
18  74  43  59   7   6   0 0.00  0.0    M  4.8 14 100   M    M   M        17 110
19  70  41  56   4   9   0 0.00  0.0    M  8.1 15  70   M    M   M        19  90
20  73  26  50  -2  15   0 0.00  0.0    0  3.2 13 340   M    M   M        13 340
================================================================================
SM 1576  812       100   0  0.11     0.0 108.9          M        M
================================================================================
AV 78.8 40.6                               5.4 FASTST   M    M -nan   MAX(MPH)
                                 MISC ---->  # 28 130               # 35  130
================================================================================
NOTES:
# LAST OF SEVERAL OCCURRENCES

COLUMN 17 PEAK WIND IN M.P.H.

PRELIMINARY LOCAL CLIMATOLOGICAL DATA (WS FORM: F-6) , PAGE 2

                                          STATION:  DOUGLAS AZ
                                          MONTH:    NOVEMBER
                                          YEAR:     2017
                                          LATITUDE:   31 28 N
                                          LONGITUDE: 109 36 W

[TEMPERATURE DATA]      [PRECIPITATION DATA]       SYMBOLS USED IN COLUMN 16

AVERAGE MONTHLY: 59.7   TOTAL FOR MONTH:   0.11    1 = FOG OR MIST
DPTR FM NORMAL:   4.6   DPTR FM NORMAL:   -0.33    2 = FOG REDUCING VISIBILITY
HIGHEST:    87 ON 13    GRTST 24HR  0.10 ON 31- 1      TO 1/4 MILE OR LESS
LOWEST:     26 ON 20                               3 = THUNDER
                        SNOW, ICE PELLETS, HAIL    4 = ICE PELLETS
                        TOTAL MONTH:   0.0 INCH    5 = HAIL
                        GRTST 24HR     0.0         6 = FREEZING RAIN OR DRIZZLE
                        GRTST DEPTH:   0           7 = DUSTSTORM OR SANDSTORM:
                                                       VSBY 1/2 MILE OR LESS
                                                   8 = SMOKE OR HAZE
[NO. OF DAYS WITH]      [WEATHER - DAYS WITH]      9 = BLOWING SNOW
                                                   X = TORNADO
MAX 32 OR BELOW:   0    0.01 INCH OR MORE:   3
MAX 90 OR ABOVE:   0    0.10 INCH OR MORE:   0
MIN 32 OR BELOW:   1    0.50 INCH OR MORE:   0
MIN  0 OR BELOW:   0    1.00 INCH OR MORE:   0

[HDD (BASE 65) ]
TOTAL THIS MO.   100    CLEAR  (SCALE 0-3)   0
DPTR FM NORMAL   -99    PTCLDY (SCALE 4-7)   0
TOTAL FM JUL 1   133    CLOUDY (SCALE 8-10)  0
DPTR FM NORMAL  -149

[CDD (BASE 65) ]
TOTAL THIS MO.     0
DPTR FM NORMAL     0    [PRESSURE DATA]
TOTAL FM JAN 1  1892    HIGHEST SLP M ON M
DPTR FM NORMAL    80    LOWEST  SLP 29.79 ON  1

[REMARKS]
