000
CXUS54 KMAF 251100
CF6E38
PRELIMINARY LOCAL CLIMATOLOGICAL DATA (WS FORM: F-6)

                                          STATION:   Alpine-Casparis Municipal
                                          MONTH:     JULY
                                          YEAR:      2017
                                          LATITUDE:   30 23 N
                                          LONGITUDE: 103 41 W

  TEMPERATURE IN F:       :PCPN:    SNOW:  WIND      :SUNSHINE: SKY     :PK WND
================================================================================
1   2   3   4   5  6A  6B    7    8   9   10  11  12  13   14  15   16   17  18
                                     12Z  AVG MX 2MIN
DY MAX MIN AVG DEP HDD CDD  WTR  SNW DPTH SPD SPD DIR MIN PSBL S-S WX    SPD DR
================================================================================

 1  92  71  82   M   0  17 0.00  0.0    0  7.5 13 130   M    M   1        18 180
 2  94  68  81   M   0  16 0.06  0.0    0  5.0 14 120   M    M   1 3      22 120
 3  94  66  80   M   0  15 0.09  0.0    0  6.8 24 230   M    M   2 3      30 230
 4  95  64  80   M   0  15 0.02  0.0    0  6.3 21 250   M    M   1 3      46 250
 5  92  61  77   M   0  12 0.00  0.0    0  6.8 13  50   M    M   0        23  50
 6  83  60  72   M   0   7 0.00  0.0    0  6.5 15  60   M    M   2 3      22  60
 7  87  64  76   M   0  11 0.00  0.0    0  5.1 12 320   M    M   2 3      22 150
 8  90  59  75   M   0  10 0.00  0.0    0  6.5 13 130   M    M   2        20 140
 9  92  60  76   M   0  11 0.00  0.0    0  6.3 14  90   M    M   1        18  90
10  94  64  79   M   0  14 0.00  0.0    0  6.8 14 150   M    M   0        23 130
11  92  64  78   M   0  13 0.00  0.0    0  6.3 16 260   M    M   2 3      23 260
12  93  64  79   M   0  14 0.47  0.0    0  6.7 13 150   M    M   2 3      22 150
13  84  64  74   M   0   9 0.06  0.0    0  8.2 15 150   M    M   5 3      25 150
14  80  63  72   M   0   7 1.24  0.0    0  3.4 13 340   M    M   9 3      21 340
15  78  64  71   M   0   6 0.06  0.0    0  2.7 14 230   M    M   6 3       M  M
16  80  63  72   M   0   7 0.12  0.0    0  3.1  9 270   M    M   2 3       M  M
17  87  61  74   M   0   9 0.01  0.0    0  3.9 13  90   M    M   1 3       M  M
18  88  64  76   M   0  11 0.03  0.0    0  5.2 15 140   M    M   2 3      22 140
19  84  64  74   M   0   9 0.01  0.0    0  5.2 22 230   M    M   3 3      29 230
20  88  63  76   M   0  11 0.00  0.0    0  4.2  9 150   M    M   1 3       M  M
21  89  66  78   M   0  13 0.03  0.0    0  5.5 16 130   M    M   4 3      22 130
22  91  66  79   M   0  14 0.25  0.0    0  8.2 16 160   M    M   4 3      28 160
23  83  65  74   M   0   9 0.16  0.0    0  4.0  9 210   M    M   4 3       M  M
24  84  66  75   M   0  10 0.02  0.0    0  3.6 16 140   M    M   2 3      27 140
================================================================================
SM 2114 1534         0 270  2.63     0.0 133.8          M       59
================================================================================
AV 88.1 63.9                               5.6 FASTST   M    M   2    MAX(MPH)
                                 MISC ---->  # 24 230               # 46  250
================================================================================
NOTES:
# LAST OF SEVERAL OCCURRENCES

COLUMN 17 PEAK WIND IN M.P.H.

PRELIMINARY LOCAL CLIMATOLOGICAL DATA (WS FORM: F-6) , PAGE 2

                                          STATION:  Alpine-Casparis Municipal
                                          MONTH:    JULY
                                          YEAR:     2017
                                          LATITUDE:   30 23 N
                                          LONGITUDE: 103 41 W

[TEMPERATURE DATA]      [PRECIPITATION DATA]       SYMBOLS USED IN COLUMN 16

AVERAGE MONTHLY: 76.0   TOTAL FOR MONTH:   2.63    1 = FOG OR MIST
DPTR FM NORMAL:     M   DPTR FM NORMAL:       M    2 = FOG REDUCING VISIBILITY
HIGHEST:    95 ON  4    GRTST 24HR  1.24 ON 14-14      TO 1/4 MILE OR LESS
LOWEST:     59 ON  8                               3 = THUNDER
                        SNOW, ICE PELLETS, HAIL    4 = ICE PELLETS
                        TOTAL MONTH:   0.0 INCH    5 = HAIL
                        GRTST 24HR     0.0         6 = FREEZING RAIN OR DRIZZLE
                        GRTST DEPTH:   0           7 = DUSTSTORM OR SANDSTORM:
                                                       VSBY 1/2 MILE OR LESS
                                                   8 = SMOKE OR HAZE
[NO. OF DAYS WITH]      [WEATHER - DAYS WITH]      9 = BLOWING SNOW
                                                   X = TORNADO
MAX 32 OR BELOW:   0    0.01 INCH OR MORE:  15
MAX 90 OR ABOVE:  11    0.10 INCH OR MORE:   5
MIN 32 OR BELOW:   0    0.50 INCH OR MORE:   1
MIN  0 OR BELOW:   0    1.00 INCH OR MORE:   1

[HDD (BASE 65) ]
TOTAL THIS MO.     0    CLEAR  (SCALE 0-3)  18
DPTR FM NORMAL     M    PTCLDY (SCALE 4-7)   5
TOTAL FM JUL 1     0    CLOUDY (SCALE 8-10)  1
DPTR FM NORMAL     M

[CDD (BASE 65) ]
TOTAL THIS MO.   270
DPTR FM NORMAL     M    [PRESSURE DATA]
TOTAL FM JAN 1  1078    HIGHEST SLP M ON M
DPTR FM NORMAL     M    LOWEST  SLP M ON M

[REMARKS]
