000
CXUS53 KGID 280730
CF6EAR
PRELIMINARY LOCAL CLIMATOLOGICAL DATA (WS FORM: F-6)

                                          STATION:   KEARNEY
                                          MONTH:     MARCH
                                          YEAR:      2015
                                          LATITUDE:   40 43 N
                                          LONGITUDE:  99  0 W

  TEMPERATURE IN F:       :PCPN:    SNOW:  WIND      :SUNSHINE: SKY     :PK WND
================================================================================
1   2   3   4   5  6A  6B    7    8   9   10  11  12  13   14  15   16   17  18
                                     12Z  AVG MX 2MIN
DY MAX MIN AVG DEP HDD CDD  WTR  SNW DPTH SPD SPD DIR MIN PSBL S-S WX    SPD DR
================================================================================

 1  39  12  26  -6  39   0 0.00    M    M  6.5 12 350   M    M   1        20 340
 2  43  25  34   1  31   0 0.00    M    M 16.0 31 170   M    M   6        39 170
 3  34  18  26  -7  39   0    M    M    M 15.6 31 360   M    M   6        39 350
 4  30   7  19 -14  46   0    M    M    M  8.9 16 340   M    M   4        22 340
 5  41   1  21 -13  44   0 0.00    M    M  8.0 15 180   M    M   0        21 190
 6  63  23  43   9  22   0 0.00    M    M  8.6 17 300   M    M   0        27 300
 7  64  28  46  12  19   0 0.00    M    M  7.5 15 340   M    M   0        18 360
 8  55  30  43   8  22   0 0.00    M    M 11.2 22  30   M    M   0        25  30
 9  64  25  45  10  20   0 0.00    M    M  8.7 15 200   M    M   0        20 210
10  72  30  51  15  14   0 0.00    M    M  6.8 12 200   M    M   0         M  M
11  73  27  50  14  15   0 0.00    M    M  8.4 16 180   M    M   0        22 170
12  77  39  58  22   7   0 0.00    M    M 13.5 23 220   M    M   0        31 180
13  73  37  55  18  10   0 0.00    M    M 14.2 28  10   M    M   0        35  10
14  66  28  47  10  18   0 0.00    M    M  8.7 14 200   M    M   0         M  M
15  84  41  63  26   2   0 0.00    M    M 17.4 23 220   M    M   0        36 220
16  90  37  64  26   1   0 0.00    M    M 17.5 35  10   M    M   0        45  10
17  50  28  39   1  26   0 0.00    M    M 17.0 31  10   M    M   0        36  10
18  54  21  38   0  27   0 0.00    M    M  9.9 15 150   M    M   1        20 150
19  63  30  47   8  18   0 0.00    M    M  4.4 10 320   M    M   0         M  M
20  75  25  50  11  15   0 0.00    M    M  9.0 18 270   M    M   0        29 270
21  73  30  52  12  13   0 0.00    M    M  9.5 17 110   M    M   0        22 110
22  75  34  55  15  10   0 0.00    M    M 12.5 22 350   M    M   0        25 350
23  57  25  41   1  24   0 0.00    M    M 10.2 17 110   M    M   4        18 150
24  59  34  47   6  18   0 0.00    M    M  7.5 14 120   M    M   6         M  M
25  45  27  36  -5  29   0 0.01    M    M 13.3 24  10   M    M   5        30 360
26  59  18  39  -2  26   0 0.00    M    M 11.0 28  60   M    M   4        35  60
27  48  28  38  -4  27   0 0.00    M    M  9.4 17 190   M    M   9        24 190
================================================================================
SM 1626  708       582   0  0.01    M    291.2          M       46
================================================================================
AV 60.2 26.2                              10.8 FASTST   M    M   2    MAX(MPH)
                                 MISC ---->  # 35  10                 45    M
================================================================================
NOTES:
# LAST OF SEVERAL OCCURRENCES

COLUMN 17 PEAK WIND IN M.P.H.

PRELIMINARY LOCAL CLIMATOLOGICAL DATA (WS FORM: F-6) , PAGE 2

                                          STATION:  KEARNEY
                                          MONTH:    MARCH
                                          YEAR:     2015
                                          LATITUDE:   40 43 N
                                          LONGITUDE:  99  0 W

[TEMPERATURE DATA]      [PRECIPITATION DATA]       SYMBOLS USED IN COLUMN 16

AVERAGE MONTHLY: 43.2   TOTAL FOR MONTH:   0.01    1 = FOG OR MIST
DPTR FM NORMAL:   6.2   DPTR FM NORMAL:   -1.49    2 = FOG REDUCING VISIBILITY
HIGHEST:    90 ON 16    GRTST 24HR  0.01 ON 25-25      TO 1/4 MILE OR LESS
LOWEST:      1 ON  5                               3 = THUNDER
                        SNOW, ICE PELLETS, HAIL    4 = ICE PELLETS
                        TOTAL MONTH:    M          5 = HAIL
                        GRTST 24HR    M  ON   M    6 = FREEZING RAIN OR DRIZZLE
                        GRTST DEPTH:  M  ON   M    7 = DUSTSTORM OR SANDSTORM:
                                                       VSBY 1/2 MILE OR LESS
                                                   8 = SMOKE OR HAZE
[NO. OF DAYS WITH]      [WEATHER - DAYS WITH]      9 = BLOWING SNOW
                                                   X = TORNADO
MAX 32 OR BELOW:   1    0.01 INCH OR MORE:   1
MAX 90 OR ABOVE:   1    0.10 INCH OR MORE:   0
MIN 32 OR BELOW:  21    0.50 INCH OR MORE:   0
MIN  0 OR BELOW:   0    1.00 INCH OR MORE:   0

[HDD (BASE 65) ]
TOTAL THIS MO.   582    CLEAR  (SCALE 0-3)  19
DPTR FM NORMAL  -174    PTCLDY (SCALE 4-7)   7
TOTAL FM JUL 1  5279    CLOUDY (SCALE 8-10)  1
DPTR FM NORMAL  -403

[CDD (BASE 65) ]
TOTAL THIS MO.     0
DPTR FM NORMAL     0    [PRESSURE DATA]
TOTAL FM JAN 1     0    HIGHEST SLP M ON M
DPTR FM NORMAL     0    LOWEST  SLP M ON M

[REMARKS]
