000
CXUS53 KMPX 301000
CF6EAU
PRELIMINARY LOCAL CLIMATOLOGICAL DATA (WS FORM: F-6)

                                          STATION:   EAU CLAIRE WI
                                          MONTH:     MAY
                                          YEAR:      2017
                                          LATITUDE:   44 52 N
                                          LONGITUDE:  91 29 W

  TEMPERATURE IN F:       :PCPN:    SNOW:  WIND      :SUNSHINE: SKY     :PK WND
================================================================================
1   2   3   4   5  6A  6B    7    8   9   10  11  12  13   14  15   16   17  18
                                     12Z  AVG MX 2MIN
DY MAX MIN AVG DEP HDD CDD  WTR  SNW DPTH SPD SPD DIR MIN PSBL S-S WX    SPD DR
================================================================================

 1  41  30  36 -17  29   0 0.56    T    0  9.8 18  40   M    M  10 1      25 330
 2  57  35  46  -7  19   0 0.01  0.0    0  9.9 23 350   M    M   5        32 330
 3  66  30  48  -6  17   0 0.00  0.0    0  4.5 17 200   M    M   7 1      21 200
 4  68  44  56   2   9   0 0.00  0.0    0  6.8 18  30   M    M   4        26  40
 5  72  37  55   1  10   0 0.02  0.0    0  5.4 23  70   M    M   2 3      29  60
 6  65  42  54  -1  11   0 0.00  0.0    0  8.9 20  30   M    M   1        28  40
 7  63  32  48  -7  17   0 0.00  0.0    0  6.2 13  10   M    M   0        18  60
 8  68  39  54  -1  11   0 0.06  0.0    0  8.8 16 150   M    M   3        21 140
 9  65  48  57   1   8   0 0.01  0.0    0  5.7 15 180   M    M   7 1      18 180
10  68  44  56   0   9   0 0.01  0.0    0  1.8 14 340   M    M   6 12     18 340
11  69  44  57   1   8   0 0.00  0.0    0  6.2 15 350   M    M   1 1      19 360
12  72  37  55  -1  10   0 0.00  0.0    0  3.8 14 340   M    M   2        19 350
13  78  54  66   9   0   1 0.00  0.0    0  5.4 14 350   M    M   2        18 290
14  81  46  64   7   1   0 0.00  0.0    0  9.7 18 130   M    M   2        24 110
15  75  53  64   7   1   0 0.27  0.0    0  8.3 16 120   M    M   2 13     19 130
16  83  59  71  13   0   6 0.94  0.0    0  9.9 35 210   M    M   7 138    48 200
17  72  58  65   7   0   0 1.22  0.0    0  7.0 36 210   M    M   8 13     44 200
18  60  40  50  -8  15   0 0.05  0.0    0 10.9 20 350   M    M   7 1      28 360
19  56  38  47 -11  18   0 0.00  0.0    0 10.5 18  70   M    M   4        23  70
20  49  44  47 -12  18   0 0.83  0.0    0 11.5 20 100   M    M   9 1      24  90
21  55  45  50  -9  15   0 0.07  0.0    0 12.1 20 210   M    M  10 18     26 220
22  67  43  55  -4  10   0 0.01  0.0    0  8.3 21 270   M    M   4 1      26 240
23  59  49  54  -6  11   0 0.06  0.0    0  7.0 14  30   M    M  10 1      18  30
24  66  48  57  -3   8   0 0.00  0.0    0  7.3 15  60   M    M   8        21  70
25  73  49  61   1   4   0    T  0.0    0  4.0 15 160   M    M   4        18 160
26  74  58  66   5   0   1 0.01  0.0    0  8.7 18 200   M    M   5        23 190
27  72  52  62   1   3   0    T  0.0    0  5.2 16 260   M    M   2 1      20 260
28  73  51  62   1   3   0 0.12  0.0    0  9.4 30 310   M    M   4 3      39 300
29  65  49  57  -5   8   0 0.11  0.0    0 10.4 23 260   M    M   8 38     31 260
================================================================================
SM 1932 1298       273   8  4.36    T    223.4          M      144
================================================================================
AV 66.6 44.8                               7.7 FASTST   M    M   5    MAX(MPH)
                                 MISC ---->  # 36 210               # 48  200
================================================================================
NOTES:
# LAST OF SEVERAL OCCURRENCES

COLUMN 17 PEAK WIND IN M.P.H.

PRELIMINARY LOCAL CLIMATOLOGICAL DATA (WS FORM: F-6) , PAGE 2

                                          STATION:  EAU CLAIRE WI
                                          MONTH:    MAY
                                          YEAR:     2017
                                          LATITUDE:   44 52 N
                                          LONGITUDE:  91 29 W

[TEMPERATURE DATA]      [PRECIPITATION DATA]       SYMBOLS USED IN COLUMN 16

AVERAGE MONTHLY: 55.7   TOTAL FOR MONTH:   4.36    1 = FOG OR MIST
DPTR FM NORMAL:  -1.6   DPTR FM NORMAL:    1.14    2 = FOG REDUCING VISIBILITY
HIGHEST:    83 ON 16    GRTST 24HR  1.22 ON 17-17      TO 1/4 MILE OR LESS
LOWEST:     30 ON  3, 1                            3 = THUNDER
                        SNOW, ICE PELLETS, HAIL    4 = ICE PELLETS
                        TOTAL MONTH:    T          5 = HAIL
                        GRTST 24HR    T  ON  1- 1  6 = FREEZING RAIN OR DRIZZLE
                        GRTST DEPTH:   0           7 = DUSTSTORM OR SANDSTORM:
                                                       VSBY 1/2 MILE OR LESS
                                                   8 = SMOKE OR HAZE
[NO. OF DAYS WITH]      [WEATHER - DAYS WITH]      9 = BLOWING SNOW
                                                   X = TORNADO
MAX 32 OR BELOW:   0    0.01 INCH OR MORE:  17
MAX 90 OR ABOVE:   0    0.10 INCH OR MORE:   7
MIN 32 OR BELOW:   3    0.50 INCH OR MORE:   4
MIN  0 OR BELOW:   0    1.00 INCH OR MORE:   1

[HDD (BASE 65) ]
TOTAL THIS MO.   273    CLEAR  (SCALE 0-3)   9
DPTR FM NORMAL    26    PTCLDY (SCALE 4-7)  16
TOTAL FM JUL 1  6954    CLOUDY (SCALE 8-10)  4
DPTR FM NORMAL  -933

[CDD (BASE 65) ]
TOTAL THIS MO.     8
DPTR FM NORMAL   -16    [PRESSURE DATA]
TOTAL FM JAN 1     8    HIGHEST SLP M ON M
DPTR FM NORMAL   -20    LOWEST  SLP 29.32 ON 17

[REMARKS]
