000
CXUS55 KEAX 200736
CF6EAX
PRELIMINARY LOCAL CLIMATOLOGICAL DATA (WS FORM: F-6)

                                          STATION:   Pleasant Hill NWS MO
                                          MONTH:     FEBRUARY
                                          YEAR:      2017
                                          LATITUDE:   38 48 N
                                          LONGITUDE:  94 16 W

  TEMPERATURE IN F:       :PCPN:    SNOW:  WIND      :SUNSHINE: SKY     :PK WND
================================================================================
1   2   3   4   5  6A  6B    7    8   9   10  11  12  13   14  15   16   17  18
                                     12Z  AVG MX 2MIN
DY MAX MIN AVG DEP HDD CDD  WTR  SNW DPTH SPD SPD DIR MIN PSBL S-S WX    SPD DR
================================================================================

 1  41  29  35   5  30   0 0.00  0.0    0   M   M   M   0    0   0         0   0
 2  33  20  27  -3  38   0 0.00  0.0    0   M   M   M   0    0   0         0   0
 3  35  22  29  -1  36   0 0.00  0.0    0   M   M   M   0    0   0         0   0
 4  44  21  33   3  32   0 0.00  0.0    0   M   M   M   0    0   0         0   0
 5  53  29  41  10  24   0 0.00  0.0    0   M   M   M   0    0   0         0   0
 6  57  34  46  15  19   0 0.00  0.0    0   M   M   M   0    0   0         0   0
 7  54  29  42  11  23   0 0.00  0.0    0   M   M   M   0    0   0         0   0
 8  30  17  24  -7  41   0    T    T    0   M   M   M   0    0   0         0   0
 9  37  15  26  -6  39   0 0.00  0.0    0   M   M   M   0    0   0         0   0
10  67  28  48  16  17   0 0.00  0.0    0   M   M   M   0    0   0         0   0
11  75  49  62  30   3   0 0.00  0.0    0   M   M   M   0    0   0         0   0
12  52  34  43  11  22   0 0.00  0.0    0   M   M   M   0    0   0         0   0
13  51  30  41   8  24   0 0.01  0.0    0   M   M   M   0    0   0         0   0
14  53  35  44  11  21   0 0.00  0.0    0   M   M   M   0    0   0         0   0
15  52  29  41   8  24   0 0.00  0.0    0   M   M   M   0    0   0         0   0
16  72  37  55  21  10   0 0.00  0.0    0   M   M   M   0    0   0         0   0
17  74  42  58  24   7   0 0.00  0.0    0   M   M   M   0    0   0         0   0
18  72  44  58  24   7   0 0.00  0.0    0   M   M   M   0    0   0         0   0
19  75  41  58  24   7   0 0.00  0.0    0   M   M   M   0    0   0         0   0
================================================================================
SM 1027  585       424   0  0.01    T        M            0      0
================================================================================
AV 54.1 30.8                                 M FASTST    0   0   0    MAX(MPH)
                                 MISC ---->     M   M               #  0    0
================================================================================
NOTES:
# LAST OF SEVERAL OCCURRENCES

COLUMN 17 PEAK WIND IN M.P.H.

PRELIMINARY LOCAL CLIMATOLOGICAL DATA (WS FORM: F-6) , PAGE 2

                                          STATION:  Pleasant Hill NWS MO
                                          MONTH:    FEBRUARY
                                          YEAR:     2017
                                          LATITUDE:   38 48 N
                                          LONGITUDE:  94 16 W

[TEMPERATURE DATA]      [PRECIPITATION DATA]       SYMBOLS USED IN COLUMN 16

AVERAGE MONTHLY: 42.4   TOTAL FOR MONTH:   0.01    1 = FOG OR MIST
DPTR FM NORMAL:  10.5   DPTR FM NORMAL:   -1.07    2 = FOG REDUCING VISIBILITY
HIGHEST:    75 ON 19,11 GRTST 24HR  0.01 ON 13-13      TO 1/4 MILE OR LESS
LOWEST:     15 ON  9                               3 = THUNDER
                        SNOW, ICE PELLETS, HAIL    4 = ICE PELLETS
                        TOTAL MONTH:    T          5 = HAIL
                        GRTST 24HR    T  ON  8- 8  6 = FREEZING RAIN OR DRIZZLE
                        GRTST DEPTH:   0           7 = DUSTSTORM OR SANDSTORM:
                                                       VSBY 1/2 MILE OR LESS
                                                   8 = SMOKE OR HAZE
[NO. OF DAYS WITH]      [WEATHER - DAYS WITH]      9 = BLOWING SNOW
                                                   X = TORNADO
MAX 32 OR BELOW:   1    0.01 INCH OR MORE:   1
MAX 90 OR ABOVE:   0    0.10 INCH OR MORE:   0
MIN 32 OR BELOW:  11    0.50 INCH OR MORE:   0
MIN  0 OR BELOW:   0    1.00 INCH OR MORE:   0

[HDD (BASE 65) ]
TOTAL THIS MO.   424    CLEAR  (SCALE 0-3)  19
DPTR FM NORMAL  -203    PTCLDY (SCALE 4-7)   0
TOTAL FM JUL 1  2972    CLOUDY (SCALE 8-10)  0
DPTR FM NORMAL  -797

[CDD (BASE 65) ]
TOTAL THIS MO.     0
DPTR FM NORMAL     0    [PRESSURE DATA]
TOTAL FM JAN 1     0    HIGHEST SLP  0.00 ON M
DPTR FM NORMAL     0    LOWEST  SLP  0.00 ON M

[REMARKS]
