000
CXUS51 KAKQ 311010
CF6ECG
PRELIMINARY LOCAL CLIMATOLOGICAL DATA (WS FORM: F-6)

                                          STATION:   ELIZABETH CITY NC
                                          MONTH:     MAY
                                          YEAR:      2016
                                          LATITUDE:   36 16 N
                                          LONGITUDE:  76 11 W

  TEMPERATURE IN F:       :PCPN:    SNOW:  WIND      :SUNSHINE: SKY     :PK WND
================================================================================
1   2   3   4   5  6A  6B    7    8   9   10  11  12  13   14  15   16   17  18
                                     12Z  AVG MX 2MIN
DY MAX MIN AVG DEP HDD CDD  WTR  SNW DPTH SPD SPD DIR MIN PSBL S-S WX    SPD DR
================================================================================

 1  75  56  66   4   0   1 0.06  0.0    0  6.3 17 210   M    M   5 1      25 200
 2  84  65  75  12   0  10 0.05  0.0    0 11.8 23 200   M    M   3 1      31 200
 3  73  61  67   4   0   2 0.44  0.0    0  8.6 21 350   M    M   6 1      26 350
 4  72  56  64   1   1   0 0.01  0.0    0  8.5 16  30   M    M   8 1      20  30
 5  56  50  53 -11  12   0 0.63  0.0    0 15.3 24  30   M    M  10 1      33  30
 6  63  49  56  -8   9   0 0.08  0.0    0  4.4 14 320   M    M   8 1      17 300
 7  71  50  61  -3   4   0 0.15  0.0    0  5.8 15 270   M    M   5 1      22 280
 8  83  55  69   5   0   4 0.00  0.0    0  9.4 22  50   M    M   2        26  50
 9  82  53  68   3   0   3 0.00  0.0    0  4.7 14 150   M    M   2        19 140
10  73  60  67   2   0   2    T  0.0    0  7.9 22  40   M    M   2 1      25  40
11  83  62  73   8   0   8 0.02  0.0    0  6.1 16  30   M    M   5 128    19 210
12  75  61  68   3   0   3 0.00  0.0    0  6.6 12  60   M    M  10 12     13  30
13  72  64  68   2   0   3 0.08  0.0    0  7.0 16 220   M    M   8 123    19 220
14  83  62  73   7   0   8 0.43  0.0    0  7.7 24 340   M    M   5 123    30 340
15  67  47  57  -9   8   0 0.00  0.0    0 10.7 20 340   M    M   2        25 290
16  71  46  59  -8   6   0 0.00  0.0    0  6.0 16 290   M    M   0        20 230
17  76  57  67   0   0   2 0.42  0.0    0  6.4 18 280   M    M   9 1      24 280
18  65  57  61  -6   4   0 0.01  0.0    0 13.9 21  40   M    M   9 1      27  30
19  65  55  60  -8   5   0    T  0.0    0  8.3 16  20   M    M   7        19  30
20  72  56  64  -4   1   0 0.02  0.0    0  9.6 15  60   M    M   5         M  M
21  72  61  67  -1   0   2 0.26  0.0    0 11.1 17 280   M    M  10 1      23 110
22  64  56  60  -8   5   0 0.11  0.0    0  9.2 17 330   M    M  10 18     20 340
23  68  55  62  -7   3   0 0.04  0.0    0  9.4 23  30   M    M   8 1      29  20
24  82  53  68  -1   0   3 0.00  0.0    0  8.5 15 240   M    M   1        20 270
25  86  61  74   4   0   9 0.00  0.0    0  9.2 16 230   M    M   0        20 210
26  87  66  77   7   0  12 0.00  0.0    0 10.5 16 170   M    M   1        24 160
27  84  63  74   4   0   9 0.00  0.0    0  7.9 18 130   M    M   2        22 130
28  82  58  70   0   0   5 0.00  0.0    0  6.4 16 110   M    M   0 1      20 110
29  81  70  76   5   0  11 0.89  0.0    0  6.1 17 150   M    M   4 1      27 150
30  76  69  73   2   0   8 0.66  0.0    0  5.6 12 130   M    M   9 1      27 200
================================================================================
SM 2243 1734        58 105  4.36     0.0 248.9          M      156
================================================================================
AV 74.8 57.8                               8.3 FASTST   M    M   5    MAX(MPH)
                                 MISC ---->    24   M                 33    M
================================================================================
NOTES:
# LAST OF SEVERAL OCCURRENCES

COLUMN 17 PEAK WIND IN M.P.H.

PRELIMINARY LOCAL CLIMATOLOGICAL DATA (WS FORM: F-6) , PAGE 2

                                          STATION:  ELIZABETH CITY NC
                                          MONTH:    MAY
                                          YEAR:     2016
                                          LATITUDE:   36 16 N
                                          LONGITUDE:  76 11 W

[TEMPERATURE DATA]      [PRECIPITATION DATA]       SYMBOLS USED IN COLUMN 16

AVERAGE MONTHLY: 66.3   TOTAL FOR MONTH:   4.36    1 = FOG OR MIST
DPTR FM NORMAL:  -0.3   DPTR FM NORMAL:    0.88    2 = FOG REDUCING VISIBILITY
HIGHEST:    87 ON 26    GRTST 24HR  1.35 ON 29-30      TO 1/4 MILE OR LESS
LOWEST:     46 ON 16                               3 = THUNDER
                        SNOW, ICE PELLETS, HAIL    4 = ICE PELLETS
                        TOTAL MONTH:   0.0 INCH    5 = HAIL
                        GRTST 24HR     0.0         6 = FREEZING RAIN OR DRIZZLE
                        GRTST DEPTH:   0           7 = DUSTSTORM OR SANDSTORM:
                                                       VSBY 1/2 MILE OR LESS
                                                   8 = SMOKE OR HAZE
[NO. OF DAYS WITH]      [WEATHER - DAYS WITH]      9 = BLOWING SNOW
                                                   X = TORNADO
MAX 32 OR BELOW:   0    0.01 INCH OR MORE:  18
MAX 90 OR ABOVE:   0    0.10 INCH OR MORE:   9
MIN 32 OR BELOW:   0    0.50 INCH OR MORE:   3
MIN  0 OR BELOW:   0    1.00 INCH OR MORE:   0

[HDD (BASE 65) ]
TOTAL THIS MO.    58    CLEAR  (SCALE 0-3)  11
DPTR FM NORMAL    -9    PTCLDY (SCALE 4-7)  11
TOTAL FM JUL 1  2481    CLOUDY (SCALE 8-10)  8
DPTR FM NORMAL  -747

[CDD (BASE 65) ]
TOTAL THIS MO.   105
DPTR FM NORMAL   -10    [PRESSURE DATA]
TOTAL FM JAN 1   160    HIGHEST SLP M ON M
DPTR FM NORMAL     3    LOWEST  SLP 29.60 ON  4

[REMARKS]
