000
CXUS51 KAKQ 271010
CF6ECG
PRELIMINARY LOCAL CLIMATOLOGICAL DATA (WS FORM: F-6)

                                          STATION:   ELIZABETH CITY NC
                                          MONTH:     DECEMBER
                                          YEAR:      2014
                                          LATITUDE:   36 16 N
                                          LONGITUDE:  76 11 W

  TEMPERATURE IN F:       :PCPN:    SNOW:  WIND      :SUNSHINE: SKY     :PK WND
================================================================================
1   2   3   4   5  6A  6B    7    8   9   10  11  12  13   14  15   16   17  18
                                     12Z  AVG MX 2MIN
DY MAX MIN AVG DEP HDD CDD  WTR  SNW DPTH SPD SPD DIR MIN PSBL S-S WX    SPD DR
================================================================================

 1  75  52  64  16   1   0 0.00  0.0    0  9.8 17 340   M    M   0        24 330
 2  61  49  55   7  10   0    T  0.0    0 10.0 23  30   M    M   9 18     29  30
 3  64  49  57   9   8   0 0.00  0.0    0  5.0 13 210   M    M   6 128    15 230
 4  57  42  50   2  15   0 0.00  0.0    0 10.3 18  30   M    M   2 128    24  30
 5  63  47  55   8  10   0 0.00  0.0    0  5.7 14  50   M    M   4        16  50
 6  70  50  60  13   5   0 0.47  0.0    0  2.3 16 310   M    M   8 1      29 330
 7  61  47  54   7  11   0    T  0.0    0 22.1 32 350   M    M  10        41 350
 8  56  47  52   6  13   0 0.03  0.0    0 15.2 23  10   M    M  10 18     29  10
 9  52  43  48   2  17   0 0.02  0.0    0 11.9 23 350   M    M  10 18     26 340
10  56  41  49   3  16   0    T  0.0    0 11.5 20 280   M    M   6        25 290
11  49  34  42  -3  23   0 0.00  0.0    0  9.7 22 280   M    M   0        84 160
12  55  31  43  -2  22   0 0.00  0.0    0  7.1 17 280   M    M   2        21 280
13  56  28  42  -3  23   0 0.00  0.0    0  3.3 10 320   M    M   0 18     25  30
14  59  30  45   0  20   0 0.00  0.0    0  3.7  9 330   M    M   0 18     12 330
15  58  32  45   1  20   0 0.00  0.0    0  2.3  9 110   M    M   0 128    10 110
16  69  38  54  10  11   0 0.18  0.0    0  6.6 16 190   M    M   4 128    23 170
17  63  41  52   8  13   0 0.00  0.0    0  7.3 14 280   M    M   2 128     M  M
18  52  34  43  -1  22   0 0.00  0.0    0  5.1 13 350   M    M   1        16 330
19  51  32  42  -1  23   0 0.00  0.0    0  5.4 12 350   M    M   1        14  30
20  45  35  40  -3  25   0 0.00  0.0    0  5.1 10 350   M    M   4        13 350
21  51  34  43   0  22   0 0.00  0.0    0  7.8 14  30   M    M   2        16  20
22  57  44  51   8  14   0 1.15  0.0    0 13.4 24  40   M    M  10 18     30  50
23  54  44  49   6  16   0 0.20  0.0    0  3.8 14 300   M    M  10 128    17 300
24  73  54  64  22   1   0 0.89  0.0    0 12.4 23 180   M    M   8 128    37 170
25  72  41  57  15   8   0 0.04  0.0    0 10.8 25 290   M    M   2        32 290
26  60  36  48   6  17   0 0.00  0.0    0  2.3 25 180   M    M   0 18     30 210
================================================================================
SM 1539 1055       386   0  2.98     0.0 209.9          M      111
================================================================================
AV 59.2 40.6                               8.1 FASTST   M    M   4    MAX(MPH)
                                 MISC ---->  # 32 350               # 84  160
================================================================================
NOTES:
# LAST OF SEVERAL OCCURRENCES

COLUMN 17 PEAK WIND IN M.P.H.

PRELIMINARY LOCAL CLIMATOLOGICAL DATA (WS FORM: F-6) , PAGE 2

                                          STATION:  ELIZABETH CITY NC
                                          MONTH:    DECEMBER
                                          YEAR:     2014
                                          LATITUDE:   36 16 N
                                          LONGITUDE:  76 11 W

[TEMPERATURE DATA]      [PRECIPITATION DATA]       SYMBOLS USED IN COLUMN 16

AVERAGE MONTHLY: 49.9   TOTAL FOR MONTH:   2.98    1 = FOG OR MIST
DPTR FM NORMAL:   5.0   DPTR FM NORMAL:    0.77    2 = FOG REDUCING VISIBILITY
HIGHEST:    75 ON  1    GRTST 24HR  1.15 ON 22-22      TO 1/4 MILE OR LESS
LOWEST:     28 ON 13                               3 = THUNDER
                        SNOW, ICE PELLETS, HAIL    4 = ICE PELLETS
                        TOTAL MONTH:   0.0 INCH    5 = HAIL
                        GRTST 24HR     0.0         6 = FREEZING RAIN OR DRIZZLE
                        GRTST DEPTH:   0           7 = DUSTSTORM OR SANDSTORM:
                                                       VSBY 1/2 MILE OR LESS
                                                   8 = SMOKE OR HAZE
[NO. OF DAYS WITH]      [WEATHER - DAYS WITH]      9 = BLOWING SNOW
                                                   X = TORNADO
MAX 32 OR BELOW:   0    0.01 INCH OR MORE:   8
MAX 90 OR ABOVE:   0    0.10 INCH OR MORE:   5
MIN 32 OR BELOW:   5    0.50 INCH OR MORE:   2
MIN  0 OR BELOW:   0    1.00 INCH OR MORE:   1

[HDD (BASE 65) ]
TOTAL THIS MO.   386    CLEAR  (SCALE 0-3)  13
DPTR FM NORMAL  -137    PTCLDY (SCALE 4-7)   7
TOTAL FM JUL 1   901    CLOUDY (SCALE 8-10)  6
DPTR FM NORMAL  -137

[CDD (BASE 65) ]
TOTAL THIS MO.     0
DPTR FM NORMAL     0    [PRESSURE DATA]
TOTAL FM JAN 1  1586    HIGHEST SLP M ON M
DPTR FM NORMAL    -2    LOWEST  SLP 29.62 ON M

[REMARKS]
