000
CXUS55 KVEF 270940
CF6EED
PRELIMINARY LOCAL CLIMATOLOGICAL DATA (WS FORM: F-6)

                                          STATION:   NEEDLES CA
                                          MONTH:     JULY
                                          YEAR:      2016
                                          LATITUDE:   34 46 N
                                          LONGITUDE: 114 37 W

  TEMPERATURE IN F:       :PCPN:    SNOW:  WIND      :SUNSHINE: SKY     :PK WND
================================================================================
1   2   3   4   5  6A  6B    7    8   9   10  11  12  13   14  15   16   17  18
                                     12Z  AVG MX 2MIN
DY MAX MIN AVG DEP HDD CDD  WTR  SNW DPTH SPD SPD DIR MIN PSBL S-S WX    SPD DR
================================================================================

 1 101  72  87  -8   0  22    T  0.0    0  6.0 28 350   M    M   2 3      34 330
 2 107  75  91  -4   0  26    T  0.0    0  8.0 48  30   M    M   1 3      59  30
 3 110  86  98   2   0  33 0.00  0.0    0  9.1 22 210   M    M   0        30 180
 4 112  86  99   3   0  34 0.00  0.0    0  8.7 23 200   M    M   0        30 200
 5 112  86  99   3   0  34 0.00  0.0    0 10.0 21 210   M    M   0        28 210
 6 110  84  97   1   0  32 0.00  0.0    0 13.2 23 170   M    M   0        30 170
 7 108  84  96   0   0  31 0.00  0.0    0 10.8 25 180   M    M   0        35 180
 8 112  86  99   3   0  34 0.00  0.0    0 10.8 22 200   M    M   0        30 160
 9 113  85  99   3   0  34 0.00  0.0    0 10.3 24 250   M    M   0        35 240
10 112  85  99   2   0  34 0.00  0.0    0 12.3 25 250   M    M   0        30 250
11 109  81  95  -2   0  30 0.00  0.0    0  6.2 16 120   M    M   0        20 130
12 111  81  96  -1   0  31 0.00  0.0    0  8.4 21 200   M    M   0        28 200
13 112  82  97   0   0  32 0.00  0.0    0  7.1 18 240   M    M   0        23 230
14 115  85 100   3   0  35 0.00  0.0    0  5.9 18 260   M    M   1        23 190
15 116  85 101   4   0  36 0.00  0.0    0  9.1 21 240   M    M   2        25 250
16 113  91 102   5   0  37 0.00  0.0    0 12.6 22 210   M    M   1        29 210
17 110  91 101   4   0  36 0.00  0.0    0 13.3 25 190   M    M   0        31 190
18 111  90 101   4   0  36 0.00  0.0    0 11.6 21 200   M    M   1        29 200
19 113  89 101   4   0  36 0.00  0.0    0  8.6 21 240   M    M   1        29 240
20 114  93 104   7   0  39 0.00  0.0    0  8.0 30 130   M    M   1        37 140
21 116  91 104   7   0  39 0.00  0.0    0  6.1 16 220   M    M   2        21 240
22 118  92 105   8   0  40 0.00  0.0    0  7.3 17 220   M    M   2        21 180
23 115  92 104   7   0  39 0.00  0.0    0 11.0 22 210   M    M   2        28 220
24 112  94 103   6   0  38 0.00  0.0    0 11.8 28 190   M    M   3        37 200
25 114  91 103   6   0  38 0.00  0.0    0  8.4 25 120   M    M   2        31 130
26 116  92 104   7   0  39 0.00  0.0    0  4.5 14 270   M    M   4        20 240
================================================================================
SM 2912 2249         0 895    T      0.0 239.1          M       25
================================================================================
AV112.0 86.5                               9.2 FASTST   M    M   1    MAX(MPH)
                                 MISC ---->  # 48  30               # 59   30
================================================================================
NOTES:
# LAST OF SEVERAL OCCURRENCES

COLUMN 17 PEAK WIND IN M.P.H.

PRELIMINARY LOCAL CLIMATOLOGICAL DATA (WS FORM: F-6) , PAGE 2

                                          STATION:  NEEDLES CA
                                          MONTH:    JULY
                                          YEAR:     2016
                                          LATITUDE:   34 46 N
                                          LONGITUDE: 114 37 W

[TEMPERATURE DATA]      [PRECIPITATION DATA]       SYMBOLS USED IN COLUMN 16

AVERAGE MONTHLY: 99.2   TOTAL FOR MONTH:      T    1 = FOG OR MIST
DPTR FM NORMAL:   2.7   DPTR FM NORMAL:   -0.13    2 = FOG REDUCING VISIBILITY
HIGHEST:   118 ON 22    GRTST 24HR    T  ON  2- 2      TO 1/4 MILE OR LESS
LOWEST:     72 ON  1                               3 = THUNDER
                        SNOW, ICE PELLETS, HAIL    4 = ICE PELLETS
                        TOTAL MONTH:   0.0 INCH    5 = HAIL
                        GRTST 24HR     0.0         6 = FREEZING RAIN OR DRIZZLE
                        GRTST DEPTH:   0           7 = DUSTSTORM OR SANDSTORM:
                                                       VSBY 1/2 MILE OR LESS
                                                   8 = SMOKE OR HAZE
[NO. OF DAYS WITH]      [WEATHER - DAYS WITH]      9 = BLOWING SNOW
                                                   X = TORNADO
MAX 32 OR BELOW:   0    0.01 INCH OR MORE:   0
MAX 90 OR ABOVE:  26    0.10 INCH OR MORE:   0
MIN 32 OR BELOW:   0    0.50 INCH OR MORE:   0
MIN  0 OR BELOW:   0    1.00 INCH OR MORE:   0

[HDD (BASE 65) ]
TOTAL THIS MO.     0    CLEAR  (SCALE 0-3)  25
DPTR FM NORMAL     0    PTCLDY (SCALE 4-7)   1
TOTAL FM JUL 1     0    CLOUDY (SCALE 8-10)  0
DPTR FM NORMAL     0

[CDD (BASE 65) ]
TOTAL THIS MO.   895
DPTR FM NORMAL    75    [PRESSURE DATA]
TOTAL FM JAN 1  2866    HIGHEST SLP M ON M
DPTR FM NORMAL   446    LOWEST  SLP 29.48 ON 10

[REMARKS]
