000
CXUS55 KGJT 011000
CF6EEO
PRELIMINARY LOCAL CLIMATOLOGICAL DATA (WS FORM: F-6)

                                          STATION:   MEEKER CO
                                          MONTH:     JANUARY
                                          YEAR:      2015
                                          LATITUDE:   40  2 N
                                          LONGITUDE: 107 53 W

  TEMPERATURE IN F:       :PCPN:    SNOW:  WIND      :SUNSHINE: SKY     :PK WND
================================================================================
1   2   3   4   5  6A  6B    7    8   9   10  11  12  13   14  15   16   17  18
                                     12Z  AVG MX 2MIN
DY MAX MIN AVG DEP HDD CDD  WTR  SNW DPTH SPD SPD DIR MIN PSBL S-S WX    SPD DR
================================================================================

 1   7 -21  -7 -27  72   0 0.00    M    M  1.4  6  20   M    M   0         7  30
 2  16 -14   1 -19  64   0 0.00    M    M  0.8  6 160   M    M   0         7 140
 3  29   4  17  -3  48   0 0.04    M    M  1.8 14 260   M    M   9 12     16 250
 4  34   4  19  -1  46   0 0.00    M    M  3.5 13  60   M    M   9 1      14  50
 5  41  14  28   8  37   0 0.00    M    M  6.2 21 200   M    M   6        27 210
 6  44  16  30  10  35   0 0.00    M    M  1.8  9  40   M    M   1        10  40
 7  42  14  28   8  37   0 0.00    M    M  1.8  9 100   M    M   1        12 100
 8  44  18  31  11  34   0 0.00    M    M  2.2  9  40   M    M   2         9  40
 9  30  12  21   1  44   0 0.00    M    M  1.4  7 140   M    M   6 128     8 140
10  37  11  24   4  41   0    T    M    M  0.8  6 260   M    M   8 128     7  30
11  37  27  32  12  33   0 0.45    M    M  1.3  7  20   M    M  10 12      8  20
12  39  25  32  12  33   0    T    M    M  1.2  9  10   M    M  10 1      10 360
13  38  20  29   9  36   0 0.03    M    M  3.7 15  30   M    M   7 12     19  30
14  31   3  17  -3  48   0 0.00    M    M  1.5 10  10   M    M   6        12  10
15  29  -1  14  -6  51   0 0.00    M    M  1.3  7 120   M    M   0        10 140
16  44   0  22   2  43   0 0.00    M    M  4.8 17 230   M    M   2        22 230
17  39   8  24   4  41   0    T    M    M  2.6 12  30   M    M   1        13  30
18  45   8  27   7  38   0 0.00    M    M  2.2  9  50   M    M   2        12  50
19  37  17  27   7  38   0 0.02    M    M  1.5  9 320   M    M   5 1      11 330
20  37  11  24   4  41   0    T    M    M  1.9 13  30   M    M   5 1      15  30
21  29   1  15  -5  50   0 0.00    M    M  4.5 20  10   M    M   4        24  30
22  24  -9   8 -12  57   0 0.00    M    M  1.6  7  60   M    M   0        10 120
23  33   0  17  -3  48   0 0.00    M    M  1.4  7  40   M    M   2         9  50
24  29   5  17  -3  48   0 0.00    M    M  2.1 12 320   M    M   2        14 320
25  41   8  25   4  40   0 0.00    M    M  1.6  8  40   M    M   1         9  40
26  44  10  27   6  38   0 0.00    M    M  1.6  7  60   M    M   0         9  40
27  46  13  30   9  35   0 0.00    M    M  1.7 13 250   M    M   4        16 250
28  46  24  35  14  30   0 0.00    M    M  4.6 12 230   M    M   4        14 250
29  41  16  29   8  36   0    T    M    M  1.1  7 120   M    M   1         8 110
30  38  29  34  13  31   0 0.09    M    M  0.7  7 110   M    M   9 12      9 130
31  38  23  31  10  34   0 0.05    M    M  2.4 10 250   M    M   8 1      12 260
================================================================================
SM 1109  296      1307   0  0.68    M     67.0          M      125
================================================================================
AV 35.8  9.5                               2.2 FASTST   M    M   4    MAX(MPH)
                                 MISC ---->  # 21 200               # 27  210
================================================================================
NOTES:
# LAST OF SEVERAL OCCURRENCES

COLUMN 17 PEAK WIND IN M.P.H.

PRELIMINARY LOCAL CLIMATOLOGICAL DATA (WS FORM: F-6) , PAGE 2

                                          STATION:  MEEKER CO
                                          MONTH:    JANUARY
                                          YEAR:     2015
                                          LATITUDE:   40  2 N
                                          LONGITUDE: 107 53 W

[TEMPERATURE DATA]      [PRECIPITATION DATA]       SYMBOLS USED IN COLUMN 16

AVERAGE MONTHLY: 22.7   TOTAL FOR MONTH:   0.68    1 = FOG OR MIST
DPTR FM NORMAL:   2.6   DPTR FM NORMAL:   -0.19    2 = FOG REDUCING VISIBILITY
HIGHEST:    46 ON 28,27 GRTST 24HR  0.45 ON 11-11      TO 1/4 MILE OR LESS
LOWEST:    -21 ON  1                               3 = THUNDER
                        SNOW, ICE PELLETS, HAIL    4 = ICE PELLETS
                        TOTAL MONTH:    M          5 = HAIL
                        GRTST 24HR    M  ON   M    6 = FREEZING RAIN OR DRIZZLE
                        GRTST DEPTH:  M  ON   M    7 = DUSTSTORM OR SANDSTORM:
                                                       VSBY 1/2 MILE OR LESS
                                                   8 = SMOKE OR HAZE
[NO. OF DAYS WITH]      [WEATHER - DAYS WITH]      9 = BLOWING SNOW
                                                   X = TORNADO
MAX 32 OR BELOW:   9    0.01 INCH OR MORE:   6
MAX 90 OR ABOVE:   0    0.10 INCH OR MORE:   1
MIN 32 OR BELOW:  31    0.50 INCH OR MORE:   0
MIN  0 OR BELOW:   6    1.00 INCH OR MORE:   0

[HDD (BASE 65) ]
TOTAL THIS MO.  1307    CLEAR  (SCALE 0-3)  15
DPTR FM NORMAL   -85    PTCLDY (SCALE 4-7)  10
TOTAL FM JUL 1  4191    CLOUDY (SCALE 8-10)  6
DPTR FM NORMAL  -490

[CDD (BASE 65) ]
TOTAL THIS MO.     0
DPTR FM NORMAL     0    [PRESSURE DATA]
TOTAL FM JAN 1     0    HIGHEST SLP 30.77 ON 15
DPTR FM NORMAL     0    LOWEST  SLP 29.87 ON 31

[REMARKS]
#FINAL-01-15#
