000
CXUS54 KBMX 191216
CF6EET
PRELIMINARY LOCAL CLIMATOLOGICAL DATA (WS FORM: F-6)

                                          STATION:   SHELBY COUNTY AIRPORT
                                          MONTH:     JANUARY
                                          YEAR:      2017
                                          LATITUDE:   33 10 N
                                          LONGITUDE:  86 47 W

  TEMPERATURE IN F:       :PCPN:    SNOW:  WIND      :SUNSHINE: SKY     :PK WND
================================================================================
1   2   3   4   5  6A  6B    7    8   9   10  11  12  13   14  15   16   17  18
                                     12Z  AVG MX 2MIN
DY MAX MIN AVG DEP HDD CDD  WTR  SNW DPTH SPD SPD DIR MIN PSBL S-S WX    SPD DR
================================================================================

 1  64  53  59  15   6   0 0.88  0.0    0  4.5 16 170   M    M  10 1      23 170
 2  64  59  62  18   3   0 2.45  0.0    0  5.7 20 340   M    M   9 13     28 330
 3  64  50  57  13   8   0 0.00  0.0    0  3.6 12 240   M    M   6 1      17 230
 4  56  37  47   3  18   0 0.00  0.0    0  7.0 15 320   M    M   6 1      21 330
 5  52  32  42  -2  23   0    T  0.0    0  3.5 13 340   M    M   7        21 320
 6  39  25  32 -12  33   0 0.34    M    0  7.7 15 350   M    M  10 1      22 360
 7  32  19  26 -18  39   0 0.00  0.0    0 11.1 20 340   M    M   2        29 330
 8  36  18  27 -17  38   0 0.00  0.0    0  3.6 12 350   M    M   0        17 360
 9  51  23  37  -7  28   0 0.00  0.0    0  3.4 13 160   M    M   2        16 170
10  63  38  51   7  14   0 0.00  0.0    0  9.7 18 170   M    M   9        23 160
11  71  58  65  21   0   0 0.00  0.0    0  9.5 16 170   M    M   9        23 180
12  75  57  66  22   0   1    T  0.0    0  5.4 13 200   M    M   9 1      20 180
13  78  55  67  23   0   2    T  0.0    0  2.0 10 170   M    M   8 1      14 210
14  76  49  63  19   2   0 0.00  0.0    0  1.0  9 200   M    M   0 1      12 190
15  75  47  61  17   4   0 0.00  0.0    0  1.4  8 200   M    M   3 18     12 200
16  74  49  62  18   3   0 0.00  0.0    0  3.7 13 160   M    M   3        19 180
17  77  59  68  24   0   3 0.00  0.0    0  5.8 15 180   M    M   7        22 180
18  67  55  61  17   4   0 0.01  0.0    0  1.3  9 310   M    M   7 1      14 270
================================================================================
SM 1114  783       223   6  3.68     0.0  89.9          M      107
================================================================================
AV 61.9 43.5                               5.0 FASTST   M    M   6    MAX(MPH)
                                 MISC ---->  # 20 340               # 29  330
================================================================================
NOTES:
# LAST OF SEVERAL OCCURRENCES

COLUMN 17 PEAK WIND IN M.P.H.

PRELIMINARY LOCAL CLIMATOLOGICAL DATA (WS FORM: F-6) , PAGE 2

                                          STATION:  SHELBY COUNTY AIRPORT
                                          MONTH:    JANUARY
                                          YEAR:     2017
                                          LATITUDE:   33 10 N
                                          LONGITUDE:  86 47 W

[TEMPERATURE DATA]      [PRECIPITATION DATA]       SYMBOLS USED IN COLUMN 16

AVERAGE MONTHLY: 52.7   TOTAL FOR MONTH:   3.68    1 = FOG OR MIST
DPTR FM NORMAL:   8.7   DPTR FM NORMAL:    0.81    2 = FOG REDUCING VISIBILITY
HIGHEST:    78 ON 13    GRTST 24HR  2.50 ON  1- 2      TO 1/4 MILE OR LESS
LOWEST:     18 ON  8                               3 = THUNDER
                        SNOW, ICE PELLETS, HAIL    4 = ICE PELLETS
                        TOTAL MONTH:   0.0 INCH    5 = HAIL
                        GRTST 24HR     0.0         6 = FREEZING RAIN OR DRIZZLE
                        GRTST DEPTH:   0           7 = DUSTSTORM OR SANDSTORM:
                                                       VSBY 1/2 MILE OR LESS
                                                   8 = SMOKE OR HAZE
[NO. OF DAYS WITH]      [WEATHER - DAYS WITH]      9 = BLOWING SNOW
                                                   X = TORNADO
MAX 32 OR BELOW:   1    0.01 INCH OR MORE:   4
MAX 90 OR ABOVE:   0    0.10 INCH OR MORE:   3
MIN 32 OR BELOW:   5    0.50 INCH OR MORE:   2
MIN  0 OR BELOW:   0    1.00 INCH OR MORE:   1

[HDD (BASE 65) ]
TOTAL THIS MO.   223    CLEAR  (SCALE 0-3)   5
DPTR FM NORMAL  -155    PTCLDY (SCALE 4-7)   7
TOTAL FM JUL 1   916    CLOUDY (SCALE 8-10)  6
DPTR FM NORMAL  -482

[CDD (BASE 65) ]
TOTAL THIS MO.     6
DPTR FM NORMAL     6    [PRESSURE DATA]
TOTAL FM JAN 1     6    HIGHEST SLP M ON M
DPTR FM NORMAL     6    LOWEST  SLP 29.80 ON  2

[REMARKS]
