000
CXUS54 KBMX 281216
CF6EET
PRELIMINARY LOCAL CLIMATOLOGICAL DATA (WS FORM: F-6)

                                          STATION:   SHELBY COUNTY AIRPORT
                                          MONTH:     NOVEMBER
                                          YEAR:      2014
                                          LATITUDE:   33 10 N
                                          LONGITUDE:  86 47 W

  TEMPERATURE IN F:       :PCPN:    SNOW:  WIND      :SUNSHINE: SKY     :PK WND
================================================================================
1   2   3   4   5  6A  6B    7    8   9   10  11  12  13   14  15   16   17  18
                                     12Z  AVG MX 2MIN
DY MAX MIN AVG DEP HDD CDD  WTR  SNW DPTH SPD SPD DIR MIN PSBL S-S WX    SPD DR
================================================================================

 1  53  35  44 -15  21   0 0.00  0.0    0  8.4 20 320   M    M   0        30 330
 2  62  34  48 -11  17   0 0.00  0.0    0  2.3  9 360   M    M   0        15  20
 3  67  36  52  -6  13   0 0.00  0.0    0  1.6 10 170   M    M   0 8      12 170
 4  72  44  58   0   7   0 0.00  0.0    0  2.2 12 170   M    M   0        15 200
 5  68  51  60   2   5   0 0.00  0.0    0  0.4  6 250   M    M   1         8 130
 6  72  49  61   3   4   0 0.14    M    0  7.3 17 310   M    M   4 1      26 320
 7  59  39  49  -8  16   0 0.00  0.0    0  4.0 12 320   M    M   2        22 290
 8  64  37  51  -6  14   0 0.00  0.0    0  1.6  9 300   M    M   0 8      12 290
 9  66  40  53  -4  12   0 0.00  0.0    0  1.5 10 320   M    M   0        14 310
10  71  37  54  -2  11   0 0.00  0.0    0  1.6  9 150   M    M   0 1      11 180
11  74  41  58   2   7   0 0.00  0.0    0  2.1 13 170   M    M   2        16 160
12  61  41  51  -5  14   0 0.00  0.0    0  7.6 14 310   M    M  10 18     21 310
13  43  33  38 -18  27   0 0.00  0.0    0  9.3 16 320   M    M   9 8      25 330
14  44  26  35 -20  30   0 0.00  0.0    0  6.9 16 360   M    M   0        25 360
15  54  27  41 -14  24   0 0.00  0.0    0  3.8 13 170   M    M   2        16 160
16  57  47  52  -3  13   0 2.87  0.0    0  5.6 13 300   M    M  10 13     21 160
17  64  29  47  -7  18   0 2.06    M    0 10.4 20 310   M    M   7 13     27 290
18  38  24  31 -23  34   0 0.00  0.0    0  6.1 17 300   M    M   0        23 310
19  53  21  37 -17  28   0 0.00  0.0    0  3.8 12 190   M    M   0        18 180
20  61  36  49  -5  16   0 0.00  0.0    0  2.5 12 300   M    M   5        17 270
21  67  42  55   2  10   0 0.00  0.0    0  2.1  9  80   M    M   2        14 110
22  69  42  56   3   9   0    T  0.0    0  6.1 14 120   M    M   4        22 110
23  67  56  62  10   3   0 0.83  0.0    0  7.8 17 180   M    M  10 138    26 180
24  70  49  60   8   5   0 0.00  0.0    0  8.1 17 200   M    M   4        26 210
25  61  45  53   1  12   0 0.00  0.0    0  4.8 15 310   M    M   2        20 310
26  58  35  47  -5  18   0 0.00  0.0    0  6.3 18 320   M    M   2        27 310
27  49  34  42  -9  23   0 0.00  0.0    0  6.1 15 300   M    M   3        20 310
================================================================================
SM 1644 1030       411   0  5.90     0.0 130.3          M       79
================================================================================
AV 60.9 38.1                               4.8 FASTST   M    M   3    MAX(MPH)
                                 MISC ---->  # 20 320               # 30  330
================================================================================
NOTES:
# LAST OF SEVERAL OCCURRENCES

COLUMN 17 PEAK WIND IN M.P.H.

PRELIMINARY LOCAL CLIMATOLOGICAL DATA (WS FORM: F-6) , PAGE 2

                                          STATION:  SHELBY COUNTY AIRPORT
                                          MONTH:    NOVEMBER
                                          YEAR:     2014
                                          LATITUDE:   33 10 N
                                          LONGITUDE:  86 47 W

[TEMPERATURE DATA]      [PRECIPITATION DATA]       SYMBOLS USED IN COLUMN 16

AVERAGE MONTHLY: 49.5   TOTAL FOR MONTH:   5.90    1 = FOG OR MIST
DPTR FM NORMAL:  -5.7   DPTR FM NORMAL:    1.47    2 = FOG REDUCING VISIBILITY
HIGHEST:    74 ON 11    GRTST 24HR  4.93 ON 16-17      TO 1/4 MILE OR LESS
LOWEST:     21 ON 19                               3 = THUNDER
                        SNOW, ICE PELLETS, HAIL    4 = ICE PELLETS
                        TOTAL MONTH:   0.0 INCH    5 = HAIL
                        GRTST 24HR     0.0         6 = FREEZING RAIN OR DRIZZLE
                        GRTST DEPTH:   0           7 = DUSTSTORM OR SANDSTORM:
                                                       VSBY 1/2 MILE OR LESS
                                                   8 = SMOKE OR HAZE
[NO. OF DAYS WITH]      [WEATHER - DAYS WITH]      9 = BLOWING SNOW
                                                   X = TORNADO
MAX 32 OR BELOW:   0    0.01 INCH OR MORE:   4
MAX 90 OR ABOVE:   0    0.10 INCH OR MORE:   4
MIN 32 OR BELOW:   5    0.50 INCH OR MORE:   3
MIN  0 OR BELOW:   0    1.00 INCH OR MORE:   2

[HDD (BASE 65) ]
TOTAL THIS MO.   411    CLEAR  (SCALE 0-3)  17
DPTR FM NORMAL   134    PTCLDY (SCALE 4-7)   6
TOTAL FM JUL 1   481    CLOUDY (SCALE 8-10)  4
DPTR FM NORMAL    81

[CDD (BASE 65) ]
TOTAL THIS MO.     0
DPTR FM NORMAL   -12    [PRESSURE DATA]
TOTAL FM JAN 1  2174    HIGHEST SLP M ON M
DPTR FM NORMAL   199    LOWEST  SLP 29.53 ON 23

[REMARKS]
