000
CXUS54 KBMX 301216
CF6EET
PRELIMINARY LOCAL CLIMATOLOGICAL DATA (WS FORM: F-6)

                                          STATION:   SHELBY COUNTY AIRPORT
                                          MONTH:     MARCH
                                          YEAR:      2015
                                          LATITUDE:   33 10 N
                                          LONGITUDE:  86 47 W

  TEMPERATURE IN F:       :PCPN:    SNOW:  WIND      :SUNSHINE: SKY     :PK WND
================================================================================
1   2   3   4   5  6A  6B    7    8   9   10  11  12  13   14  15   16   17  18
                                     12Z  AVG MX 2MIN
DY MAX MIN AVG DEP HDD CDD  WTR  SNW DPTH SPD SPD DIR MIN PSBL S-S WX    SPD DR
================================================================================

 1  57  47  52   0  13   0 0.07  0.0    0  5.4 13 130   M    M  10 18     23 140
 2  58  50  54   2  11   0 0.06  0.0    0  1.8  7  70   M    M  10 12     11  80
 3  69  51  60   8   5   0 0.21  0.0    0  2.2 13 180   M    M   7 12     18 170
 4  79  60  70  17   0   5 0.03  0.0    0  7.3 17 200   M    M   9 1      24 190
 5  60  25  43 -10  22   0 0.15    T    0 10.3 18 340   M    M   9 1      28 340
 6  49  21  35 -18  30   0 0.00  0.0    0  5.6 12 320   M    M   2        19  10
 7  65  27  46  -7  19   0 0.00  0.0    0  1.3  9 200   M    M   0        11 200
 8  71  33  52  -2  13   0    T  0.0    0  2.7 13 320   M    M   4        21 320
 9  63  51  57   3   8   0 0.09  0.0    0  3.8  9  80   M    M  10 1      13  80
10  72  57  65  11   0   0 0.93  0.0    0  5.7 15 170   M    M  10 13     22 160
11  74  57  66  12   0   1 0.30  0.0    0  2.2  9 320   M    M   7 1      13 340
12  72  57  65  10   0   0 0.04  0.0    0  5.1 10  80   M    M   8 18     19  70
13  64  52  58   3   7   0 0.03  0.0    0  7.4 15  80   M    M  10 1      28 100
14  69  53  61   6   4   0 0.06  0.0    0  2.6  8 220   M    M  10 12     12 210
15  79  52  66  11   0   1 0.00  0.0    0  1.5  8 330   M    M   2 1      11  10
16  81  46  64   8   1   0 0.00  0.0    0  1.5 10 320   M    M   0        14 280
17  82  53  68  12   0   3 0.00  0.0    0  4.6 17 310   M    M   0        22 320
18  78  58  68  12   0   3 0.14  0.0    0  2.9  9 310   M    M   2 1      13  40
19  73  58  66  10   0   1 0.01  0.0    0  2.4 15 290   M    M   5 18     19 290
20  68  57  63   7   2   0 0.15  0.0    0  2.0  9 300   M    M   9 1      13 310
21  66  54  60   3   5   0 0.41  0.0    0  2.3  9 350   M    M   9 1      12 340
22  58  53  56  -1   9   0 0.33  0.0    0  4.7 15 310   M    M  10 1      20 300
23  69  52  61   4   4   0    T  0.0    0  4.0 12  50   M    M   8 1      18  50
24  67  48  58   1   7   0 0.00  0.0    0  3.4 10 130   M    M   5 1      17 140
25  78  51  65   7   0   0 0.00  0.0    0  3.2 12 170   M    M   5        15 170
26  76  52  64   6   1   0 0.53  0.0    M  5.5 15 330   M    M   7 13     22 330
27  59  41  50  -8  15   0 0.01  0.0    0 10.7 20 310   M    M   7        27 300
28  54  36  45 -13  20   0 0.00  0.0    0  6.0 15 320   M    M   5        23 310
29  65  40  53  -5  12   0 0.00  0.0    0  6.0 14 170   M    M   5        19 160
================================================================================
SM 1975 1392       208  14  3.55    T    124.1          M      185
================================================================================
AV 68.1 48.0                               4.3 FASTST   M    M   6    MAX(MPH)
                                 MISC ---->  # 20 310               # 28  340
================================================================================
NOTES:
# LAST OF SEVERAL OCCURRENCES

COLUMN 17 PEAK WIND IN M.P.H.

PRELIMINARY LOCAL CLIMATOLOGICAL DATA (WS FORM: F-6) , PAGE 2

                                          STATION:  SHELBY COUNTY AIRPORT
                                          MONTH:    MARCH
                                          YEAR:     2015
                                          LATITUDE:   33 10 N
                                          LONGITUDE:  86 47 W

[TEMPERATURE DATA]      [PRECIPITATION DATA]       SYMBOLS USED IN COLUMN 16

AVERAGE MONTHLY: 58.1   TOTAL FOR MONTH:   3.55    1 = FOG OR MIST
DPTR FM NORMAL:   2.8   DPTR FM NORMAL:   -0.67    2 = FOG REDUCING VISIBILITY
HIGHEST:    82 ON 17    GRTST 24HR  0.93 ON 10-10      TO 1/4 MILE OR LESS
LOWEST:     21 ON  6                               3 = THUNDER
                        SNOW, ICE PELLETS, HAIL    4 = ICE PELLETS
                        TOTAL MONTH:    T          5 = HAIL
                        GRTST 24HR    T  ON  5- 5  6 = FREEZING RAIN OR DRIZZLE
                        GRTST DEPTH:   0           7 = DUSTSTORM OR SANDSTORM:
                                                       VSBY 1/2 MILE OR LESS
                                                   8 = SMOKE OR HAZE
[NO. OF DAYS WITH]      [WEATHER - DAYS WITH]      9 = BLOWING SNOW
                                                   X = TORNADO
MAX 32 OR BELOW:   0    0.01 INCH OR MORE:  18
MAX 90 OR ABOVE:   0    0.10 INCH OR MORE:   9
MIN 32 OR BELOW:   3    0.50 INCH OR MORE:   2
MIN  0 OR BELOW:   0    1.00 INCH OR MORE:   0

[HDD (BASE 65) ]
TOTAL THIS MO.   208    CLEAR  (SCALE 0-3)   6
DPTR FM NORMAL   -87    PTCLDY (SCALE 4-7)  11
TOTAL FM JUL 1  2453    CLOUDY (SCALE 8-10) 12
DPTR FM NORMAL    29

[CDD (BASE 65) ]
TOTAL THIS MO.    14
DPTR FM NORMAL    11    [PRESSURE DATA]
TOTAL FM JAN 1    14    HIGHEST SLP M ON M
DPTR FM NORMAL     7    LOWEST  SLP 29.76 ON 26

[REMARKS]
