000
CXUS53 KTOP 210800
CF6EMP
PRELIMINARY LOCAL CLIMATOLOGICAL DATA (WS FORM: F-6)

                                          STATION:   Emporia KS
                                          MONTH:     FEBRUARY
                                          YEAR:      2018
                                          LATITUDE:   38 19 N
                                          LONGITUDE:  96 12 W

  TEMPERATURE IN F:       :PCPN:    SNOW:  WIND      :SUNSHINE: SKY     :PK WND
================================================================================
1   2   3   4   5  6A  6B    7    8   9   10  11  12  13   14  15   16   17  18
                                     12Z  AVG MX 2MIN
DY MAX MIN AVG DEP HDD CDD  WTR  SNW DPTH SPD SPD DIR MIN PSBL S-S WX    SPD DR
================================================================================

 1  39  14  27  -5  38   0 0.00    M    M 10.3 24  10   M    M   1        30 360
 2  39   9  24  -8  41   0 0.00    M    M  9.2 21 180   M    M   1        27 180
 3  49  31  40   8  25   0 0.00    M    M 14.8 25 190   M    M   2        32 200
 4  37   3  20 -12  45   0 0.01    M    M 13.8 26 340   M    M   5 12     35 340
 5  32   0  16 -17  49   0 0.00    M    M 10.1 21 340   M    M   3        26 340
 6  24  13  19 -14  46   0 0.00    M    M 10.4 17  40   M    M   8        22  20
 7  36   8  22 -11  43   0 0.00    M    M  5.7 10 180   M    M   0        13 320
 8  60  19  40   7  25   0 0.00    M    M 13.0 26 190   M    M   0        32 200
 9  44  17  31  -3  34   0 0.00    M    M 13.8 23  10   M    M   3 8      30  10
10  19  13  16 -18  49   0    T    M    M 14.4 21  10   M    M  10 168    28  10
11  35  13  24 -10  41   0    T    M    M  7.1 17 350   M    M   3 1      23 340
12  39   7  23 -11  42   0 0.00    M    M  9.7 21 100   M    M   1 1      26 120
13  52  22  37   3  28   0 0.00    M    M 10.9 20 170   M    M   2        26 180
14  68  34  51  16  14   0 0.00    M    M 13.6 24 210   M    M   3 18     28 230
15  71  37  54  19  11   0    T    M    M 14.6 28 360   M    M   2        38 350
16  40  23  32  -3  33   0 0.00    M    M 11.4 26 340   M    M   3        40 350
17  57  30  44   8  21   0 0.00    M    M 11.9 24 340   M    M   3        30 310
18  55  31  43   7  22   0 0.00    M    M 21.3 35 180   M    M   3 1      44 180
19  63  28  46  10  19   0 0.02    M    M 14.5 33 180   M    M  10 16     43 180
20  29  18  24 -13  41   0 0.46    M    M 13.6 24 330   M    M   8 1368   30 330
================================================================================
SM  888  370       667   0  0.49    M    244.1          M       71
================================================================================
AV 44.4 18.5                              12.2 FASTST   M    M   4    MAX(MPH)
                                 MISC ---->  # 35 180               # 44  180
================================================================================
NOTES:
# LAST OF SEVERAL OCCURRENCES

COLUMN 17 PEAK WIND IN M.P.H.

PRELIMINARY LOCAL CLIMATOLOGICAL DATA (WS FORM: F-6) , PAGE 2

                                          STATION:  Emporia KS
                                          MONTH:    FEBRUARY
                                          YEAR:     2018
                                          LATITUDE:   38 19 N
                                          LONGITUDE:  96 12 W

[TEMPERATURE DATA]      [PRECIPITATION DATA]       SYMBOLS USED IN COLUMN 16

AVERAGE MONTHLY: 31.5   TOTAL FOR MONTH:   0.49    1 = FOG OR MIST
DPTR FM NORMAL:  -2.5   DPTR FM NORMAL:   -0.39    2 = FOG REDUCING VISIBILITY
HIGHEST:    71 ON 15    GRTST 24HR  0.46 ON 20-20      TO 1/4 MILE OR LESS
LOWEST:      0 ON  5                               3 = THUNDER
                        SNOW, ICE PELLETS, HAIL    4 = ICE PELLETS
                        TOTAL MONTH:    M          5 = HAIL
                        GRTST 24HR    M  ON   M    6 = FREEZING RAIN OR DRIZZLE
                        GRTST DEPTH:  M  ON   M    7 = DUSTSTORM OR SANDSTORM:
                                                       VSBY 1/2 MILE OR LESS
                                                   8 = SMOKE OR HAZE
[NO. OF DAYS WITH]      [WEATHER - DAYS WITH]      9 = BLOWING SNOW
                                                   X = TORNADO
MAX 32 OR BELOW:   4    0.01 INCH OR MORE:   3
MAX 90 OR ABOVE:   0    0.10 INCH OR MORE:   1
MIN 32 OR BELOW:  18    0.50 INCH OR MORE:   0
MIN  0 OR BELOW:   1    1.00 INCH OR MORE:   0

[HDD (BASE 65) ]
TOTAL THIS MO.   667    CLEAR  (SCALE 0-3)  11
DPTR FM NORMAL    48    PTCLDY (SCALE 4-7)   6
TOTAL FM JUL 1  3505    CLOUDY (SCALE 8-10)  3
DPTR FM NORMAL  -102

[CDD (BASE 65) ]
TOTAL THIS MO.     0
DPTR FM NORMAL     0    [PRESSURE DATA]
TOTAL FM JAN 1     0    HIGHEST SLP M ON M
DPTR FM NORMAL     0    LOWEST  SLP 29.54 ON 19

[REMARKS]
