000
CXUS56 KOTX 280900
CF6EPH
PRELIMINARY LOCAL CLIMATOLOGICAL DATA (WS FORM: F-6)

                                          STATION:   EPHRATA WA AIRPORT
                                          MONTH:     AUGUST
                                          YEAR:      2015
                                          LATITUDE:   47 18 N
                                          LONGITUDE: 119 31 W

  TEMPERATURE IN F:       :PCPN:    SNOW:  WIND      :SUNSHINE: SKY     :PK WND
================================================================================
1   2   3   4   5  6A  6B    7    8   9   10  11  12  13   14  15   16   17  18
                                     12Z  AVG MX 2MIN
DY MAX MIN AVG DEP HDD CDD  WTR  SNW DPTH SPD SPD DIR MIN PSBL S-S WX    SPD DR
================================================================================

 1 104  67  86  10   0  21 0.00    M    M  7.8 17 290   M    M   4 8      23 310
 2 100  70  85   9   0  20 0.00    M    M  8.5 20 300   M    M   4 8      23 300
 3  94  71  83   7   0  18    T    M    M  8.5 24 240   M    M   3 8      31 230
 4  93  70  82   6   0  17 0.00    M    M 11.9 26 300   M    M   0 8      32 310
 5  88  64  76   1   0  11 0.00    M    M 12.1 29 330   M    M   1 8      35 330
 6  81  58  70  -5   0   5 0.00    M    M  6.7 16 200   M    M   0        20 190
 7  87  51  69  -6   0   4 0.00    M    M  4.3 14 200   M    M   0        20 190
 8  91  58  75   0   0  10 0.00    M    M  8.8 18 310   M    M   0        25 190
 9  84  62  73  -2   0   8 0.00    M    M  5.1 15 290   M    M   1        20 220
10  92  61  77   3   0  12 0.00    M    M  5.4 21 180   M    M   0        25 190
11 101  64  83   9   0  18 0.00    M    M  7.4 15 340   M    M   0        20  40
12 103  79  91  17   0  26 0.00    M    M  9.6 23 320   M    M   0        28 330
13  98  67  83   9   0  18 0.00    M    M  4.5 16 320   M    M   0 8      20 310
14  93  67  80   6   0  15 0.00    M    M 13.5 28 240   M    M   0 8      37 230
15  81  56  69  -4   0   4 0.00    M    M  9.2 22 290   M    M   0        28 290
16  82  61  72  -1   0   7 0.00    M    M  6.8 18 320   M    M   2 8      22 330
17  87  56  72  -1   0   7 0.00    M    M  5.0 10 170   M    M   3 8      14 120
18  93  59  76   3   0  11 0.00    M    M  8.7 22  20   M    M   1 8      26  20
19  96  62  79   7   0  14 0.00    M    M 10.7 26 310   M    M   3 8      32 310
20  91  66  79   7   0  14 0.00    M    M  8.0 22 280   M    M   3 8      28 280
21  83  64  74   2   0   9 0.00    M    M 13.9 24 300   M    M   2 8      28 300
22  83  55  69  -3   0   4 0.00    M    M  6.6 17 350   M    M   3 8      22  10
23  86  54  70  -1   0   5 0.00    M    M  4.8 10  50   M    M   2 8      14  60
24  86  55  71   0   0   6 0.00    M    M  6.0 13 180   M    M   1 8      16 190
25  89  52  71   0   0   6 0.00    M    M  4.6 10 210   M    M   0 8      14 150
26  92  58  75   5   0  10 0.00    M    M  5.2 12 330   M    M   0 8      16 250
27  93  61  77   7   0  12 0.00    M    M  7.0 20 190   M    M   0 8      24 190
================================================================================
SM 2451 1668         0 312    T     M    210.6          M       33
================================================================================
AV 90.8 61.8                               7.8 FASTST   M    M   1    MAX(MPH)
                                 MISC ---->  # 29 330               # 37  230
================================================================================
NOTES:
# LAST OF SEVERAL OCCURRENCES

COLUMN 17 PEAK WIND IN M.P.H.

PRELIMINARY LOCAL CLIMATOLOGICAL DATA (WS FORM: F-6) , PAGE 2

                                          STATION:  EPHRATA WA AIRPORT
                                          MONTH:    AUGUST
                                          YEAR:     2015
                                          LATITUDE:   47 18 N
                                          LONGITUDE: 119 31 W

[TEMPERATURE DATA]      [PRECIPITATION DATA]       SYMBOLS USED IN COLUMN 16

AVERAGE MONTHLY: 76.3   TOTAL FOR MONTH:      T    1 = FOG OR MIST
DPTR FM NORMAL:   2.9   DPTR FM NORMAL:   -0.17    2 = FOG REDUCING VISIBILITY
HIGHEST:   104 ON  1    GRTST 24HR    T  ON  3- 3      TO 1/4 MILE OR LESS
LOWEST:     51 ON  7                               3 = THUNDER
                        SNOW, ICE PELLETS, HAIL    4 = ICE PELLETS
                        TOTAL MONTH:    M          5 = HAIL
                        GRTST 24HR    M  ON   M    6 = FREEZING RAIN OR DRIZZLE
                        GRTST DEPTH:  M  ON   M    7 = DUSTSTORM OR SANDSTORM:
                                                       VSBY 1/2 MILE OR LESS
                                                   8 = SMOKE OR HAZE
[NO. OF DAYS WITH]      [WEATHER - DAYS WITH]      9 = BLOWING SNOW
                                                   X = TORNADO
MAX 32 OR BELOW:   0    0.01 INCH OR MORE:   0
MAX 90 OR ABOVE:  15    0.10 INCH OR MORE:   0
MIN 32 OR BELOW:   0    0.50 INCH OR MORE:   0
MIN  0 OR BELOW:   0    1.00 INCH OR MORE:   0

[HDD (BASE 65) ]
TOTAL THIS MO.     0    CLEAR  (SCALE 0-3)  22
DPTR FM NORMAL    -1    PTCLDY (SCALE 4-7)   5
TOTAL FM JUL 1     0    CLOUDY (SCALE 8-10)  0
DPTR FM NORMAL    -9

[CDD (BASE 65) ]
TOTAL THIS MO.   312
DPTR FM NORMAL    79    [PRESSURE DATA]
TOTAL FM JAN 1  1222    HIGHEST SLP M ON M
DPTR FM NORMAL   549    LOWEST  SLP  0.00 ON M

[REMARKS]
