000
CXUS51 KCLE 161004
CF6ERI
PRELIMINARY LOCAL CLIMATOLOGICAL DATA (WS FORM: F-6)

                                          STATION:   ERIE PA
                                          MONTH:     SEPTEMBER
                                          YEAR:      2014
                                          LATITUDE:   42  4 N
                                          LONGITUDE:  80 11 W

  TEMPERATURE IN F:       :PCPN:    SNOW:  WIND      :SUNSHINE: SKY     :PK WND
================================================================================
1   2   3   4   5  6A  6B    7    8   9   10  11  12  13   14  15   16   17  18
                                     12Z  AVG MX 2MIN
DY MAX MIN AVG DEP HDD CDD  WTR  SNW DPTH SPD SPD DIR MIN PSBL S-S WX    SPD DR
================================================================================

 1  85  71  78  10   0  13 0.02  0.0    0 10.3 22 220   M    M   4 18     28 220
 2  79  65  72   4   0   7 0.43  0.0    0  7.4 17 260   M    M   5 1      25 280
 3  79  62  71   3   0   6 0.00  0.0    0  4.9  9 300   M    M   1 1      13 290
 4  86  67  77   9   0  12 0.00  0.0    0  7.3 13 170   M    M   1        17 220
 5  90  69  80  13   0  15 0.21  0.0    0 11.5 21 190   M    M   2 13     32 350
 6  70  62  66  -1   0   1 0.13  0.0    0  7.7 15 180   M    M   5 1      21 180
 7  71  52  62  -5   3   0 0.00  0.0    0  3.8  9 330   M    M   0        14 320
 8  79  53  66  -1   0   1 0.00  0.0    0  8.9 18 150   M    M   0        24 160
 9  79  63  71   5   0   6    T  0.0    0 11.7 23 160   M    M   7        31 160
10  82  65  74   8   0   9 0.42  0.0    0 15.3 29 180   M    M   3 1      40 180
11  76  57  67   1   0   2 0.15  0.0    0 12.3 25 200   M    M  10 1      35 200
12  59  54  57  -8   8   0    T  0.0    0  8.3 15  50   M    M  10        18  50
13  62  54  58  -7   7   0    T  0.0    0  9.2 25 280   M    M   9        36 280
14  63  45  54 -11  11   0 0.00  0.0    0  4.6 10 360   M    M   4        15 320
15  69  51  60  -4   5   0 0.63  0.0    0  6.5 15 210   M    M   7 1      20 210
================================================================================
SM 1129  890        34  72  1.99     0.0 129.7          M       68
================================================================================
AV 75.3 59.3                               8.6 FASTST   M    M   5    MAX(MPH)
                                 MISC ---->  # 29 180               # 40  180
================================================================================
NOTES:
# LAST OF SEVERAL OCCURRENCES

COLUMN 17 PEAK WIND IN M.P.H.

PRELIMINARY LOCAL CLIMATOLOGICAL DATA (WS FORM: F-6) , PAGE 2

                                          STATION:  ERIE PA
                                          MONTH:    SEPTEMBER
                                          YEAR:     2014
                                          LATITUDE:   42  4 N
                                          LONGITUDE:  80 11 W

[TEMPERATURE DATA]      [PRECIPITATION DATA]       SYMBOLS USED IN COLUMN 16

AVERAGE MONTHLY: 67.3   TOTAL FOR MONTH:   1.99    1 = FOG OR MIST
DPTR FM NORMAL:   0.8   DPTR FM NORMAL:   -0.12    2 = FOG REDUCING VISIBILITY
HIGHEST:    90 ON  5    GRTST 24HR  0.64 ON 31- 1      TO 1/4 MILE OR LESS
LOWEST:     45 ON 14                               3 = THUNDER
                        SNOW, ICE PELLETS, HAIL    4 = ICE PELLETS
                        TOTAL MONTH:   0.0 INCH    5 = HAIL
                        GRTST 24HR     0.0         6 = FREEZING RAIN OR DRIZZLE
                        GRTST DEPTH:   0           7 = DUSTSTORM OR SANDSTORM:
                                                       VSBY 1/2 MILE OR LESS
                                                   8 = SMOKE OR HAZE
[NO. OF DAYS WITH]      [WEATHER - DAYS WITH]      9 = BLOWING SNOW
                                                   X = TORNADO
MAX 32 OR BELOW:   0    0.01 INCH OR MORE:   7
MAX 90 OR ABOVE:   1    0.10 INCH OR MORE:   6
MIN 32 OR BELOW:   0    0.50 INCH OR MORE:   1
MIN  0 OR BELOW:   0    1.00 INCH OR MORE:   0

[HDD (BASE 65) ]
TOTAL THIS MO.    34    CLEAR  (SCALE 0-3)   5
DPTR FM NORMAL     7    PTCLDY (SCALE 4-7)   7
TOTAL FM JUL 1    52    CLOUDY (SCALE 8-10)  3
DPTR FM NORMAL     7

[CDD (BASE 65) ]
TOTAL THIS MO.    72
DPTR FM NORMAL    23    [PRESSURE DATA]
TOTAL FM JAN 1   588    HIGHEST SLP M ON M
DPTR FM NORMAL   -19    LOWEST  SLP 29.62 ON 11

[REMARKS]
