000
CXUS54 KEWX 240910
CF6ERV
PRELIMINARY LOCAL CLIMATOLOGICAL DATA (WS FORM: F-6)

                                          STATION:   KERRVILLE
                                          MONTH:     NOVEMBER
                                          YEAR:      2014
                                          LATITUDE:   29 58 N
                                          LONGITUDE:  99  5 W

  TEMPERATURE IN F:       :PCPN:    SNOW:  WIND      :SUNSHINE: SKY     :PK WND
================================================================================
1   2   3   4   5  6A  6B    7    8   9   10  11  12  13   14  15   16   17  18
                                     12Z  AVG MX 2MIN
DY MAX MIN AVG DEP HDD CDD  WTR  SNW DPTH SPD SPD DIR MIN PSBL S-S WX    SPD DR
================================================================================

 1  69  39  54   M  11   0 0.00    M    M  4.5 10 170   M    M   0         M  M
 2  72  49  61   M   4   0 0.00    M    M 12.0 18 150   M    M   9        27 160
 3  72  62  67   M   0   2 0.00    M    M 13.9 18 160   M    M  10        27 150
 4  74  56  65   M   0   0 0.51    M    M 10.0 15 160   M    M  10 3      22 160
 5  56  53  55   M  10   0 1.24    M    M  6.3 10 360   M    M  10        16 360
 6  61  54  58   M   7   0 0.00    M    M  5.3 10 340   M    M  10         M  M
 7  69  51  60   M   5   0 0.00    M    M  2.7  8 170   M    M   6         M  M
 8  72  45  59   M   6   0 0.00    M    M  6.3 15 360   M    M   1        23 360
 9  74  38  56   M   9   0 0.00    M    M  3.9 12 190   M    M   0         9 220
10  74  41  58   M   7   0 0.00    M    M  6.5 18 200   M    M   0        27 200
11  61  38  50   M  15   0 0.00    M    M  9.7 22 350   M    M   3        27 350
12  44  32  38   M  27   0 0.00    M    M 11.9 17 360   M    M   5        22  10
13  38  31  35   M  30   0 0.00    M    M 11.7 20 350   M    M  10        25 340
14  42  31  37   M  28   0 0.00    M    M  4.7  9 150   M    M  10         M  M
15  51  31  41   M  24   0 0.00    M    M  4.2  9 150   M    M   9 1       M  M
16  60  31  46   M  19   0 0.00    M    M 10.0 22 350   M    M   9 12     31 340
17  51  26  39   M  26   0 0.00    M    M 10.1 21 330   M    M   1        28 330
18  54  23  39   M  26   0 0.00    M    M  4.9 15 180   M    M   0        22 180
19  66  29  48   M  17   0 0.00    M    M  6.2 17 200   M    M   0        23 200
20  69  36  53   M  12   0 0.00    M    M  5.6 14 170   M    M   8        17 200
21  73  61  67   M   0   2 0.00    M    M 10.2 16 140   M    M   9        27 150
22  72  54  63   M   2   0 0.11    M    M 11.0 18 150   M    M   8 13     27 150
23  79  41  60   M   5   0 0.01    M    M  6.3 18 270   M    M   2 1      24 270
================================================================================
SM 1453  952       290   4  1.87    M    177.9          M      130
================================================================================
AV 63.2 41.4                               7.7 FASTST   M    M   6    MAX(MPH)
                                 MISC ---->    22   M                 31    M
================================================================================
NOTES:
# LAST OF SEVERAL OCCURRENCES

COLUMN 17 PEAK WIND IN M.P.H.

PRELIMINARY LOCAL CLIMATOLOGICAL DATA (WS FORM: F-6) , PAGE 2

                                          STATION:  KERRVILLE
                                          MONTH:    NOVEMBER
                                          YEAR:     2014
                                          LATITUDE:   29 58 N
                                          LONGITUDE:  99  5 W

[TEMPERATURE DATA]      [PRECIPITATION DATA]       SYMBOLS USED IN COLUMN 16

AVERAGE MONTHLY: 52.3   TOTAL FOR MONTH:   1.87    1 = FOG OR MIST
DPTR FM NORMAL:     M   DPTR FM NORMAL:       M    2 = FOG REDUCING VISIBILITY
HIGHEST:    79 ON 23    GRTST 24HR  1.24 ON  5- 5      TO 1/4 MILE OR LESS
LOWEST:     23 ON 18                               3 = THUNDER
                        SNOW, ICE PELLETS, HAIL    4 = ICE PELLETS
                        TOTAL MONTH:    M          5 = HAIL
                        GRTST 24HR    M  ON   M    6 = FREEZING RAIN OR DRIZZLE
                        GRTST DEPTH:  M  ON   M    7 = DUSTSTORM OR SANDSTORM:
                                                       VSBY 1/2 MILE OR LESS
                                                   8 = SMOKE OR HAZE
[NO. OF DAYS WITH]      [WEATHER - DAYS WITH]      9 = BLOWING SNOW
                                                   X = TORNADO
MAX 32 OR BELOW:   0    0.01 INCH OR MORE:   4
MAX 90 OR ABOVE:   0    0.10 INCH OR MORE:   3
MIN 32 OR BELOW:   8    0.50 INCH OR MORE:   2
MIN  0 OR BELOW:   0    1.00 INCH OR MORE:   1

[HDD (BASE 65) ]
TOTAL THIS MO.   290    CLEAR  (SCALE 0-3)   9
DPTR FM NORMAL     M    PTCLDY (SCALE 4-7)   4
TOTAL FM JUL 1   307    CLOUDY (SCALE 8-10) 10
DPTR FM NORMAL     M

[CDD (BASE 65) ]
TOTAL THIS MO.     4
DPTR FM NORMAL     M    [PRESSURE DATA]
TOTAL FM JAN 1  2562    HIGHEST SLP M ON M
DPTR FM NORMAL     M    LOWEST  SLP M ON M

[REMARKS]
