000
CXUS53 KDMX 230920
CF6EST
PRELIMINARY LOCAL CLIMATOLOGICAL DATA (WS FORM: F-6)

                                          STATION:   ESTHERVILLE IA
                                          MONTH:     APRIL
                                          YEAR:      2017
                                          LATITUDE:   43 24 N
                                          LONGITUDE:  94 45 W

  TEMPERATURE IN F:       :PCPN:    SNOW:  WIND      :SUNSHINE: SKY     :PK WND
================================================================================
1   2   3   4   5  6A  6B    7    8   9   10  11  12  13   14  15   16   17  18
                                     12Z  AVG MX 2MIN
DY MAX MIN AVG DEP HDD CDD  WTR  SNW DPTH SPD SPD DIR MIN PSBL S-S WX    SPD DR
================================================================================

 1  58  33  46   6  19   0 0.00  0.0    0  5.3 12 300   M    M   1 1      13 290
 2  51  42  47   6  18   0    T    M    0  9.7 20 170   M    M  10 12     23 170
 3  50  45  48   7  17   0 0.13  0.0    0  9.5 18  10   M    M  10 12     22  10
 4  60  39  50   8  15   0 0.06  0.0    0 10.8 21  50   M    M   4 1      26  40
 5  51  37  44   2  21   0 0.00  0.0    0 11.7 20  20   M    M   3        28 360
 6  53  30  42  -1  23   0 0.00  0.0    0 13.0 23 330   M    M   0        30 330
 7  61  27  44   1  21   0 0.00  0.0    0 14.4 29 160   M    M   0        34 170
 8  77  44  61  17   4   0 0.00  0.0    0 18.8 30 180   M    M   0        36 200
 9  67  49  58  14   7   0 0.00  0.0    0 11.3 26 350   M    M   4 8      36 350
10  49  35  42  -2  23   0 0.08    M    0 17.8 25 360   M    M   9 1      30 360
11  57  35  46   1  19   0 0.00  0.0    0  9.1 15 320   M    M   4        20 310
12  59  36  48   3  17   0    T    M    0 10.8 23  40   M    M   6 1      26  40
13  61  43  52   6  13   0 0.00  0.0    0 11.7 21 120   M    M   8 12     26 120
14  68  47  58  12   7   0 0.22  0.0    0 16.1 29 140   M    M   7 138    35 150
15  74  50  62  15   3   0 0.02  0.0    0 13.3 31 250   M    M   5 3      37 250
16  68  40  54   7  11   0 0.00  0.0    0 11.7 22 280   M    M   1        29 290
17  62  45  54   6  11   0 0.00  0.0    0  9.7 22 360   M    M   3        25 360
18  67  45  56   8   9   0 0.33    M    0 18.8 31 170   M    M   3 1      39 180
19  47  44  46  -2  19   0 0.39  0.0    0 15.0 26  50   M    M  10 13     33  70
20  48  41  45  -4  20   0 0.00  0.0    0 16.1 28 310   M    M  10 1      33 320
21  57  33  45  -4  20   0 0.00  0.0    0  8.4 18  30   M    M   1        21  30
22  66  36  51   1  14   0 0.00  0.0    0  6.5 14 300   M    M   0        16 300
================================================================================
SM 1311  876       331   0  1.23     0.0 269.5          M       99
================================================================================
AV 59.6 39.8                              12.3 FASTST   M    M   5    MAX(MPH)
                                 MISC ---->  # 31 250               # 39  180
================================================================================
NOTES:
# LAST OF SEVERAL OCCURRENCES

COLUMN 17 PEAK WIND IN M.P.H.

PRELIMINARY LOCAL CLIMATOLOGICAL DATA (WS FORM: F-6) , PAGE 2

                                          STATION:  ESTHERVILLE IA
                                          MONTH:    APRIL
                                          YEAR:     2017
                                          LATITUDE:   43 24 N
                                          LONGITUDE:  94 45 W

[TEMPERATURE DATA]      [PRECIPITATION DATA]       SYMBOLS USED IN COLUMN 16

AVERAGE MONTHLY: 49.7   TOTAL FOR MONTH:   1.23    1 = FOG OR MIST
DPTR FM NORMAL:   4.6   DPTR FM NORMAL:   -1.04    2 = FOG REDUCING VISIBILITY
HIGHEST:    77 ON  8    GRTST 24HR  0.39 ON 18-19      TO 1/4 MILE OR LESS
LOWEST:     27 ON  7                               3 = THUNDER
                        SNOW, ICE PELLETS, HAIL    4 = ICE PELLETS
                        TOTAL MONTH:   0.0 INCH    5 = HAIL
                        GRTST 24HR     0.0         6 = FREEZING RAIN OR DRIZZLE
                        GRTST DEPTH:   0           7 = DUSTSTORM OR SANDSTORM:
                                                       VSBY 1/2 MILE OR LESS
                                                   8 = SMOKE OR HAZE
[NO. OF DAYS WITH]      [WEATHER - DAYS WITH]      9 = BLOWING SNOW
                                                   X = TORNADO
MAX 32 OR BELOW:   0    0.01 INCH OR MORE:   7
MAX 90 OR ABOVE:   0    0.10 INCH OR MORE:   4
MIN 32 OR BELOW:   2    0.50 INCH OR MORE:   0
MIN  0 OR BELOW:   0    1.00 INCH OR MORE:   0

[HDD (BASE 65) ]
TOTAL THIS MO.   331    CLEAR  (SCALE 0-3)   8
DPTR FM NORMAL  -106    PTCLDY (SCALE 4-7)   9
TOTAL FM JUL 1  6363    CLOUDY (SCALE 8-10)  5
DPTR FM NORMAL  -989

[CDD (BASE 65) ]
TOTAL THIS MO.     0
DPTR FM NORMAL     0    [PRESSURE DATA]
TOTAL FM JAN 1     0    HIGHEST SLP M ON M
DPTR FM NORMAL     0    LOWEST  SLP 29.45 ON  9

[REMARKS]
