000
CXUS56 KPQR 281200
CF6EUG
PRELIMINARY LOCAL CLIMATOLOGICAL DATA (WS FORM: F-6)

                                          STATION:   EUGENE OR
                                          MONTH:     AUGUST
                                          YEAR:      2015
                                          LATITUDE:   44  7 N
                                          LONGITUDE: 123 13 W

  TEMPERATURE IN F:       :PCPN:    SNOW:  WIND      :SUNSHINE: SKY     :PK WND
================================================================================
1   2   3   4   5  6A  6B    7    8   9   10  11  12  13   14  15   16   17  18
                                     12Z  AVG MX 2MIN
DY MAX MIN AVG DEP HDD CDD  WTR  SNW DPTH SPD SPD DIR MIN PSBL S-S WX    SPD DR
================================================================================

 1 100  54  77   9   0  12 0.00  0.0    0  8.0 18 220   M    M   5        22 220
 2  80  57  69   1   0   4    T  0.0    0  6.4 17 340   M    M   7        20 360
 3  89  61  75   7   0  10 0.00  0.0    0  6.5 15 360   M    M   6        20 330
 4  86  53  70   2   0   5 0.00  0.0    0  6.1 17 350   M    M   2 8      28 350
 5  83  47  65  -3   0   0 0.00  0.0    0  6.9 16 340   M    M   1        23 340
 6  83  51  67  -1   0   2 0.00  0.0    0 10.9 21  30   M    M   1        33  20
 7  89  52  71   3   0   6 0.00  0.0    0  7.0 16 330   M    M   1        25 330
 8  82  57  70   2   0   5    T  0.0    0  8.0 17 290   M    M   6        20 290
 9  86  61  74   6   0   9 0.00  0.0    0  6.2 18 260   M    M   8        22 260
10  85  54  70   2   0   5 0.00  0.0    0  7.6 17 290   M    M   7        23 270
11  87  59  73   5   0   8 0.00  0.0    0  5.5 15 230   M    M   6        19 230
12  92  58  75   7   0  10 0.00  0.0    0  9.7 18 250   M    M   2 8      23 280
13  87  53  70   3   0   5 0.00  0.0    0  6.7 18 240   M    M   4 1      22 240
14  76  59  68   1   0   3    T  0.0    0  8.2 16 210   M    M   8 8      20 250
15  80  57  69   2   0   4 0.00  0.0    0  8.1 17  20   M    M   5        22  20
16  85  52  69   2   0   4 0.00  0.0    0 10.8 24  20   M    M   1        28  10
17  91  53  72   5   0   7 0.00  0.0    0  9.9 22  10   M    M   1        27 360
18  96  53  75   8   0  10 0.00  0.0    0  6.4 16  30   M    M   1        20  20
19  99  56  78  11   0  13 0.00  0.0    0  5.5 18 320   M    M   0        21 330
20  83  53  68   1   0   3 0.00  0.0    0  5.1 17  10   M    M   2        19 360
21  82  49  66   0   0   1 0.00  0.0    0  8.3 17  20   M    M   1        25 360
22  89  49  69   3   0   4 0.00    M    0 10.0 22 360   M    M   3 8      27  10
23  88  52  70   4   0   5 0.00  0.0    0  4.7 14 260   M    M   8 8      17 260
24  85  48  67   1   0   2 0.00  0.0    0  4.6 15  10   M    M   5        18  30
25  85  45  65  -1   0   0 0.00  0.0    0  5.0 14  10   M    M   3 8      22  20
26  89  50  70   4   0   5 0.00  0.0    0  7.0 18 260   M    M   5 8      22 270
27  92  50  71   5   0   6 0.00  0.0    0  5.8 16 280   M    M   5        20 280
================================================================================
SM 2349 1443         0 148    T      0.0 194.9          M      104
================================================================================
AV 87.0 53.4                               7.2 FASTST   M    M   4    MAX(MPH)
                                 MISC ---->  # 24  20               # 33   20
================================================================================
NOTES:
# LAST OF SEVERAL OCCURRENCES

COLUMN 17 PEAK WIND IN M.P.H.

PRELIMINARY LOCAL CLIMATOLOGICAL DATA (WS FORM: F-6) , PAGE 2

                                          STATION:  EUGENE OR
                                          MONTH:    AUGUST
                                          YEAR:     2015
                                          LATITUDE:   44  7 N
                                          LONGITUDE: 123 13 W

[TEMPERATURE DATA]      [PRECIPITATION DATA]       SYMBOLS USED IN COLUMN 16

AVERAGE MONTHLY: 70.2   TOTAL FOR MONTH:      T    1 = FOG OR MIST
DPTR FM NORMAL:   3.0   DPTR FM NORMAL:   -0.49    2 = FOG REDUCING VISIBILITY
HIGHEST:   100 ON  1    GRTST 24HR    T  ON 14-14      TO 1/4 MILE OR LESS
LOWEST:     45 ON 25                               3 = THUNDER
                        SNOW, ICE PELLETS, HAIL    4 = ICE PELLETS
                        TOTAL MONTH:   0.0 INCH    5 = HAIL
                        GRTST 24HR     0.0         6 = FREEZING RAIN OR DRIZZLE
                        GRTST DEPTH:   0           7 = DUSTSTORM OR SANDSTORM:
                                                       VSBY 1/2 MILE OR LESS
                                                   8 = SMOKE OR HAZE
[NO. OF DAYS WITH]      [WEATHER - DAYS WITH]      9 = BLOWING SNOW
                                                   X = TORNADO
MAX 32 OR BELOW:   0    0.01 INCH OR MORE:   0
MAX 90 OR ABOVE:   6    0.10 INCH OR MORE:   0
MIN 32 OR BELOW:   0    0.50 INCH OR MORE:   0
MIN  0 OR BELOW:   0    1.00 INCH OR MORE:   0

[HDD (BASE 65) ]
TOTAL THIS MO.     0    CLEAR  (SCALE 0-3)  13
DPTR FM NORMAL   -27    PTCLDY (SCALE 4-7)  13
TOTAL FM JUL 1     5    CLOUDY (SCALE 8-10)  1
DPTR FM NORMAL   -58

[CDD (BASE 65) ]
TOTAL THIS MO.   148
DPTR FM NORMAL    64    [PRESSURE DATA]
TOTAL FM JAN 1   479    HIGHEST SLP M ON M
DPTR FM NORMAL   278    LOWEST  SLP 29.79 ON 19

[REMARKS]
