000
CXUS53 KPAH 170633
CF6EVV
PRELIMINARY LOCAL CLIMATOLOGICAL DATA (WS FORM: F-6)

                                          STATION:   EVANSVILLE IN
                                          MONTH:     DECEMBER
                                          YEAR:      2017
                                          LATITUDE:   38  2 N
                                          LONGITUDE:  87 32 W

  TEMPERATURE IN F:       :PCPN:    SNOW:  WIND      :SUNSHINE: SKY     :PK WND
================================================================================
1   2   3   4   5  6A  6B    7    8   9   10  11  12  13   14  15   16   17  18
                                     12Z  AVG MX 2MIN
DY MAX MIN AVG DEP HDD CDD  WTR  SNW DPTH SPD SPD DIR MIN PSBL S-S WX    SPD DR
================================================================================

 1  55  28  42   2  23   0 0.00  0.0    0  0.9  7 100   M    M   0        11 340
 2  59  38  49  10  16   0    T  0.0    0  1.2  7 240   M    M   3        10 230
 3  62  32  47   8  18   0 0.00  0.0    0  2.4 10 150   M    M   0        15 150
 4  68  44  56  17   9   0    T  0.0    0 11.0 23 190   M    M   2        36 210
 5  59  28  44   6  21   0 0.74  0.0    0  9.4 23 190   M    M   4 13     32 190
 6  49  28  39   1  26   0 0.00  0.0    0  6.9 16 260   M    M   1        22 260
 7  37  22  30  -8  35   0 0.00  0.0    0  6.3 17 330   M    M   5        27 310
 8  34  17  26 -11  39   0 0.00  0.0    0  3.3  9 230   M    M   0        13 210
 9  37  21  29  -8  36   0    T    T    0  8.9 18 320   M    M   7        29 310
10  45  19  32  -5  33   0 0.00  0.0    0  8.2 24 210   M    M   1        32 220
11  57  23  40   4  25   0 0.00  0.0    0  9.0 25 190   M    M   2        35 190
12  43  22  33  -3  32   0 0.01  0.0    0 10.0 21 320   M    M   5 1      36 320
13  50  20  35  -1  30   0 0.00  0.0    0 12.5 30 220   M    M   2        40 230
14  39  27  33  -3  32   0 0.00  0.0    0  6.1 22 360   M    M   9        30 310
15  40  29  35   0  30   0 0.00  0.0    0  6.8 16 240   M    M   9        22 240
16  53  30  42   7  23   0 0.00  0.0    0 10.6 21 210   M    M   0        28 210
================================================================================
SM  787  428       428   0  0.75    T    113.5          M       50
================================================================================
AV 49.2 26.8                               7.1 FASTST   M    M   3    MAX(MPH)
                                 MISC ---->  # 30 220               # 40  230
================================================================================
NOTES:
# LAST OF SEVERAL OCCURRENCES

COLUMN 17 PEAK WIND IN M.P.H.

PRELIMINARY LOCAL CLIMATOLOGICAL DATA (WS FORM: F-6) , PAGE 2

                                          STATION:  EVANSVILLE IN
                                          MONTH:    DECEMBER
                                          YEAR:     2017
                                          LATITUDE:   38  2 N
                                          LONGITUDE:  87 32 W

[TEMPERATURE DATA]      [PRECIPITATION DATA]       SYMBOLS USED IN COLUMN 16

AVERAGE MONTHLY: 38.0   TOTAL FOR MONTH:   0.75    1 = FOG OR MIST
DPTR FM NORMAL:   0.7   DPTR FM NORMAL:   -1.30    2 = FOG REDUCING VISIBILITY
HIGHEST:    68 ON  4    GRTST 24HR  0.74 ON  5- 5      TO 1/4 MILE OR LESS
LOWEST:     17 ON  8                               3 = THUNDER
                        SNOW, ICE PELLETS, HAIL    4 = ICE PELLETS
                        TOTAL MONTH:    T          5 = HAIL
                        GRTST 24HR    T  ON  9- 9  6 = FREEZING RAIN OR DRIZZLE
                        GRTST DEPTH:   0           7 = DUSTSTORM OR SANDSTORM:
                                                       VSBY 1/2 MILE OR LESS
                                                   8 = SMOKE OR HAZE
[NO. OF DAYS WITH]      [WEATHER - DAYS WITH]      9 = BLOWING SNOW
                                                   X = TORNADO
MAX 32 OR BELOW:   0    0.01 INCH OR MORE:   2
MAX 90 OR ABOVE:   0    0.10 INCH OR MORE:   1
MIN 32 OR BELOW:  14    0.50 INCH OR MORE:   1
MIN  0 OR BELOW:   0    1.00 INCH OR MORE:   0

[HDD (BASE 65) ]
TOTAL THIS MO.   428    CLEAR  (SCALE 0-3)  10
DPTR FM NORMAL   -16    PTCLDY (SCALE 4-7)   4
TOTAL FM JUL 1  1208    CLOUDY (SCALE 8-10)  2
DPTR FM NORMAL   -97

[CDD (BASE 65) ]
TOTAL THIS MO.     0
DPTR FM NORMAL     0    [PRESSURE DATA]
TOTAL FM JAN 1  1567    HIGHEST SLP M ON M
DPTR FM NORMAL   170    LOWEST  SLP 29.57 ON 13

[REMARKS]
