000
CXUS56 KSLC 271403
CF6EVW
PRELIMINARY LOCAL CLIMATOLOGICAL DATA (WS FORM: F-6)

                                          STATION:   EVANSTON WY
                                          MONTH:     APRIL
                                          YEAR:      2017
                                          LATITUDE:   41 16 N
                                          LONGITUDE: 111  2 W

  TEMPERATURE IN F:       :PCPN:    SNOW:  WIND      :SUNSHINE: SKY     :PK WND
================================================================================
1   2   3   4   5  6A  6B    7    8   9   10  11  12  13   14  15   16   17  18
                                     12Z  AVG MX 2MIN
DY MAX MIN AVG DEP HDD CDD  WTR  SNW DPTH SPD SPD DIR MIN PSBL S-S WX    SPD DR
================================================================================

 1  48  31  40   5  25   0 0.00  0.0    0 10.4 28  70   M    M   3        35  70
 2  43  29  36   0  29   0    T    M    0 12.5 31 320   M    M   7 1      40 320
 3  44  21  33  -3  32   0 0.00  0.0    0  9.4 20 330   M    M   0        26 270
 4  39  19  29  -7  36   0 0.00  0.0    0  9.3 23 350   M    M   3        26 350
 5  51  21  36   0  29   0 0.00  0.0    0 11.7 22 280   M    M   1        28 250
 6  65  31  48  11  17   0 0.00  0.0    0  9.2 26 200   M    M   1        35 190
 7  60  42  51  14  14   0 0.00  0.0    0 23.5 48 220   M    M   3        59 220
 8  50  26  38   1  27   0    M    M    M 15.2 36 210   M    M   9 128    48 200
 9  31  20  26 -11  39   0 0.00  0.0    0 14.3 26 270   M    M   5 18     31 270
10  47  16  32  -6  33   0    M  0.0    0  9.8 24 250   M    M   0 8      30 230
11  57  28  43   5  22   0    M  0.0    0  8.5 31 210   M    M   4        38 230
12  65  36  51  13  14   0 0.00  0.0    0  8.2 22 220   M    M   1        28 220
13  68  33  51  13  14   0 0.00  0.0    0 16.4 36 210   M    M   2        46 180
14  49  28  39   0  26   0 0.00  0.0    0 11.5 28 230   M    M   7        35 260
15  48  24  36  -3  29   0 0.00  0.0    0  7.8 21 230   M    M   0        27 250
16  63  29  46   7  19   0 0.00  0.0    0  7.3 22 240   M    M   1        33 280
17  58  39  49   9  16   0 0.00  0.0    0 15.8 36 270   M    M   3        52 220
18  56  32  44   4  21   0 0.31    M    0 10.3 22 330   M    M   9 123    28 220
19  50  31  41   1  24   0    M    M    0  9.0 17 230   M    M   5 12     23 270
20  49  31  40   0  25   0    M    M    0  9.8 28 260   M    M   6 1      32 260
21  45  28  37  -4  28   0    T    M    0 11.8 25 270   M    M   6        31 320
22  56  25  41   0  24   0 0.00  0.0    0  6.1 18 270   M    M   0        22 240
23  64  36  50   8  15   0    T    M    0 11.2 29 270   M    M   2        35 250
24  47  30  39  -3  26   0    T    M    0 12.1 26 240   M    M   7 12     32 250
25  44  30  37  -5  28   0    T    M    0 13.2 24 290   M    M  10 12     30 290
26  46  30  38  -4  27   0    M    M    0 14.7 29 240   M    M   8 12     36 250
================================================================================
SM 1343  746       639   0  0.31     0.0 299.0          M      103
================================================================================
AV 51.7 28.7                              11.5 FASTST   M    M   4    MAX(MPH)
                                 MISC ---->  # 48 220               # 59  220
================================================================================
NOTES:
# LAST OF SEVERAL OCCURRENCES

COLUMN 17 PEAK WIND IN M.P.H.

PRELIMINARY LOCAL CLIMATOLOGICAL DATA (WS FORM: F-6) , PAGE 2

                                          STATION:  EVANSTON WY
                                          MONTH:    APRIL
                                          YEAR:     2017
                                          LATITUDE:   41 16 N
                                          LONGITUDE: 111  2 W

[TEMPERATURE DATA]      [PRECIPITATION DATA]       SYMBOLS USED IN COLUMN 16

AVERAGE MONTHLY: 40.2   TOTAL FOR MONTH:   0.31    1 = FOG OR MIST
DPTR FM NORMAL:   1.5   DPTR FM NORMAL:   -0.63    2 = FOG REDUCING VISIBILITY
HIGHEST:    68 ON 13    GRTST 24HR  0.31 ON 18-18      TO 1/4 MILE OR LESS
LOWEST:     16 ON 10                               3 = THUNDER
                        SNOW, ICE PELLETS, HAIL    4 = ICE PELLETS
                        TOTAL MONTH:   0.0 INCH    5 = HAIL
                        GRTST 24HR     0.0         6 = FREEZING RAIN OR DRIZZLE
                        GRTST DEPTH:   0           7 = DUSTSTORM OR SANDSTORM:
                                                       VSBY 1/2 MILE OR LESS
                                                   8 = SMOKE OR HAZE
[NO. OF DAYS WITH]      [WEATHER - DAYS WITH]      9 = BLOWING SNOW
                                                   X = TORNADO
MAX 32 OR BELOW:   1    0.01 INCH OR MORE:   1
MAX 90 OR ABOVE:   0    0.10 INCH OR MORE:   1
MIN 32 OR BELOW:  21    0.50 INCH OR MORE:   0
MIN  0 OR BELOW:   0    1.00 INCH OR MORE:   0

[HDD (BASE 65) ]
TOTAL THIS MO.   639    CLEAR  (SCALE 0-3)  14
DPTR FM NORMAL   -44    PTCLDY (SCALE 4-7)   8
TOTAL FM JUL 1  7074    CLOUDY (SCALE 8-10)  4
DPTR FM NORMAL  -677

[CDD (BASE 65) ]
TOTAL THIS MO.     0
DPTR FM NORMAL     0    [PRESSURE DATA]
TOTAL FM JAN 1     0    HIGHEST SLP M ON M
DPTR FM NORMAL     0    LOWEST  SLP 29.44 ON 13

[REMARKS]
