000
CXUS52 KMHX 220700
CF6EWN
PRELIMINARY LOCAL CLIMATOLOGICAL DATA (WS FORM: F-6)

                                          STATION:   NEW BERN NC
                                          MONTH:     APRIL
                                          YEAR:      2017
                                          LATITUDE:   35  4 N
                                          LONGITUDE:  77  3 W

  TEMPERATURE IN F:       :PCPN:    SNOW:  WIND      :SUNSHINE: SKY     :PK WND
================================================================================
1   2   3   4   5  6A  6B    7    8   9   10  11  12  13   14  15   16   17  18
                                     12Z  AVG MX 2MIN
DY MAX MIN AVG DEP HDD CDD  WTR  SNW DPTH SPD SPD DIR MIN PSBL S-S WX    SPD DR
================================================================================

 1  76  53  65   7   0   0 0.00  0.0    0  7.6 16 300   M    M   1        22 310
 2  65  49  57  -1   8   0 0.00  0.0    0  7.3 16  20   M    M   2        21  30
 3  77  42  60   1   5   0 0.41  0.0    0  9.6 25 160   M    M   5 18     36 160
 4  82  65  74  15   0   9    T  0.0    0 12.3 23 210   M    M   3        32 230
 5  84  61  73  14   0   8 0.47  0.0    0  6.8 22 200   M    M   2 13     33 200
 6  75  56  66   7   0   1 0.61  0.0    0 17.4 35 220   M    M   5 13     50 240
 7  59  48  54  -6  11   0 0.00  0.0    0 12.9 24 280   M    M   4        37 280
 8  66  34  50 -10  15   0 0.00  0.0    0  5.4 15 330   M    M   0        19 320
 9  74  43  59  -1   6   0 0.00  0.0    0  4.3 16 180   M    M   0        21 200
10  79  44  62   2   3   0 0.00  0.0    0  6.3 18 160   M    M   0 1      24 160
11  81  48  65   4   0   0 0.00  0.0    0  6.1 18 160   M    M   0 1      23 180
12  82  53  68   7   0   3 0.00  0.0    0  5.7 16 180   M    M   0        20 160
13  79  54  67   6   0   2 0.00  0.0    0  6.3 16  50   M    M   2 1      20  90
14  79  50  65   3   0   0 0.00  0.0    0  4.1 14  90   M    M   1        17  90
15  79  56  68   6   0   3    T  0.0    0  6.4 20 180   M    M   4 1      26 180
16  84  61  73  11   0   8 0.00  0.0    0 10.2 18 200   M    M   0        29 200
17  85  61  73  11   0   8 0.19  0.0    0  9.6 17 190   M    M   2 13     23 210
18  75  60  68   6   0   3 0.39  0.0    0  9.9 18  70   M    M   8 1      24  30
19  75  59  67   4   0   2 0.00  0.0    0  6.7 14 100   M    M   7        18 120
20  84  57  71   8   0   6 0.00  0.0    0  5.2 15 200   M    M   2 12     19 170
21  89  65  77  14   0  12 0.00  0.0    0  9.1 18 210   M    M   0 1      23 210
================================================================================
SM 1629 1119        48  65  2.07     0.0 169.2          M       48
================================================================================
AV 77.6 53.3                               8.1 FASTST   M    M   2    MAX(MPH)
                                 MISC ---->  # 35 220               # 50  240
================================================================================
NOTES:
# LAST OF SEVERAL OCCURRENCES

COLUMN 17 PEAK WIND IN M.P.H.

PRELIMINARY LOCAL CLIMATOLOGICAL DATA (WS FORM: F-6) , PAGE 2

                                          STATION:  NEW BERN NC
                                          MONTH:    APRIL
                                          YEAR:     2017
                                          LATITUDE:   35  4 N
                                          LONGITUDE:  77  3 W

[TEMPERATURE DATA]      [PRECIPITATION DATA]       SYMBOLS USED IN COLUMN 16

AVERAGE MONTHLY: 65.4   TOTAL FOR MONTH:   2.07    1 = FOG OR MIST
DPTR FM NORMAL:   4.8   DPTR FM NORMAL:   -0.12    2 = FOG REDUCING VISIBILITY
HIGHEST:    89 ON 21    GRTST 24HR  0.62 ON 31- 1      TO 1/4 MILE OR LESS
LOWEST:     34 ON  8                               3 = THUNDER
                        SNOW, ICE PELLETS, HAIL    4 = ICE PELLETS
                        TOTAL MONTH:   0.0 INCH    5 = HAIL
                        GRTST 24HR     0.0         6 = FREEZING RAIN OR DRIZZLE
                        GRTST DEPTH:   0           7 = DUSTSTORM OR SANDSTORM:
                                                       VSBY 1/2 MILE OR LESS
                                                   8 = SMOKE OR HAZE
[NO. OF DAYS WITH]      [WEATHER - DAYS WITH]      9 = BLOWING SNOW
                                                   X = TORNADO
MAX 32 OR BELOW:   0    0.01 INCH OR MORE:   5
MAX 90 OR ABOVE:   0    0.10 INCH OR MORE:   5
MIN 32 OR BELOW:   0    0.50 INCH OR MORE:   1
MIN  0 OR BELOW:   0    1.00 INCH OR MORE:   0

[HDD (BASE 65) ]
TOTAL THIS MO.    48    CLEAR  (SCALE 0-3)  15
DPTR FM NORMAL   -75    PTCLDY (SCALE 4-7)   6
TOTAL FM JUL 1  2199    CLOUDY (SCALE 8-10)  0
DPTR FM NORMAL  -439

[CDD (BASE 65) ]
TOTAL THIS MO.    65
DPTR FM NORMAL    33    [PRESSURE DATA]
TOTAL FM JAN 1    82    HIGHEST SLP M ON M
DPTR FM NORMAL    36    LOWEST  SLP 29.47 ON  6

[REMARKS]
