000
CXUS53 KIND 300730
CF6EYE
PRELIMINARY LOCAL CLIMATOLOGICAL DATA (WS FORM: F-6)

                                          STATION:   INDIANAPOLIS EAGLE CREEK IN
                                          MONTH:     AUGUST
                                          YEAR:      2015
                                          LATITUDE:   39 49 N
                                          LONGITUDE:  86 18 W

  TEMPERATURE IN F:       :PCPN:    SNOW:  WIND      :SUNSHINE: SKY     :PK WND
================================================================================
1   2   3   4   5  6A  6B    7    8   9   10  11  12  13   14  15   16   17  18
                                     12Z  AVG MX 2MIN
DY MAX MIN AVG DEP HDD CDD  WTR  SNW DPTH SPD SPD DIR MIN PSBL S-S WX    SPD DR
================================================================================

 1  83  65  74  -1   0   9 0.00    M    M  5.6 14 300   M    M   0        17 340
 2  87  63  75   0   0  10 0.00    M    M  6.4 16 210   M    M   0 3      22 190
 3  87  66  77   2   0  12 0.10    M    M  7.3 29 360   M    M   5 13     38  10
 4  82  61  72  -2   0   7 0.00    M    M  3.6 15 280   M    M   0        18 280
 5  85  64  75   1   0  10 0.00    M    M  4.5 12  90   M    M   2        17  80
 6  73  63  68  -6   0   3 0.38    M    M  8.2 17  70   M    M   9 1      24 120
 7  82  58  70  -4   0   5 0.00    M    M  3.3  9  90   M    M   0        14 120
 8  83  62  73  -1   0   8 0.00    M    M  1.4  8 240   M    M   1 1      19 190
 9  80  68  74   0   0   9 0.03    M    M  2.5 13 130   M    M   5 18     18 120
10  84  71  78   4   0  13 0.01    M    M  6.2 18 350   M    M   5 18     27 330
11  83  66  75   1   0  10 0.00    M    M  8.5 15 340   M    M   4 1      21 360
12  80  60  70  -4   0   5 0.00    M    M  6.9 15 340   M    M   1        27  10
13  83  58  71  -3   0   6 0.00    M    M  2.2  9 330   M    M   0        12 330
14  85  63  74   0   0   9 0.00    M    M  3.4  9 200   M    M   1        13 210
15  83  66  75   1   0  10    T    M    M  4.8 26 340   M    M   2 3      35 340
16  84  65  75   1   0  10 0.25    M    M  2.4 13 240   M    M   2 13     18 240
17  85  67  76   2   0  11 0.18    M    M  1.4  6 230   M    M   2 13      M  M
18  84  65  75   1   0  10 0.00    M    M  4.7 13 130   M    M   2 1      18 210
19  82  66  74   0   0   9 0.17    M    M  7.3 17 210   M    M   4 1      24 210
20  75  58  67  -7   0   2 0.00    M    M  7.9 21 280   M    M   2        27 280
21  81  54  68  -6   0   3 0.00    M    M  1.2 12  70   M    M   0        22 150
22  80  56  68  -6   0   3 0.00    M    M  3.7 14 130   M    M   0        19 140
23  83  63  73  -1   0   8 0.01    M    M  7.8 21 300   M    M   4        30 300
24  75  57  66  -8   0   1 0.00    M    M  9.6 20 290   M    M   0        27 270
25  73  53  63 -11   2   0 0.00    M    M  7.4 17 300   M    M   6        24 240
26  76  61  69  -5   0   4 0.00    M    M  3.5 10  10   M    M   8        13 320
27  79  57  68  -5   0   3 0.00    M    M  2.4  9 140   M    M   2        13 110
28  79  57  68  -5   0   3 0.00    M    M  4.2 13 120   M    M   0        15 130
29  81  65  73   0   0   8 0.00    M    M  4.0 10 210   M    M   1        14 200
================================================================================
SM 2357 1798         2 201  1.13    M    142.3          M       68
================================================================================
AV 81.3 62.0                               4.9 FASTST   M    M   2    MAX(MPH)
                                 MISC ---->  # 29 360               # 38   10
================================================================================
NOTES:
# LAST OF SEVERAL OCCURRENCES

COLUMN 17 PEAK WIND IN M.P.H.

PRELIMINARY LOCAL CLIMATOLOGICAL DATA (WS FORM: F-6) , PAGE 2

                                          STATION:  INDIANAPOLIS EAGLE CREEK IN
                                          MONTH:    AUGUST
                                          YEAR:     2015
                                          LATITUDE:   39 49 N
                                          LONGITUDE:  86 18 W

[TEMPERATURE DATA]      [PRECIPITATION DATA]       SYMBOLS USED IN COLUMN 16

AVERAGE MONTHLY: 71.6   TOTAL FOR MONTH:   1.13    1 = FOG OR MIST
DPTR FM NORMAL:  -2.4   DPTR FM NORMAL:   -1.83    2 = FOG REDUCING VISIBILITY
HIGHEST:    87 ON  3, 2 GRTST 24HR  0.38 ON  6- 6      TO 1/4 MILE OR LESS
LOWEST:     53 ON 25                               3 = THUNDER
                        SNOW, ICE PELLETS, HAIL    4 = ICE PELLETS
                        TOTAL MONTH:    M          5 = HAIL
                        GRTST 24HR    M  ON   M    6 = FREEZING RAIN OR DRIZZLE
                        GRTST DEPTH:  M  ON   M    7 = DUSTSTORM OR SANDSTORM:
                                                       VSBY 1/2 MILE OR LESS
                                                   8 = SMOKE OR HAZE
[NO. OF DAYS WITH]      [WEATHER - DAYS WITH]      9 = BLOWING SNOW
                                                   X = TORNADO
MAX 32 OR BELOW:   0    0.01 INCH OR MORE:   8
MAX 90 OR ABOVE:   0    0.10 INCH OR MORE:   5
MIN 32 OR BELOW:   0    0.50 INCH OR MORE:   0
MIN  0 OR BELOW:   0    1.00 INCH OR MORE:   0

[HDD (BASE 65) ]
TOTAL THIS MO.     2    CLEAR  (SCALE 0-3)  20
DPTR FM NORMAL     2    PTCLDY (SCALE 4-7)   8
TOTAL FM JUL 1     3    CLOUDY (SCALE 8-10)  1
DPTR FM NORMAL     2

[CDD (BASE 65) ]
TOTAL THIS MO.   201
DPTR FM NORMAL   -69    [PRESSURE DATA]
TOTAL FM JAN 1   837    HIGHEST SLP  0.00 ON 26
DPTR FM NORMAL   -69    LOWEST  SLP 29.72 ON 19

[REMARKS]
