000
CXUS53 KIND 300730
CF6EYE
PRELIMINARY LOCAL CLIMATOLOGICAL DATA (WS FORM: F-6)

                                          STATION:   INDIANAPOLIS EAGLE CREEK IN
                                          MONTH:     JULY
                                          YEAR:      2016
                                          LATITUDE:   39 49 N
                                          LONGITUDE:  86 18 W

  TEMPERATURE IN F:       :PCPN:    SNOW:  WIND      :SUNSHINE: SKY     :PK WND
================================================================================
1   2   3   4   5  6A  6B    7    8   9   10  11  12  13   14  15   16   17  18
                                     12Z  AVG MX 2MIN
DY MAX MIN AVG DEP HDD CDD  WTR  SNW DPTH SPD SPD DIR MIN PSBL S-S WX    SPD DR
================================================================================

 1  80  60  70  -5   0   5    T    M    M  9.3 16 360   M    M   6        20  10
 2  72  52  62 -13   3   0    T    M    M  3.4 10 360   M    M   3        13 360
 3  67  63  65 -11   0   0 0.70    M    M  5.8 13 120   M    M   9 1      18 130
 4  75  65  70  -6   0   5 0.06    M    M  3.2  7 120   M    M  10 1      11 130
 5  84  70  77   1   0  12 0.01    M    M  2.4  9 290   M    M   7 1      13 280
 6  84  69  77   1   0  12 0.76    M    M  4.4 22 330   M    M   4 13     29  20
 7  82  71  77   1   0  12 0.00    M    M  6.0 15 210   M    M   5 1      22 200
 8  89  69  79   3   0  14 0.00    M    M  5.6 18 280   M    M   3 1      24 280
 9  81  66  74  -2   0   9 0.00    M    M  9.2 16 340   M    M   1        23 320
10  84  61  73  -3   0   8 0.00    M    M  2.8  8 330   M    M   0        10 150
11  88  65  77   1   0  12 0.00    M    M  3.5 12 200   M    M   2        14 180
12  88  69  79   3   0  14 0.26    M    M  5.5 20 170   M    M   3 13     29 190
13  91  70  81   5   0  16 0.99    M    M  6.6 37 300   M    M   3 13     47 300
14  88  68  78   2   0  13    T    M    M  6.0 14 280   M    M   1        20 290
15  85  69  77   2   0  12 0.00    M    M  7.6 20 290   M    M   2        26 290
16  81  62  72  -3   0   7 0.00    M    M  4.1 10 340   M    M   1        13 340
17  87  63  75   0   0  10 0.05    M    M  4.9 15 200   M    M   1        22 210
18  81  68  75   0   0  10 2.29    M    M  6.4 26 360   M    M   3 13     38 360
19  89  70  80   5   0  15 0.00    M    M  2.8 10 300   M    M   2 1      12 320
20  89  72  81   6   0  16 0.00    M    M  3.1 12 210   M    M   2        17 210
21  91  74  83   8   0  18 0.00    M    M  3.1 12 200   M    M   1 1      18 190
22  90  78  84   9   0  19    T    M    M  5.9 15 200   M    M   1        21 210
23  92  74  83   8   0  18 0.00    M    M  2.7  9 290   M    M   1        12 280
24  93  76  85  10   0  20 0.00    M    M  6.1 15 210   M    M   2        25 210
25  89  73  81   6   0  16 0.02    M    M  6.0 20 340   M    M   1        26 340
26  85  73  79   4   0  14 0.09    M    M  3.2  9  50   M    M   5 13     12  50
27  89  69  79   4   0  14 0.00    M    M  3.2  9 330   M    M   2        14 340
28  88  73  81   6   0  16 0.00    M    M  3.4 12 330   M    M   2        14 310
29  89  70  80   5   0  15 0.13    M    M  3.0 18 310   M    M   2        25 300
================================================================================
SM 2471 1982         3 352  5.36    M    139.2          M       85
================================================================================
AV 85.2 68.3                               4.8 FASTST   M    M   3    MAX(MPH)
                                 MISC ---->  # 37 300               # 47  300
================================================================================
NOTES:
# LAST OF SEVERAL OCCURRENCES

COLUMN 17 PEAK WIND IN M.P.H.

PRELIMINARY LOCAL CLIMATOLOGICAL DATA (WS FORM: F-6) , PAGE 2

                                          STATION:  INDIANAPOLIS EAGLE CREEK IN
                                          MONTH:    JULY
                                          YEAR:     2016
                                          LATITUDE:   39 49 N
                                          LONGITUDE:  86 18 W

[TEMPERATURE DATA]      [PRECIPITATION DATA]       SYMBOLS USED IN COLUMN 16

AVERAGE MONTHLY: 76.8   TOTAL FOR MONTH:   5.36    1 = FOG OR MIST
DPTR FM NORMAL:   1.4   DPTR FM NORMAL:    1.28    2 = FOG REDUCING VISIBILITY
HIGHEST:    93 ON 24    GRTST 24HR  2.34 ON 17-18      TO 1/4 MILE OR LESS
LOWEST:     52 ON  2                               3 = THUNDER
                        SNOW, ICE PELLETS, HAIL    4 = ICE PELLETS
                        TOTAL MONTH:    M          5 = HAIL
                        GRTST 24HR    M  ON   M    6 = FREEZING RAIN OR DRIZZLE
                        GRTST DEPTH:  M  ON   M    7 = DUSTSTORM OR SANDSTORM:
                                                       VSBY 1/2 MILE OR LESS
                                                   8 = SMOKE OR HAZE
[NO. OF DAYS WITH]      [WEATHER - DAYS WITH]      9 = BLOWING SNOW
                                                   X = TORNADO
MAX 32 OR BELOW:   0    0.01 INCH OR MORE:  11
MAX 90 OR ABOVE:   5    0.10 INCH OR MORE:   6
MIN 32 OR BELOW:   0    0.50 INCH OR MORE:   4
MIN  0 OR BELOW:   0    1.00 INCH OR MORE:   1

[HDD (BASE 65) ]
TOTAL THIS MO.     3    CLEAR  (SCALE 0-3)  18
DPTR FM NORMAL     3    PTCLDY (SCALE 4-7)   9
TOTAL FM JUL 1     3    CLOUDY (SCALE 8-10)  2
DPTR FM NORMAL     3

[CDD (BASE 65) ]
TOTAL THIS MO.   352
DPTR FM NORMAL    52    [PRESSURE DATA]
TOTAL FM JAN 1   755    HIGHEST SLP M ON M
DPTR FM NORMAL   137    LOWEST  SLP 29.78 ON  7

[REMARKS]
