000
CXUS53 KIND 280730
CF6EYE
PRELIMINARY LOCAL CLIMATOLOGICAL DATA (WS FORM: F-6)

                                          STATION:   INDIANAPOLIS EAGLE CREEK IN
                                          MONTH:     JULY
                                          YEAR:      2015
                                          LATITUDE:   39 49 N
                                          LONGITUDE:  86 18 W

  TEMPERATURE IN F:       :PCPN:    SNOW:  WIND      :SUNSHINE: SKY     :PK WND
================================================================================
1   2   3   4   5  6A  6B    7    8   9   10  11  12  13   14  15   16   17  18
                                     12Z  AVG MX 2MIN
DY MAX MIN AVG DEP HDD CDD  WTR  SNW DPTH SPD SPD DIR MIN PSBL S-S WX    SPD DR
================================================================================

 1  77  61  69  -6   0   4 0.00    M    M  2.4  8  20   M    M   4 1      12  20
 2  78  62  70  -5   0   5 0.00    M    M  7.5 13  60   M    M   7        20  10
 3  75  61  68  -8   0   3 0.46    M    M  6.1 13 360   M    M   9 1      19 300
 4  80  61  71  -5   0   6 0.00    M    M  3.0  8 350   M    M   1 1      10 340
 5  81  62  72  -4   0   7 0.00    M    M  1.7 12 300   M    M   1 18     22  30
 6  85  62  74  -2   0   9 0.00    M    M  5.4 14 210   M    M   1 1      19 210
 7  78  61  70  -6   0   5 1.68    M    M  7.6 16 340   M    M   9 13     23 340
 8  69  58  64 -12   1   0 0.47    M    M  3.1 12 120   M    M  10 1      20 340
 9  73  65  69  -7   0   4 0.04    M    M  7.3 18 280   M    M   8 1      25 260
10  75  63  69  -7   0   4 0.05    M    M  2.8  8 340   M    M   7 1      15 340
11  79  56  68  -8   0   3    T    M    M  3.7 10 130   M    M   2 138    15 140
12  85  69  77   1   0  12 0.86    M    M  5.4 21 310   M    M   5 13     26 300
13  83  68  76   0   0  11 0.30    M    M  7.0 46 190   M    M   2 13     61 310
14  85  70  78   2   0  13    T    M    M 15.9 24 310   M    M   2 3      33 310
15  99  99  99  24   0  34    M    M    M  9.9 10   9   9    9   M         M  M
16  82  62  72  -3   0   7 0.00    M    M  4.8 13 160   M    M   1        18 150
17  90  68  79   4   0  14 1.22    M    M  7.2 26 290   M    M   5 13     36 290
18  91  69  80   5   0  15 0.00    M    M  4.7 15 230   M    M   2        20 240
19  85  74  80   5   0  15    T    M    M  7.2 18 290   M    M   1 1      26 300
20  84  70  77   2   0  12 1.50    M    M  4.5 12 280   M    M   3 13     15 240
21  83  66  75   0   0  10 0.00    M    M  8.1 15 340   M    M   4        20 330
22  82  59  71  -4   0   6 0.00    M    M  3.1 10 330   M    M   2        12 340
23  83  63  73  -2   0   8 0.00    M    M  2.6 10  90   M    M   2        16 100
24  85  63  74  -1   0   9 0.00    M    M  2.2 10 130   M    M   1        19 270
25  86  64  75   0   0  10 0.00    M    M  3.7 13 270   M    M   2        23  30
26  86  71  79   4   0  14 0.77    M    M  3.6 14  70   M    M   4 138    33 140
27  87  71  79   4   0  14 0.00    M    M  3.9 10  60   M    M   8 1      14  60
================================================================================
SM 2226 1778         1 254  7.35    M    144.4            9    103
================================================================================
AV 82.4 65.9                               5.3 FASTST    9   9   4    MAX(MPH)
                                 MISC ---->  # 46 190               # 61  310
================================================================================
NOTES:
# LAST OF SEVERAL OCCURRENCES

COLUMN 17 PEAK WIND IN M.P.H.

PRELIMINARY LOCAL CLIMATOLOGICAL DATA (WS FORM: F-6) , PAGE 2

                                          STATION:  INDIANAPOLIS EAGLE CREEK IN
                                          MONTH:    JULY
                                          YEAR:     2015
                                          LATITUDE:   39 49 N
                                          LONGITUDE:  86 18 W

[TEMPERATURE DATA]      [PRECIPITATION DATA]       SYMBOLS USED IN COLUMN 16

AVERAGE MONTHLY: 74.1   TOTAL FOR MONTH:   7.35    1 = FOG OR MIST
DPTR FM NORMAL:  -1.3   DPTR FM NORMAL:    3.47    2 = FOG REDUCING VISIBILITY
HIGHEST:    99 ON 15    GRTST 24HR  1.80 ON  7- 8      TO 1/4 MILE OR LESS
LOWEST:     56 ON 11                               3 = THUNDER
                        SNOW, ICE PELLETS, HAIL    4 = ICE PELLETS
                        TOTAL MONTH:    M          5 = HAIL
                        GRTST 24HR    M  ON   M    6 = FREEZING RAIN OR DRIZZLE
                        GRTST DEPTH:  M  ON   M    7 = DUSTSTORM OR SANDSTORM:
                                                       VSBY 1/2 MILE OR LESS
                                                   8 = SMOKE OR HAZE
[NO. OF DAYS WITH]      [WEATHER - DAYS WITH]      9 = BLOWING SNOW
                                                   X = TORNADO
MAX 32 OR BELOW:   0    0.01 INCH OR MORE:  10
MAX 90 OR ABOVE:   3    0.10 INCH OR MORE:   8
MIN 32 OR BELOW:   0    0.50 INCH OR MORE:   5
MIN  0 OR BELOW:   0    1.00 INCH OR MORE:   3

[HDD (BASE 65) ]
TOTAL THIS MO.     1    CLEAR  (SCALE 0-3)  14
DPTR FM NORMAL     1    PTCLDY (SCALE 4-7)   8
TOTAL FM JUL 1     1    CLOUDY (SCALE 8-10)  4
DPTR FM NORMAL     1

[CDD (BASE 65) ]
TOTAL THIS MO.   254
DPTR FM NORMAL   -26    [PRESSURE DATA]
TOTAL FM JAN 1   616    HIGHEST SLP  0.00 ON 23
DPTR FM NORMAL    18    LOWEST  SLP 29.59 ON 14

[REMARKS]
