000
CXUS52 KKEY 010548
CF6EYW
PRELIMINARY LOCAL CLIMATOLOGICAL DATA (WS FORM: F-6)

                                          STATION:   KEY WEST
                                          MONTH:     JANUARY
                                          YEAR:      2015
                                          LATITUDE:   24 32 N
                                          LONGITUDE:  81 45 W

  TEMPERATURE IN F:       :PCPN:    SNOW:  WIND      :SUNSHINE: SKY     :PK WND
================================================================================
1   2   3   4   5  6A  6B    7    8   9   10  11  12  13   14  15   16   17  18
                                     12Z  AVG MX 2MIN
DY MAX MIN AVG DEP HDD CDD  WTR  SNW DPTH SPD SPD DIR MIN PSBL S-S WX    SPD DR
================================================================================

 1  80  72  76   6   0  11 0.00  0.0    0  5.9 12 110   M    M   3        16  30
 2  82  75  79  10   0  14    T  0.0    0 11.4 21 140   M    M   1        25 140
 3  82  77  80  11   0  15 0.00  0.0    0 15.6 21 120   M    M   1        26 110
 4  82  76  79  10   0  14    T  0.0    0 10.4 18 120   M    M   2        24 130
 5  82  74  78   9   0  13 0.15  0.0    0  7.6 16  10   M    M   2 1      20  10
 6  82  74  78   9   0  13    T  0.0    0  8.8 16  40   M    M   5        22  50
 7  76  67  72   3   0   7 0.00  0.0    0 12.2 20 350   M    M   1        26 340
 8  70  62  66  -3   0   1 0.00  0.0    0 13.8 24  30   M    M   1        34 360
 9  80  68  74   5   0   9 0.06  0.0    0  9.0 16 360   M    M   7 1      21 360
10  75  64  70   1   0   5 0.00  0.0    0 11.9 18  20   M    M   6        24  20
11  81  70  76   7   0  11    T  0.0    0  9.0 17  90   M    M   1        22  90
12  81  74  78   9   0  13 0.04  0.0    0 10.8 18 110   M    M   1        23 110
13  81  72  77   8   0  12    T  0.0    0  6.4 15  30   M    M   2        18  20
14  74  71  73   4   0   8    T  0.0    0  8.8 14 360   M    M   7 1      19 350
15  75  67  71   2   0   6 0.00  0.0    0  7.2 13  30   M    M   5        17  20
16  73  67  70   1   0   5    T  0.0    0  9.3 18  30   M    M   7        24  10
17  76  65  71   2   0   6 0.00  0.0    0 10.0 16  20   M    M   2        22  40
18  75  68  72   3   0   7    T  0.0    0  8.3 16 360   M    M   3        23 360
19  72  66  69   0   0   4 0.00  0.0    0  8.5 15 360   M    M   0        22 360
20  77  69  73   4   0   8    T  0.0    0  7.9 13 120   M    M   3        17 130
21  77  67  72   3   0   7 0.53  0.0    0  5.5 12 350   M    M   1 13     14 320
22  79  68  74   5   0   9 0.21  0.0    0 10.6 21 110   M    M   3 1      26 100
23  79  74  77   8   0  12    T  0.0    0 13.7 21 140   M    M   1        26 140
24  76  66  71   2   0   6 0.04  0.0    0 13.9 24 330   M    M   5 1      32 330
25  69  61  65  -4   0   0 0.00  0.0    0  6.3 15 340   M    M   5        21 330
26  75  61  68  -2   0   3 0.00  0.0    0 14.5 24 320   M    M   3        32 300
27  71  65  68  -2   0   3 0.00  0.0    0 12.3 18 320   M    M   2        24 320
28  68  61  65  -5   0   0 0.00  0.0    0 11.1 20  20   M    M   2        24  20
29  73  60  67  -3   0   2 0.00  0.0    0 10.5 18  90   M    M   1        25  90
30  72  63  68  -2   0   3 0.00  0.0    0  9.4 16 350   M    M   2        19  10
31  75  62  69  -1   0   4 0.00  0.0    0 11.1 21  70   M    M   0        28  70
================================================================================
SM 2370 2106         0 231  1.03     0.0 311.7          M       85
================================================================================
AV 76.5 67.9                              10.1 FASTST   M    M   3    MAX(MPH)
                                 MISC ---->  # 24  30               # 34  360
================================================================================
NOTES:
# LAST OF SEVERAL OCCURRENCES

COLUMN 17 PEAK WIND IN M.P.H.

PRELIMINARY LOCAL CLIMATOLOGICAL DATA (WS FORM: F-6) , PAGE 2

                                          STATION:  KEY WEST
                                          MONTH:    JANUARY
                                          YEAR:     2015
                                          LATITUDE:   24 32 N
                                          LONGITUDE:  81 45 W

[TEMPERATURE DATA]      [PRECIPITATION DATA]       SYMBOLS USED IN COLUMN 16

AVERAGE MONTHLY: 72.2   TOTAL FOR MONTH:   1.03    1 = FOG OR MIST
DPTR FM NORMAL:   2.9   DPTR FM NORMAL:   -1.01    2 = FOG REDUCING VISIBILITY
HIGHEST:    82 ON  6, 5 GRTST 24HR  0.53 ON 21-21      TO 1/4 MILE OR LESS
LOWEST:     60 ON 29                               3 = THUNDER
                        SNOW, ICE PELLETS, HAIL    4 = ICE PELLETS
                        TOTAL MONTH:   0.0 INCH    5 = HAIL
                        GRTST 24HR     0.0         6 = FREEZING RAIN OR DRIZZLE
                        GRTST DEPTH:   0           7 = DUSTSTORM OR SANDSTORM:
                                                       VSBY 1/2 MILE OR LESS
                                                   8 = SMOKE OR HAZE
[NO. OF DAYS WITH]      [WEATHER - DAYS WITH]      9 = BLOWING SNOW
                                                   X = TORNADO
MAX 32 OR BELOW:   0    0.01 INCH OR MORE:   6
MAX 90 OR ABOVE:   0    0.10 INCH OR MORE:   3
MIN 32 OR BELOW:   0    0.50 INCH OR MORE:   1
MIN  0 OR BELOW:   0    1.00 INCH OR MORE:   0

[HDD (BASE 65) ]
TOTAL THIS MO.     0    CLEAR  (SCALE 0-3)  22
DPTR FM NORMAL   -33    PTCLDY (SCALE 4-7)   9
TOTAL FM JUL 1     6    CLOUDY (SCALE 8-10)  0
DPTR FM NORMAL   -45

[CDD (BASE 65) ]
TOTAL THIS MO.   231
DPTR FM NORMAL    66    [PRESSURE DATA]
TOTAL FM JAN 1   231    HIGHEST SLP M ON M
DPTR FM NORMAL    72    LOWEST  SLP 29.92 ON M

[REMARKS]
#FINAL-01-15#
