000
CXUS53 KMPX 251000
CF6FCM
PRELIMINARY LOCAL CLIMATOLOGICAL DATA (WS FORM: F-6)

                                          STATION:   MINNEAPOLIS FLYING CLOUD MN
                                          MONTH:     FEBRUARY
                                          YEAR:      2017
                                          LATITUDE:   44 49 N
                                          LONGITUDE:  93 27 W

  TEMPERATURE IN F:       :PCPN:    SNOW:  WIND      :SUNSHINE: SKY     :PK WND
================================================================================
1   2   3   4   5  6A  6B    7    8   9   10  11  12  13   14  15   16   17  18
                                     12Z  AVG MX 2MIN
DY MAX MIN AVG DEP HDD CDD  WTR  SNW DPTH SPD SPD DIR MIN PSBL S-S WX    SPD DR
================================================================================

 1  31  12  22   6  43   0    M    M    M 13.7 21 310   M    M   1 8      27 300
 2  18   6  12  -5  53   0    M    M    M 12.3 23 300   M    M   2        31 300
 3  24   6  15  -2  50   0    M    M    M  8.0 17 280   M    M   0        22 280
 4  35  13  24   7  41   0    M    M    M 10.5 24 210   M    M   6        32 210
 5  32  18  25   8  40   0    M    M    M  7.6 23 330   M    M   2        30 320
 6  33  19  26   8  39   0    M    M    M  7.9 13 130   M    M   2        15  40
 7  32  11  22   4  43   0    M    M    M 12.3 22 310   M    M   8 18     30 320
 8  15   1   8 -10  57   0    M    M    M 11.5 18 300   M    M   2        23 310
 9  22   2  12  -6  53   0    M    M    M  9.3 18 180   M    M   2        24 180
10  47  21  34  15  31   0    M    M    M  9.9 18 170   M    M   1        24 140
11  44  36  40  21  25   0    M    M    M  3.0  9 180   M    M   5 1      11 290
12  40  28  34  15  31   0    M  0.0    M 13.1 25 300   M    M   1 1      38 290
13  48  25  37  17  28   0    M    M    M  9.5 21 240   M    M   0        28 250
14  43  26  35  15  30   0    M    M    M 13.9 28 300   M    M   0        37 300
15  37  19  28   8  37   0    M    M    M  6.9 14 320   M    M   0        19 320
16  43  29  36  16  29   0    M    M    M 10.1 16 130   M    M   0        20 130
17  63  30  47  26  18   0    M    M    M  8.1 16 190   M    M   0 1      23 260
18  58  32  45  24  20   0    M    M    M  5.1 12 270   M    M   0        15 280
19  60  30  45  23  20   0    M    M    M  8.5 18 130   M    M   0 1      23 130
20  54  40  47  25  18   0 0.66    M    0 10.3 25 270   M    M   5 18     33 260
21  62  30  46  24  19   0    M    M    M  8.1 23 200   M    M   2 12     30 200
22  59  37  48  25  17   0    M    M    M  6.2 22 320   M    M   4 18     27 330
23  39  29  34  11  31   0    M    M    M 11.8 20  30   M    M   8        28  30
24  29  21  25   1  40   0    M    M    M 15.1 24 360   M    M   7        33  20
================================================================================
SM  968  521       813   0  0.66     0.0 232.7          M       58
================================================================================
AV 40.3 21.7                               9.7 FASTST   M    M   2    MAX(MPH)
                                 MISC ---->  # 28 300               # 38  290
================================================================================
NOTES:
# LAST OF SEVERAL OCCURRENCES

COLUMN 17 PEAK WIND IN M.P.H.

PRELIMINARY LOCAL CLIMATOLOGICAL DATA (WS FORM: F-6) , PAGE 2

                                          STATION:  MINNEAPOLIS FLYING CLOUD MN
                                          MONTH:    FEBRUARY
                                          YEAR:     2017
                                          LATITUDE:   44 49 N
                                          LONGITUDE:  93 27 W

[TEMPERATURE DATA]      [PRECIPITATION DATA]       SYMBOLS USED IN COLUMN 16

AVERAGE MONTHLY: 31.0   TOTAL FOR MONTH:   0.66    1 = FOG OR MIST
DPTR FM NORMAL:  11.4   DPTR FM NORMAL:    0.22    2 = FOG REDUCING VISIBILITY
HIGHEST:    63 ON 17    GRTST 24HR  0.66 ON 20-20      TO 1/4 MILE OR LESS
LOWEST:      1 ON  8                               3 = THUNDER
                        SNOW, ICE PELLETS, HAIL    4 = ICE PELLETS
                        TOTAL MONTH:   0.0 INCH    5 = HAIL
                        GRTST 24HR     0.0         6 = FREEZING RAIN OR DRIZZLE
                        GRTST DEPTH:   0           7 = DUSTSTORM OR SANDSTORM:
                                                       VSBY 1/2 MILE OR LESS
                                                   8 = SMOKE OR HAZE
[NO. OF DAYS WITH]      [WEATHER - DAYS WITH]      9 = BLOWING SNOW
                                                   X = TORNADO
MAX 32 OR BELOW:   8    0.01 INCH OR MORE:   1
MAX 90 OR ABOVE:   0    0.10 INCH OR MORE:   1
MIN 32 OR BELOW:  21    0.50 INCH OR MORE:   1
MIN  0 OR BELOW:   0    1.00 INCH OR MORE:   0

[HDD (BASE 65) ]
TOTAL THIS MO.   813    CLEAR  (SCALE 0-3)  17
DPTR FM NORMAL  -278    PTCLDY (SCALE 4-7)   6
TOTAL FM JUL 1  4582    CLOUDY (SCALE 8-10)  1
DPTR FM NORMAL -1064

[CDD (BASE 65) ]
TOTAL THIS MO.     0
DPTR FM NORMAL     0    [PRESSURE DATA]
TOTAL FM JAN 1     0    HIGHEST SLP M ON M
DPTR FM NORMAL     0    LOWEST  SLP 29.41 ON 17

[REMARKS]
