000
CXUS53 KMPX 271000
CF6FCM
PRELIMINARY LOCAL CLIMATOLOGICAL DATA (WS FORM: F-6)

                                          STATION:   MINNEAPOLIS FLYING CLOUD MN
                                          MONTH:     DECEMBER
                                          YEAR:      2014
                                          LATITUDE:   44 49 N
                                          LONGITUDE:  93 27 W

  TEMPERATURE IN F:       :PCPN:    SNOW:  WIND      :SUNSHINE: SKY     :PK WND
================================================================================
1   2   3   4   5  6A  6B    7    8   9   10  11  12  13   14  15   16   17  18
                                     12Z  AVG MX 2MIN
DY MAX MIN AVG DEP HDD CDD  WTR  SNW DPTH SPD SPD DIR MIN PSBL S-S WX    SPD DR
================================================================================

 1   6  -3   2 -23  63   0    M    M    M  7.8 21 310   M    M   0        29 310
 2  22   3  13 -12  52   0    M    M    M 11.0 20 210   M    M   6 8      27 190
 3  23   9  16  -8  49   0    M    M    M  7.2 21 280   M    M   1        24 290
 4  34  14  24   0  41   0    M    M    M  9.2 21 150   M    M   7        26 160
 5  33  24  29   6  36   0    M    M    M  6.0 14 180   M    M   9 1      17 190
 6  32  18  25   2  40   0    M    M    M  6.0 13 140   M    M   1 1      14 140
 7  35  23  29   7  36   0    M    M    M 13.0 25 170   M    M   6 18     34 170
 8  35  21  28   6  37   0    M    M    M 12.3 22 300   M    M  10 18     30 290
 9  22  14  18  -3  47   0    M    M    M  5.7 14 340   M    M   7 18     18 340
10  29  21  25   4  40   0    M    M    M  8.1 15 130   M    M  10 1      17 130
11  33  27  30   9  35   0    M    M    M  7.0 13 210   M    M  10 1      16 220
12  39  33  36  16  29   0    M    M    M  9.1 15 190   M    M  10 1      22 200
13  50  36  43  23  22   0    M    M    M  8.4 18 210   M    M  10 1      24 220
14  51  47  49  29  16   0    M    M    M  6.9 10 180   M    M  10 1      13 180
15  51  28  40  21  25   0    M    M    M  9.4 23 340   M    M   9 12     32 330
16  28  15  22   3  43   0    M    M    M 13.4 24 330   M    M  10 18     31 340
17  21   8  15  -4  50   0    M    M    M  5.8 12 320   M    M   3        14 310
18  23   8  16  -2  49   0    M    M    M  2.9  8 170   M    M   7 18     10 150
19  30  21  26   8  39   0    M    M    M  7.9 14 150   M    M  10 18     18 150
20  32  30  31  13  34   0 0.00    M    M  9.8 17 170   M    M  10 18     21 170
21  39  31  35  17  30   0    M    M    M 11.3 17 180   M    M  10 1      22 180
22  39  35  37  19  28   0    M    M    M 12.8 16 130   M    M  10 1       M  M
23  36  34  35  18  30   0    M    M    M 10.5 16 350   M    M  10 1      24 350
24  36  31  34  17  31   0    M    M    M  7.8 13 220   M    M  10        18 220
25  35  29  32  15  33   0    M    M    M  6.4 16 230   M    M  10 18     20 230
26  33  28  31  14  34   0    M    M    M  9.9 15  10   M    M  10 1      20 360
================================================================================
SM  847  585       969   0  0.00    M    225.6          M      206
================================================================================
AV 32.6 22.5                               8.7 FASTST   M    M   8    MAX(MPH)
                                 MISC ---->  # 25 170               # 34  170
================================================================================
NOTES:
# LAST OF SEVERAL OCCURRENCES

COLUMN 17 PEAK WIND IN M.P.H.

PRELIMINARY LOCAL CLIMATOLOGICAL DATA (WS FORM: F-6) , PAGE 2

                                          STATION:  MINNEAPOLIS FLYING CLOUD MN
                                          MONTH:    DECEMBER
                                          YEAR:     2014
                                          LATITUDE:   44 49 N
                                          LONGITUDE:  93 27 W

[TEMPERATURE DATA]      [PRECIPITATION DATA]       SYMBOLS USED IN COLUMN 16

AVERAGE MONTHLY: 27.5   TOTAL FOR MONTH:   0.00    1 = FOG OR MIST
DPTR FM NORMAL:   7.3   DPTR FM NORMAL:   -0.69    2 = FOG REDUCING VISIBILITY
HIGHEST:    51 ON 15,14 GRTST 24HR  0.19 ON 14-15      TO 1/4 MILE OR LESS
LOWEST:     -3 ON  1                               3 = THUNDER
                        SNOW, ICE PELLETS, HAIL    4 = ICE PELLETS
                        TOTAL MONTH:    M          5 = HAIL
                        GRTST 24HR    M  ON   M    6 = FREEZING RAIN OR DRIZZLE
                        GRTST DEPTH:  M  ON   M    7 = DUSTSTORM OR SANDSTORM:
                                                       VSBY 1/2 MILE OR LESS
                                                   8 = SMOKE OR HAZE
[NO. OF DAYS WITH]      [WEATHER - DAYS WITH]      9 = BLOWING SNOW
                                                   X = TORNADO
MAX 32 OR BELOW:  11    0.01 INCH OR MORE:   0
MAX 90 OR ABOVE:   0    0.10 INCH OR MORE:   0
MIN 32 OR BELOW:  21    0.50 INCH OR MORE:   0
MIN  0 OR BELOW:   1    1.00 INCH OR MORE:   0

[HDD (BASE 65) ]
TOTAL THIS MO.   969    CLEAR  (SCALE 0-3)   4
DPTR FM NORMAL  -196    PTCLDY (SCALE 4-7)   5
TOTAL FM JUL 1  2756    CLOUDY (SCALE 8-10) 17
DPTR FM NORMAL   -18

[CDD (BASE 65) ]
TOTAL THIS MO.     0
DPTR FM NORMAL     0    [PRESSURE DATA]
TOTAL FM JAN 1   736    HIGHEST SLP M ON M
DPTR FM NORMAL     7    LOWEST  SLP 29.60 ON 25

[REMARKS]
